000
CXUS52 KILM 011150
CF6CRE
PRELIMINARY LOCAL CLIMATOLOGICAL DATA (WS FORM: F-6)
STATION: N.MYRTLE BEACH SOUTH CAROLINA
MONTH: MAY
YEAR: 2022
LATITUDE: 33 49 N
LONGITUDE: 78 43 W
TEMPERATURE IN F: :PCPN: SNOW: WIND :SUNSHINE: SKY :PK WND
================================================================================
1 2 3 4 5 6A 6B 7 8 9 10 11 12 13 14 15 16 17 18
12Z AVG MX 2MIN
DY MAX MIN AVG DEP HDD CDD WTR SNW DPTH SPD SPD DIR MIN PSBL S-S WX SPD DR
================================================================================
1 77 59 68 1 0 3 0.00 M M 9.5 20 190 M M 0 1 24 190
2 79 67 73 6 0 8 0.00 M M 12.2 22 200 M M 1 27 210
3 79 69 74 7 0 9 0.00 M M 13.1 22 210 M M 0 28 210
4 80 69 75 7 0 10 0.00 M M 13.4 26 210 M M 1 8 32 210
5 81 71 76 8 0 11 0.08 M M 6.9 16 230 M M 3 13 20 210
6 80 70 75 7 0 10 0.02 M M 14.0 35 210 M M 4 1 46 220
7 80 63 72 4 0 7 0.13 M M 9.2 21 230 M M 4 26 280
8 63 51 57 -11 8 0 0.00 M M 10.4 22 20 M M 10 26 20
9 72 47 60 -9 5 0 0.00 M M 9.1 17 20 M M 2 25 40
10 76 51 64 -5 1 0 0.00 M M 11.7 21 20 M M 1 30 40
11 79 56 68 -1 0 3 0.00 M M 12.1 21 40 M M 2 29 40
12 72 62 67 -2 0 2 0.15 M M 11.7 20 30 M M 9 1 25 10
13 75 64 70 0 0 5 T M M 8.4 15 110 M M 6 20 110
14 78 62 70 0 0 5 0.00 M M 6.1 14 160 M M 3 1 19 150
15 82 63 73 3 0 8 0.00 M M 8.0 16 210 M M 0 1 22 200
16 81 70 76 6 0 11 0.68 M M 12.9 26 200 M M 1 13 32 210
17 81 64 73 2 0 8 0.05 M M 6.6 15 50 M M 1 13 19 30
18 85 62 74 3 0 9 0.00 M M 8.6 16 210 M M 0 1 23 220
19 84 73 79 8 0 14 T M M 14.6 23 220 M M 1 29 220
20 87 74 81 10 0 16 0.00 M M 13.3 24 210 M M 2 31 210
21 82 75 79 7 0 14 0.00 M M 12.8 20 200 M M 2 26 200
22 82 71 77 5 0 12 0.12 M M 8.9 23 220 M M 2 13 30 220
23 82 72 77 5 0 12 T M M 7.2 16 220 M M 1 24 210
24 84 69 77 5 0 12 0.02 M M 11.5 22 200 M M 3 3 27 210
25 79 64 72 -1 0 7 0.00 M M 7.1 14 50 M M 7 18 60
26 78 64 71 -2 0 6 0.00 M M 7.9 15 130 M M 6 19 120
27 79 69 74 1 0 9 0.47 M M 12.6 31 230 M M 5 13 44 230
28 83 73 78 5 0 13 0.00 M M 8.9 17 210 M M 5 23 220
29 84 69 77 3 0 12 0.00 M M 4.8 14 160 M M 3 12 19 140
30 83 67 75 1 0 10 0.00 M M 5.2 14 150 M M 1 12 18 140
31 87 67 77 3 0 12 0.00 M M 6.6 15 190 M M 2 12 19 190
================================================================================
SM 2474 2027 14 258 1.72 M 305.3 M 88
================================================================================
AV 79.8 65.4 9.8 FASTST M M 3 MAX(MPH)
MISC ----> 35 210 46 220
================================================================================
NOTES:
# LAST OF SEVERAL OCCURRENCES
COLUMN 17 PEAK WIND IN M.P.H.
PRELIMINARY LOCAL CLIMATOLOGICAL DATA (WS FORM: F-6) , PAGE 2
STATION: N.MYRTLE BEACH SOUTH CAROLINA
MONTH: MAY
YEAR: 2022
LATITUDE: 33 49 N
LONGITUDE: 78 43 W
[TEMPERATURE DATA] [PRECIPITATION DATA] SYMBOLS USED IN COLUMN 16
AVERAGE MONTHLY: 72.6 TOTAL FOR MONTH: 1.72 1 = FOG OR MIST
DPTR FM NORMAL: 2.2 DPTR FM NORMAL: -1.24 2 = FOG REDUCING VISIBILITY
HIGHEST: 87 ON 31,20 GRTST 24HR 0.73 ON 16-17 TO 1/4 MILE OR LESS
LOWEST: 47 ON 9 3 = THUNDER
SNOW, ICE PELLETS, HAIL 4 = ICE PELLETS
TOTAL MONTH: M 5 = HAIL
GRTST 24HR M ON M 6 = FREEZING RAIN OR DRIZZLE
GRTST DEPTH: M ON M 7 = DUSTSTORM OR SANDSTORM:
VSBY 1/2 MILE OR LESS
8 = SMOKE OR HAZE
[NO. OF DAYS WITH] [WEATHER - DAYS WITH] 9 = BLOWING SNOW
X = TORNADO
MAX 32 OR BELOW: 0 0.01 INCH OR MORE: 9
MAX 90 OR ABOVE: 0 0.10 INCH OR MORE: 5
MIN 32 OR BELOW: 0 0.50 INCH OR MORE: 1
MIN 0 OR BELOW: 0 1.00 INCH OR MORE: 0
[HDD (BASE 65) ]
TOTAL THIS MO. 14 CLEAR (SCALE 0-3) 21
DPTR FM NORMAL -6 PTCLDY (SCALE 4-7) 8
TOTAL FM JUL 1 2079 CLOUDY (SCALE 8-10) 2
DPTR FM NORMAL -262
[CDD (BASE 65) ]
TOTAL THIS MO. 258
DPTR FM NORMAL 70 [PRESSURE DATA]
TOTAL FM JAN 1 314 HIGHEST SLP 30.25 ON 22
DPTR FM NORMAL 66 LOWEST SLP 29.53 ON 7
[REMARKS]
#FINAL-05-22#