000
CXUS52 KILM 232147 CCA
CLMCRE
CLIMATE REPORT...CORRECTED
NATIONAL WEATHER SERVICE WILMINGTON NC
447 PM EST SAT FEB 23 2024
...................................
...THE N. MYRTLE BEACH SOUTH CAROLINA CLIMATE SUMMARY FOR THE MONTH OF JANUARY 2024...
CLIMATE NORMAL PERIOD 1991 TO 2020
CLIMATE RECORD PERIOD 1931 TO 2024
WEATHER OBSERVED NORMAL DEPART LAST YEAR`S
VALUE DATE(S) VALUE FROM VALUE DATE(S)
NORMAL
................................................................
TEMPERATURE (F)
RECORD
HIGH 81 01/16/1950
LOW 18 03/04/1943
HIGHEST 75 01/26 MM MM 70 01/03
01/05
01/18
LOWEST 20 01/21 MM MM 26 01/16
AVG. MAXIMUM 57.1 55.7 1.4 60.6
AVG. MINIMUM 38.0 36.7 1.3 40.7
MEAN 47.6 46.2 1.4 50.6
DAYS MAX >= 90 0 0.0 0.0 0
DAYS MAX <= 32 0 0.0 0.0 0
DAYS MIN <= 32 8 12.4 -4.4 5
DAYS MIN <= 0 0 0.0 0.0 0
PRECIPITATION (INCHES)
RECORD
MAXIMUM 9.54 1991
MINIMUM 0.44 1951
TOTALS 1.10 3.01 -1.91 2.39
DAILY AVG. 0.04 0.10 -0.06
DAYS >= .01 9 9.8 -0.8
DAYS >= .10 2 4.8 -2.8
DAYS >= .50 1 1.4 -0.4
DAYS >= 1.00 0 0.4 -0.4
GREATEST
24 HR. TOTAL 0.56 01/09 TO 01/09
DEGREE DAYS
HEATING TOTAL 509 583 -74 436
SINCE 7/1 1249 1429 -180
COOLING TOTAL 2 0 2 0
SINCE 1/1 2 0 2
FREEZE DATES
RECORD
EARLIEST MM
LATEST MM
EARLIEST 01/01 01/01
LATEST 03/29
................................................................
WIND (MPH)
AVERAGE WIND SPEED 7.2
RESULTANT WIND SPEED/DIRECTION 1/240
HIGHEST WIND SPEED/DIRECTION 41/220 DATE 01/09
HIGHEST GUST SPEED/DIRECTION 63/210 DATE 01/09
SKY COVER
AVERAGE SKY COVER 0.32
AVERAGE RH (PERCENT) 68
WEATHER CONDITIONS. NUMBER OF DAYS WITH
THUNDERSTORM 2 MIXED PRECIP MM
HEAVY RAIN 1 RAIN 2
LIGHT RAIN 12 FREEZING RAIN 0
LT FREEZING RAIN 0 HAIL MM
HEAVY SNOW 0 SNOW 0
LIGHT SNOW 0 SLEET MM
FOG 10 FOG W/VIS <= 1/4 MILE 4
HAZE 3
- INDICATES NEGATIVE NUMBERS.
R INDICATES RECORD WAS SET OR TIED.
MM INDICATES DATA IS MISSING.
T INDICATES TRACE AMOUNT.
&&
THE NORTH MYRTLE BEACH TEMPERATURE SENSOR WAS UNREPRESENTATIVE
FROM THE MORNING OF FEB 27 UNTIL THE MORNING OF FEB 29. BACKUP
DATA WAS NOT AVAILABLE.
$$