000
CXUS56 KSGX 011045
CF6CRQ
PRELIMINARY LOCAL CLIMATOLOGICAL DATA (WS FORM: F-6)
STATION: CARLSBAD PALOMAR AIRPORT CA
MONTH: JUNE
YEAR: 2023
LATITUDE: 33 7 N
LONGITUDE: 117 17 W
TEMPERATURE IN F: :PCPN: SNOW: WIND :SUNSHINE: SKY :PK WND
================================================================================
1 2 3 4 5 6A 6B 7 8 9 10 11 12 13 14 15 16 17 18
12Z AVG MX 2MIN
DY MAX MIN AVG DEP HDD CDD WTR SNW DPTH SPD SPD DIR MIN PSBL S-S WX SPD DR
================================================================================
1 66 60 63 -1 2 0 0.00 M M 4.2 10 240 M M 10 14 230
2 68 59 64 0 1 0 0.02 M M 5.0 12 260 M M 8 1 16 260
3 66 61 64 0 1 0 0.00 M M 4.1 12 230 M M 10 15 240
4 67 60 64 0 1 0 0.00 M M 3.9 12 240 M M 9 16 230
5 65 60 63 -1 2 0 0.00 M M 6.0 14 220 M M 10 21 230
6 67 58 63 -1 2 0 0.00 M M 5.1 14 250 M M 9 19 250
7 68 60 64 0 1 0 0.00 M M 5.0 13 250 M M 7 19 280
8 69 59 64 0 1 0 0.00 M M 4.3 13 250 M M 7 17 260
9 68 62 65 1 0 0 0.00 M M 4.1 10 270 M M 10 17 290
10 65 61 63 -1 2 0 T M M 4.7 10 250 M M 10 13 240
11 65 59 62 -2 3 0 0.07 M M 6.0 14 220 M M 10 18 18 220
12 68 58 63 -1 2 0 T M M 5.9 14 250 M M 8 1 22 260
13 69 62 66 1 0 1 0.00 M M 5.6 14 250 M M 8 20 260
14 67 60 64 -1 1 0 0.00 M M 5.0 12 250 M M 10 1 17 250
15 68 61 65 0 0 0 T M M 4.8 12 250 M M 10 15 250
16 70 63 67 2 0 2 0.00 M M 4.2 14 250 M M 8 18 260
17 69 62 66 1 0 1 0.00 M M 3.9 10 240 M M 9 16 240
18 66 60 63 -2 2 0 0.00 M M 4.4 10 260 M M 9 18 13 240
19 69 61 65 -1 0 0 0.00 M M 5.2 13 260 M M 7 17 260
20 70 62 66 0 0 1 0.00 M M 2.9 10 240 M M 4 M M
21 70 57 64 -2 1 0 0.00 M M 4.8 13 250 M M 3 1 17 270
22 69 61 65 -1 0 0 0.00 M M 5.7 14 250 M M 8 17 230
23 70 61 66 0 0 1 0.00 M M 5.3 14 250 M M 3 20 260
24 69 57 63 -3 2 0 0.00 M M 5.3 15 260 M M 4 19 240
25 70 61 66 0 0 1 0.00 M M 4.2 13 260 M M 4 18 250
26 70 61 66 -1 0 1 0.00 M M 4.2 13 240 M M 5 20 260
27 68 62 65 -2 0 0 0.00 M M 4.9 12 230 M M 5 17 240
28 68 61 65 -2 0 0 0.00 M M 4.4 12 250 M M 5 16 240
29 70 61 66 -1 0 1 0.00 M M 4.5 12 240 M M 4 18 220
30 72 62 67 0 0 2 0.00 M M 4.3 13 240 M M 5 16 260
================================================================================
SM 2046 1812 24 11 0.09 M 141.9 M 219
================================================================================
AV 68.2 60.4 4.7 FASTST M M 7 MAX(MPH)
MISC ----> 15 260 22 260
================================================================================
NOTES:
# LAST OF SEVERAL OCCURRENCES
COLUMN 17 PEAK WIND IN M.P.H.
PRELIMINARY LOCAL CLIMATOLOGICAL DATA (WS FORM: F-6) , PAGE 2
STATION: CARLSBAD PALOMAR AIRPORT CA
MONTH: JUNE
YEAR: 2023
LATITUDE: 33 7 N
LONGITUDE: 117 17 W
[TEMPERATURE DATA] [PRECIPITATION DATA] SYMBOLS USED IN COLUMN 16
AVERAGE MONTHLY: 64.3 TOTAL FOR MONTH: 0.09 1 = FOG OR MIST
DPTR FM NORMAL: -0.8 DPTR FM NORMAL: 0.03 2 = FOG REDUCING VISIBILITY
HIGHEST: 72 ON 30 GRTST 24HR 0.07 ON 11-11 TO 1/4 MILE OR LESS
LOWEST: 57 ON 24,21 3 = THUNDER
SNOW, ICE PELLETS, HAIL 4 = ICE PELLETS
TOTAL MONTH: M 5 = HAIL
GRTST 24HR M ON M 6 = FREEZING RAIN OR DRIZZLE
GRTST DEPTH: M ON M 7 = DUSTSTORM OR SANDSTORM:
VSBY 1/2 MILE OR LESS
8 = SMOKE OR HAZE
[NO. OF DAYS WITH] [WEATHER - DAYS WITH] 9 = BLOWING SNOW
X = TORNADO
MAX 32 OR BELOW: 0 0.01 INCH OR MORE: 2
MAX 90 OR ABOVE: 0 0.10 INCH OR MORE: 0
MIN 32 OR BELOW: 0 0.50 INCH OR MORE: 0
MIN 0 OR BELOW: 0 1.00 INCH OR MORE: 0
[HDD (BASE 65) ]
TOTAL THIS MO. 24 CLEAR (SCALE 0-3) 1
DPTR FM NORMAL -5 PTCLDY (SCALE 4-7) 14
TOTAL FM JUL 1 1762 CLOUDY (SCALE 8-10) 15
DPTR FM NORMAL 253
[CDD (BASE 65) ]
TOTAL THIS MO. 11
DPTR FM NORMAL -21 [PRESSURE DATA]
TOTAL FM JAN 1 16 HIGHEST SLP 30.06 ON 23
DPTR FM NORMAL -51 LOWEST SLP 29.82 ON 30
[REMARKS]
#FINAL-06-23#