000
CXUS56 KSGX 011145
CF6CRQ
PRELIMINARY LOCAL CLIMATOLOGICAL DATA (WS FORM: F-6)
STATION: CARLSBAD PALOMAR AIRPORT CA
MONTH: FEBRUARY
YEAR: 2023
LATITUDE: 33 7 N
LONGITUDE: 117 17 W
TEMPERATURE IN F: :PCPN: SNOW: WIND :SUNSHINE: SKY :PK WND
================================================================================
1 2 3 4 5 6A 6B 7 8 9 10 11 12 13 14 15 16 17 18
12Z AVG MX 2MIN
DY MAX MIN AVG DEP HDD CDD WTR SNW DPTH SPD SPD DIR MIN PSBL S-S WX SPD DR
================================================================================
1 66 45 56 0 9 0 0.00 M M 4.0 12 250 M M 0 16 20
2 65 41 53 -3 12 0 0.00 M M 2.8 12 250 M M 0 14 240
3 69 47 58 2 7 0 0.00 M M 3.0 12 260 M M 0 16 280
4 64 43 54 -2 11 0 0.00 M M 2.7 10 260 M M 1 14 230
5 60 47 54 -2 11 0 0.00 M M 3.9 12 270 M M 6 1 15 240
6 64 48 56 0 9 0 T M M 4.3 13 260 M M 2 17 250
7 70 43 57 1 8 0 0.00 M M 3.2 13 260 M M 0 8 19 260
8 67 45 56 0 9 0 0.00 M M 2.6 12 240 M M 0 15 280
9 77 46 62 6 3 0 0.00 M M 4.8 13 70 M M 0 18 70
10 72 48 60 4 5 0 0.00 M M 2.7 10 260 M M 0 13 250
11 58 48 53 -3 12 0 0.00 M M 5.8 17 210 M M 3 22 200
12 56 45 51 -5 14 0 0.18 M M 5.3 14 130 M M 5 1 18 130
13 59 46 53 -3 12 0 0.02 M M 6.2 15 240 M M 6 18 240
14 55 46 51 -5 14 0 0.02 M M 9.3 21 240 M M 9 18 25 230
15 61 39 50 -6 15 0 0.00 M M 3.4 14 260 M M 0 20 30
16 64 40 52 -4 13 0 0.00 M M 5.7 15 70 M M 0 20 50
17 64 43 54 -2 11 0 0.00 M M 2.7 12 240 M M 0 15 260
18 64 44 54 -2 11 0 0.00 M M 2.7 10 250 M M 0 13 250
19 62 43 53 -3 12 0 0.00 M M 3.9 15 220 M M 1 17 210
20 64 45 55 -1 10 0 0.00 M M 4.2 12 260 M M 0 14 260
21 61 47 54 -2 11 0 0.03 M M 10.6 26 260 M M 4 1 38 260
22 55 49 52 -4 13 0 0.00 M M 15.0 23 250 M M 7 37 290
23 54 44 49 -7 16 0 0.75 M M 6.2 18 230 M M 9 1 27 280
24 59 45 52 -4 13 0 0.02 M M 12.4 22 140 M M 8 1 30 160
25 55 44 50 -6 15 0 2.27 M M 8.9 23 150 M M 9 18 34 160
26 55 41 48 -8 17 0 0.13 M M 3.7 16 250 M M 4 1 24 250
27 57 41 49 -8 16 0 0.03 M M 5.8 14 220 M M 6 1 19 210
28 57 48 53 -4 12 0 0.22 M M 5.8 17 220 M M 6 1 23 220
================================================================================
SM 1734 1251 321 0 3.67 M 151.6 M 86
================================================================================
AV 61.9 44.7 5.4 FASTST M M 3 MAX(MPH)
MISC ----> 26 260 38 260
================================================================================
NOTES:
# LAST OF SEVERAL OCCURRENCES
COLUMN 17 PEAK WIND IN M.P.H.
PRELIMINARY LOCAL CLIMATOLOGICAL DATA (WS FORM: F-6) , PAGE 2
STATION: CARLSBAD PALOMAR AIRPORT CA
MONTH: FEBRUARY
YEAR: 2023
LATITUDE: 33 7 N
LONGITUDE: 117 17 W
[TEMPERATURE DATA] [PRECIPITATION DATA] SYMBOLS USED IN COLUMN 16
AVERAGE MONTHLY: 53.3 TOTAL FOR MONTH: 3.67 1 = FOG OR MIST
DPTR FM NORMAL: -3.0 DPTR FM NORMAL: 1.03 2 = FOG REDUCING VISIBILITY
HIGHEST: 77 ON 9 GRTST 24HR 2.39 ON 25-26 TO 1/4 MILE OR LESS
LOWEST: 39 ON 15 3 = THUNDER
SNOW, ICE PELLETS, HAIL 4 = ICE PELLETS
TOTAL MONTH: M 5 = HAIL
GRTST 24HR M ON M 6 = FREEZING RAIN OR DRIZZLE
GRTST DEPTH: M ON M 7 = DUSTSTORM OR SANDSTORM:
VSBY 1/2 MILE OR LESS
8 = SMOKE OR HAZE
[NO. OF DAYS WITH] [WEATHER - DAYS WITH] 9 = BLOWING SNOW
X = TORNADO
MAX 32 OR BELOW: 0 0.01 INCH OR MORE: 10
MAX 90 OR ABOVE: 0 0.10 INCH OR MORE: 5
MIN 32 OR BELOW: 0 0.50 INCH OR MORE: 2
MIN 0 OR BELOW: 0 1.00 INCH OR MORE: 1
[HDD (BASE 65) ]
TOTAL THIS MO. 321 CLEAR (SCALE 0-3) 15
DPTR FM NORMAL 72 PTCLDY (SCALE 4-7) 10
TOTAL FM JUL 1 1088 CLOUDY (SCALE 8-10) 3
DPTR FM NORMAL 94
[CDD (BASE 65) ]
TOTAL THIS MO. 0
DPTR FM NORMAL -4 [PRESSURE DATA]
TOTAL FM JAN 1 0 HIGHEST SLP 30.32 ON 2
DPTR FM NORMAL -4 LOWEST SLP 29.68 ON 22
[REMARKS]
#FINAL-02-23#