000
CXUS56 KSGX 011045
CF6CRQ
PRELIMINARY LOCAL CLIMATOLOGICAL DATA (WS FORM: F-6)
STATION: CARLSBAD PALOMAR AIRPORT CA
MONTH: OCTOBER
YEAR: 2022
LATITUDE: 33 7 N
LONGITUDE: 117 17 W
TEMPERATURE IN F: :PCPN: SNOW: WIND :SUNSHINE: SKY :PK WND
================================================================================
1 2 3 4 5 6A 6B 7 8 9 10 11 12 13 14 15 16 17 18
12Z AVG MX 2MIN
DY MAX MIN AVG DEP HDD CDD WTR SNW DPTH SPD SPD DIR MIN PSBL S-S WX SPD DR
================================================================================
1 72 65 69 1 0 4 0.00 M M 4.2 12 260 M M 8 17 250
2 72 66 69 1 0 4 0.00 M M 3.3 12 250 M M 8 16 250
3 72 67 70 2 0 5 0.00 M M 3.2 12 240 M M 9 17 280
4 72 65 69 1 0 4 0.00 M M 3.5 10 240 M M 6 14 240
5 71 65 68 0 0 3 0.00 M M 3.6 10 250 M M 10 1 13 240
6 70 65 68 1 0 3 0.00 M M 3.5 12 240 M M 10 1 16 230
7 73 65 69 2 0 4 0.00 M M 3.2 10 240 M M 4 18 14 240
8 75 66 71 4 0 6 0.00 M M 3.2 12 260 M M 6 1 18 250
9 73 66 70 3 0 5 0.00 M M 3.6 10 260 M M 9 1 14 250
10 71 65 68 1 0 3 0.00 M M 4.1 12 230 M M 7 17 260
11 71 65 68 1 0 3 T M M 4.1 12 240 M M 8 3 15 240
12 73 66 70 3 0 5 0.00 M M 3.1 12 250 M M 10 1 15 270
13 70 64 67 1 0 2 0.00 M M 2.8 9 250 M M 10 1 13 270
14 66 63 65 -1 0 0 0.01 M M 3.1 9 220 M M 10 18 11 250
15 68 63 66 0 0 1 0.01 M M 2.8 10 260 M M 9 15 250
16 71 62 67 1 0 2 0.00 M M 3.5 12 270 M M 7 17 260
17 72 60 66 0 0 1 0.00 M M 1.9 12 260 M M 0 15 260
18 81 61 71 5 0 6 0.00 M M 2.2 10 260 M M 0 15 250
19 96 67 82 16 0 17 0.00 M M 4.6 18 80 M M 0 23 90
20 84 65 75 9 0 10 0.00 M M 4.3 13 230 M M 0 1 15 240
21 72 62 67 1 0 2 0.00 M M 5.0 12 250 M M 7 18 15 260
22 69 62 66 1 0 1 0.02 M M 8.8 17 240 M M 10 1 22 230
23 67 58 63 -2 2 0 0.02 M M 5.4 16 240 M M 4 1 22 250
24 76 52 64 -1 1 0 0.00 M M 3.6 15 250 M M 0 20 260
25 72 52 62 -3 3 0 0.00 M M 3.2 13 250 M M 0 16 260
26 68 55 62 -3 3 0 0.00 M M 5.3 13 230 M M 4 17 260
27 69 56 63 -2 2 0 0.00 M M 3.8 12 240 M M 0 15 250
28 70 56 63 -2 2 0 0.00 M M 2.9 12 250 M M 1 1 16 250
29 70 55 63 -1 2 0 0.00 M M 2.8 10 250 M M 1 1 15 250
30 73 54 64 0 1 0 0.00 M M 3.0 10 250 M M 0 15 250
31 75 53 64 0 1 0 0.00 M M 2.3 13 250 M M 1 12 15 250
================================================================================
SM 2254 1906 17 91 0.06 M 113.9 M 159
================================================================================
AV 72.7 61.5 3.7 FASTST M M 5 MAX(MPH)
MISC ----> 18 80 23 90
================================================================================
NOTES:
# LAST OF SEVERAL OCCURRENCES
COLUMN 17 PEAK WIND IN M.P.H.
PRELIMINARY LOCAL CLIMATOLOGICAL DATA (WS FORM: F-6) , PAGE 2
STATION: CARLSBAD PALOMAR AIRPORT CA
MONTH: OCTOBER
YEAR: 2022
LATITUDE: 33 7 N
LONGITUDE: 117 17 W
[TEMPERATURE DATA] [PRECIPITATION DATA] SYMBOLS USED IN COLUMN 16
AVERAGE MONTHLY: 67.1 TOTAL FOR MONTH: 0.06 1 = FOG OR MIST
DPTR FM NORMAL: 1.0 DPTR FM NORMAL: -0.44 2 = FOG REDUCING VISIBILITY
HIGHEST: 96 ON 19 GRTST 24HR 0.04 ON 22-23 TO 1/4 MILE OR LESS
LOWEST: 52 ON 25,24 3 = THUNDER
SNOW, ICE PELLETS, HAIL 4 = ICE PELLETS
TOTAL MONTH: M 5 = HAIL
GRTST 24HR M ON M 6 = FREEZING RAIN OR DRIZZLE
GRTST DEPTH: M ON M 7 = DUSTSTORM OR SANDSTORM:
VSBY 1/2 MILE OR LESS
8 = SMOKE OR HAZE
[NO. OF DAYS WITH] [WEATHER - DAYS WITH] 9 = BLOWING SNOW
X = TORNADO
MAX 32 OR BELOW: 0 0.01 INCH OR MORE: 4
MAX 90 OR ABOVE: 1 0.10 INCH OR MORE: 0
MIN 32 OR BELOW: 0 0.50 INCH OR MORE: 0
MIN 0 OR BELOW: 0 1.00 INCH OR MORE: 0
[HDD (BASE 65) ]
TOTAL THIS MO. 17 CLEAR (SCALE 0-3) 11
DPTR FM NORMAL -21 PTCLDY (SCALE 4-7) 9
TOTAL FM JUL 1 17 CLOUDY (SCALE 8-10) 11
DPTR FM NORMAL -26
[CDD (BASE 65) ]
TOTAL THIS MO. 91
DPTR FM NORMAL 19 [PRESSURE DATA]
TOTAL FM JAN 1 837 HIGHEST SLP 30.15 ON 28
DPTR FM NORMAL 254 LOWEST SLP 29.75 ON 22
[REMARKS]
#FINAL-10-22#