000
CXUS54 KOUN 010910
CF6CSM
PRELIMINARY LOCAL CLIMATOLOGICAL DATA (WS FORM: F-6)
STATION: CLINTON
MONTH: JANUARY
YEAR: 2024
LATITUDE: 35 20 N
LONGITUDE: 99 12 W
TEMPERATURE IN F: :PCPN: SNOW: WIND :SUNSHINE: SKY :PK WND
================================================================================
1 2 3 4 5 6A 6B 7 8 9 10 11 12 13 14 15 16 17 18
12Z AVG MX 2MIN
DY MAX MIN AVG DEP HDD CDD WTR SNW DPTH SPD SPD DIR MIN PSBL S-S WX SPD DR
================================================================================
1 35 26 31 -7 34 0 0.00 0.0 M 8.3 18 20 M M 6 1 22 20
2 42 27 35 -3 30 0 0.00 0.0 M 7.8 20 190 M M 1 1 25 200
3 49 27 38 0 27 0 0.00 0.0 M 5.8 10 330 M M 0 1 12 330
4 45 30 38 0 27 0 0.38 M M 9.3 22 130 M M 7 18 30 120
5 44 35 40 2 25 0 0.36 M M 13.6 25 160 M M 10 1 31 170
6 47 31 39 1 26 0 0.00 M M 10.6 18 310 M M 2 24 330
7 50 27 39 1 26 0 0.00 M M 19.4 36 150 M M 0 48 160
8 50 26 38 0 27 0 0.21 M M 24.9 49 330 M M 8 1 67 320
9 41 25 33 -5 32 0 T M M 21.8 44 320 M M 2 59 330
10 57 25 41 3 24 0 0.00 M M 10.9 23 300 M M 0 29 290
11 55 22 39 1 26 0 T M M 13.9 40 330 M M 2 50 340
12 45 16 31 -7 34 0 0.00 M M 18.5 39 320 M M 2 50 320
13 25 3 14 -24 51 0 T M M 19.2 32 360 M M 2 1 40 20
14 11 1 6 -32 59 0 0.00 M M 13.4 21 10 M M 4 25 10
15 17 2 10 -28 55 0 T M M 14.7 30 20 M M 2 36 10
16 26 5 16 -22 49 0 0.00 M M 10.0 21 200 M M 2 26 200
17 44 14 29 -9 36 0 0.00 M M 24.1 40 180 M M 0 47 180
18 54 22 38 0 27 0 T M M 15.1 39 360 M M 0 49 350
19 27 14 21 -17 44 0 T M M 16.6 40 360 M M 0 50 350
20 28 10 19 -19 46 0 0.00 M M 8.3 13 160 M M 0 17 150
21 36 20 28 -10 37 0 T M M 22.9 35 180 M M 5 1 44 180
22 34 29 32 -6 33 0 0.02 M M 12.1 29 180 M M 10 126 36 180
23 38 33 36 -3 29 0 0.08 M M 6.2 14 10 M M 10 12 17 360
24 41 34 38 -1 27 0 T M M 6.0 16 350 M M 10 12 19 350
25 45 36 41 2 24 0 0.00 M M 4.9 13 200 M M 10 12 15 200
26 43 39 41 2 24 0 0.32 M M 10.2 17 20 M M 10 12 22 360
27 54 31 43 4 22 0 0.01 M M 12.6 21 340 M M 5 1 27 320
28 63 33 48 9 17 0 0.00 M M 8.5 16 230 M M 0 21 250
29 69 38 54 15 11 0 0.00 M M 7.1 13 290 M M 0 14 290
30 70 39 55 16 10 0 0.00 M M 6.5 13 320 M M 0 14 320
31 66 38 52 13 13 0 0.00 M M 11.0 22 180 M M 0 26 170
================================================================================
SM 1351 758 952 0 1.38 0.0 394.2 M 110
================================================================================
AV 43.6 24.5 12.7 FASTST M M 4 MAX(MPH)
MISC ----> 49 330 67 320
================================================================================
NOTES:
# LAST OF SEVERAL OCCURRENCES
COLUMN 17 PEAK WIND IN M.P.H.
PRELIMINARY LOCAL CLIMATOLOGICAL DATA (WS FORM: F-6) , PAGE 2
STATION: CLINTON
MONTH: JANUARY
YEAR: 2024
LATITUDE: 35 20 N
LONGITUDE: 99 12 W
[TEMPERATURE DATA] [PRECIPITATION DATA] SYMBOLS USED IN COLUMN 16
AVERAGE MONTHLY: 34.0 TOTAL FOR MONTH: 1.38 1 = FOG OR MIST
DPTR FM NORMAL: -4.2 DPTR FM NORMAL: 0.77 2 = FOG REDUCING VISIBILITY
HIGHEST: 70 ON 30 GRTST 24HR 0.54 ON 26-27 TO 1/4 MILE OR LESS
LOWEST: 1 ON 14 3 = THUNDER
SNOW, ICE PELLETS, HAIL 4 = ICE PELLETS
TOTAL MONTH: 0.0 INCH 5 = HAIL
GRTST 24HR 0.0 6 = FREEZING RAIN OR DRIZZLE
GRTST DEPTH: 0 7 = DUSTSTORM OR SANDSTORM:
VSBY 1/2 MILE OR LESS
8 = SMOKE OR HAZE
[NO. OF DAYS WITH] [WEATHER - DAYS WITH] 9 = BLOWING SNOW
X = TORNADO
MAX 32 OR BELOW: 6 0.01 INCH OR MORE: 7
MAX 90 OR ABOVE: 0 0.10 INCH OR MORE: 4
MIN 32 OR BELOW: 22 0.50 INCH OR MORE: 0
MIN 0 OR BELOW: 0 1.00 INCH OR MORE: 0
[HDD (BASE 65) ]
TOTAL THIS MO. 952 CLEAR (SCALE 0-3) 19
DPTR FM NORMAL 123 PTCLDY (SCALE 4-7) 5
TOTAL FM JUL 1 2198 CLOUDY (SCALE 8-10) 7
DPTR FM NORMAL -130
[CDD (BASE 65) ]
TOTAL THIS MO. 0
DPTR FM NORMAL 0 [PRESSURE DATA]
TOTAL FM JAN 1 0 HIGHEST SLP 30.69 ON 19
DPTR FM NORMAL 0 LOWEST SLP 29.32 ON 8
[REMARKS]
#FINAL-01-24#