000
CXUS52 KTAE 010900
CF6CTY
PRELIMINARY LOCAL CLIMATOLOGICAL DATA (WS FORM: F-6)
STATION: CROSS CITY
MONTH: FEBRUARY
YEAR: 2023
LATITUDE: 29 37 N
LONGITUDE: 83 6 W
TEMPERATURE IN F: :PCPN: SNOW: WIND :SUNSHINE: SKY :PK WND
================================================================================
1 2 3 4 5 6A 6B 7 8 9 10 11 12 13 14 15 16 17 18
12Z AVG MX 2MIN
DY MAX MIN AVG DEP HDD CDD WTR SNW DPTH SPD SPD DIR MIN PSBL S-S WX SPD DR
================================================================================
1 79 57 68 13 0 3 0.01 M M M M M M M M M M
2 77 58 68 13 0 3 0.00 0.0 M M M M M M M M M
3 71 45 58 3 7 0 0.26 0.0 M M M M M M M M M
4 70 41 56 0 9 0 0.00 0.0 0 M M M M M M M M
5 75 52 64 8 1 0 0.00 0.0 M M M M M M M M M
6 75 46 61 5 4 0 0.00 0.0 0 3.5 8 30 M M 0 M M
7 77 39 58 2 7 0 0.00 0.0 0 2.6 9 120 M M 2 M M
8 81 50 66 10 0 1 0.00 0.0 0 3.8 9 60 M M 1 M M
9 81 52 67 11 0 2 0.25 0.0 0 7.0 15 190 M M 5 23 200
10 77 63 70 13 0 5 0.37 0.0 M 6.2 16 210 M M 10 1 23 210
11 72 59 66 9 0 1 1.38 0.0 M 10.4 20 250 M M 9 13 30 250
12 61 45 53 -4 12 0 0.09 0.0 0 12.2 23 270 M M 8 1 32 270
13 68 36 52 -5 13 0 0.00 0.0 0 5.0 12 250 M M 0 18 270
14 77 34 56 -1 9 0 0.00 M M 3.0 9 220 M M 1 18 M M
15 77 43 60 2 5 0 0.00 0.0 0 4.0 15 190 M M 2 20 210
16 81 52 67 9 0 2 0.00 0.0 0 5.5 15 220 M M 4 1 21 210
17 79 54 67 9 0 2 0.08 0.0 M 10.0 18 210 M M 6 1 29 200
18 63 37 50 -8 15 0 0.00 0.0 M 8.9 14 30 M M 0 23 20
19 75 43 59 1 6 0 0.00 0.0 0 4.9 13 240 M M 1 8 21 240
20 75 48 62 4 3 0 0.00 0.0 0 6.1 17 250 M M 4 128 21 280
21 77 63 70 11 0 5 0.00 0.0 M 8.6 16 250 M M 5 1 22 250
22 82 66 74 15 0 9 0.00 0.0 M 8.5 21 200 M M 5 1 27 200
23 82 61 72 13 0 7 0.00 0.0 M 6.7 14 230 M M 6 128 22 190
24 84 63 74 15 0 9 0.00 0.0 M 4.1 9 220 M M 6 1 M M
25 84 61 73 14 0 8 0.00 0.0 M 4.6 14 270 M M 6 12 20 270
26 82 64 73 14 0 8 0.00 0.0 M 5.0 10 260 M M 6 128 16 260
27 79 57 68 8 0 3 0.00 0.0 M 8.9 17 210 M M 9 128 25 220
28 79 70 75 15 0 10 0.00 0.0 0 11.7 16 240 M M 9 24 240
================================================================================
SM 2140 1459 91 78 2.44 0.0 151.2 M 105
================================================================================
AV 76.4 52.1 6.6 FASTST M M 5 MAX(MPH)
MISC ----> 23 270 32 270
================================================================================
NOTES:
# LAST OF SEVERAL OCCURRENCES
COLUMN 17 PEAK WIND IN M.P.H.
PRELIMINARY LOCAL CLIMATOLOGICAL DATA (WS FORM: F-6) , PAGE 2
STATION: CROSS CITY
MONTH: FEBRUARY
YEAR: 2023
LATITUDE: 29 37 N
LONGITUDE: 83 6 W
[TEMPERATURE DATA] [PRECIPITATION DATA] SYMBOLS USED IN COLUMN 16
AVERAGE MONTHLY: 64.3 TOTAL FOR MONTH: 2.44 1 = FOG OR MIST
DPTR FM NORMAL: 6.9 DPTR FM NORMAL: -0.52 2 = FOG REDUCING VISIBILITY
HIGHEST: 84 ON 25,24 GRTST 24HR 1.38 ON 11-11 TO 1/4 MILE OR LESS
LOWEST: 34 ON 14 3 = THUNDER
SNOW, ICE PELLETS, HAIL 4 = ICE PELLETS
TOTAL MONTH: 0.0 INCH 5 = HAIL
GRTST 24HR 0.0 6 = FREEZING RAIN OR DRIZZLE
GRTST DEPTH: 0 7 = DUSTSTORM OR SANDSTORM:
VSBY 1/2 MILE OR LESS
8 = SMOKE OR HAZE
[NO. OF DAYS WITH] [WEATHER - DAYS WITH] 9 = BLOWING SNOW
X = TORNADO
MAX 32 OR BELOW: 0 0.01 INCH OR MORE: 7
MAX 90 OR ABOVE: 0 0.10 INCH OR MORE: 4
MIN 32 OR BELOW: 0 0.50 INCH OR MORE: 1
MIN 0 OR BELOW: 0 1.00 INCH OR MORE: 1
[HDD (BASE 65) ]
TOTAL THIS MO. 91 CLEAR (SCALE 0-3) 8
DPTR FM NORMAL -144 PTCLDY (SCALE 4-7) 11
TOTAL FM JUL 1 711 CLOUDY (SCALE 8-10) 9
DPTR FM NORMAL -362
[CDD (BASE 65) ]
TOTAL THIS MO. 78
DPTR FM NORMAL 56 [PRESSURE DATA]
TOTAL FM JAN 1 116 HIGHEST SLP M ON M
DPTR FM NORMAL 78 LOWEST SLP M ON M
[REMARKS]
#FINAL-02-23#