000
CXUS52 KCAE 031424
CLMCUB
CLIMATE REPORT
NATIONAL WEATHER SERVICE COLUMBIA SC
1024 AM EDT MON APR 03 2023
...................................
...THE HAMILTON - OWENS AIRPORT SC CLIMATE SUMMARY FOR THE MONTH OF MARCH 2023...
CLIMATE NORMAL PERIOD: 1991 TO 2020
CLIMATE RECORD PERIOD: 9999 TO 9999
WEATHER OBSERVED NORMAL DEPART LAST YEAR`S
VALUE DATE(S) VALUE FROM VALUE
NORMAL
..............................................................
TEMPERATURE (F)
HIGHEST 86 03/24 MM MM
LOWEST 28 03/15 MM MM
AVG. MAXIMUM 69.5 68.8 0.7
AVG. MINIMUM 47.4 45.6 1.8
MEAN 58.5 57.2 1.3
DAYS MAX >= 90 0 0.0 0.0
DAYS MAX <= 32 0 0.0 0.0
DAYS MIN <= 32 3 3.0 0.0
DAYS MIN <= 0 0 0.0 0.0
PRECIPITATION (INCHES)
TOTALS 4.06 3.48 0.58
DAYS >= .01 9 9.2 -0.2
DAYS >= .10 5 6.0 -1.0
DAYS >= .50 4 2.4 1.6
DAYS >= 1.00 2 0.8 1.2
GREATEST
24 HR. TOTAL 2.43 03/26 TO 03/27
DAYS >= TRACE MM
DEGREE DAYS
HEATING TOTAL 232 266 -34
SINCE 7/1 1750 2114 -364
COOLING TOTAL 37 25 12
SINCE 1/1 56 33 23
..............................................................
WIND (MPH)
AVERAGE WIND SPEED 4.3
RESULTANT WIND SPEED/DIRECTION 2/210
HIGHEST WIND SPEED/DIRECTION 28/220 DATE 03/03
HIGHEST GUST SPEED/DIRECTION 43/200 DATE 03/03
SKY COVER
POSSIBLE SUNSHINE (PERCENT) MM
AVERAGE SKY COVER 0.28
NUMBER OF DAYS FAIR 20
NUMBER OF DAYS PC 7
NUMBER OF DAYS CLOUDY 4
AVERAGE RH (PERCENT) 61
WEATHER CONDITIONS. NUMBER OF DAYS WITH
THUNDERSTORM 2 MIXED PRECIP 0
HEAVY RAIN 5 RAIN 6
LIGHT RAIN 9 FREEZING RAIN 0
LT FREEZING RAIN 0 HAIL 0
HEAVY SNOW 0 SNOW 0
LIGHT SNOW 0 SLEET 0
FOG 11 FOG W/VIS <= 1/4 MILE 1
HAZE 3
- INDICATES NEGATIVE NUMBERS.
R INDICATES RECORD WAS SET OR TIED.
MM INDICATES DATA IS MISSING.
T INDICATES TRACE AMOUNT.
$$