000
CXUS53 KUNR 011030
CF6CUT
PRELIMINARY LOCAL CLIMATOLOGICAL DATA (WS FORM: F-6)
STATION: CUSTER COUNTY AIRPORT SD
MONTH: FEBRUARY
YEAR: 2023
LATITUDE: 43 43 N
LONGITUDE: 103 37 W
TEMPERATURE IN F: :PCPN: SNOW: WIND :SUNSHINE: SKY :PK WND
================================================================================
1 2 3 4 5 6A 6B 7 8 9 10 11 12 13 14 15 16 17 18
12Z AVG MX 2MIN
DY MAX MIN AVG DEP HDD CDD WTR SNW DPTH SPD SPD DIR MIN PSBL S-S WX SPD DR
================================================================================
1 34 10 22 -2 43 0 0.00 M M 8.6 17 280 M M 0 29 280
2 34 20 27 3 38 0 0.00 M M 7.7 17 270 M M 2 23 270
3 50 25 38 14 27 0 0.00 M M 9.0 18 260 M M 0 26 270
4 45 25 35 11 30 0 0.00 M M 8.3 18 280 M M 0 32 290
5 43 20 32 8 33 0 0.00 M M 7.4 18 250 M M 1 33 240
6 37 26 32 8 33 0 0.00 M M 9.1 18 340 M M 5 34 320
7 42 23 33 9 32 0 0.00 M M 7.0 17 290 M M 0 26 290
8 45 21 33 9 32 0 0.10 M M 4.9 15 340 M M 5 1 26 340
9 29 10 20 -4 45 0 T M M 6.3 23 20 M M 4 8 40 340
10 45 11 28 4 37 0 0.00 M M 7.0 17 260 M M 0 23 280
11 46 19 33 9 32 0 0.00 M M 5.6 21 270 M M 0 34 240
12 45 23 34 10 31 0 0.00 M M 6.0 16 280 M M 0 23 270
13 48 25 37 13 28 0 0.00 M M 11.5 24 260 M M 0 38 260
14 37 14 26 2 39 0 0.00 M M 10.4 18 350 M M 5 34 350
15 23 1 12 -13 53 0 0.00 M M 5.0 20 30 M M 4 33 50
16 30 1 16 -9 49 0 0.00 M M 6.4 16 270 M M 1 26 270
17 46 17 32 7 33 0 0.00 M M 7.0 14 240 M M 0 21 260
18 41 15 28 3 37 0 0.00 M M 6.4 18 280 M M 2 27 260
19 34 23 29 4 36 0 T M M 8.0 22 260 M M 6 8 32 270
20 35 22 29 3 36 0 0.03 M M 6.2 16 270 M M 9 18 25 270
21 41 -1 20 -6 45 0 0.11 M M 11.0 25 270 M M 9 18 35 270
22 -1 -11 -6 -32 71 0 0.43 M M 11.3 22 40 M M 10 8 34 40
23 1 -18 -8 -34 73 0 T M M 3.1 10 170 M M 4 18 17 180
24 27 -11 8 -19 57 0 0.00 M M 7.3 24 280 M M 2 35 280
25 35 20 28 1 37 0 0.00 M M 13.1 25 270 M M 0 38 270
26 51 28 40 13 25 0 0.00 M M 10.2 22 280 M M 1 33 300
27 39 23 31 3 34 0 T M M 8.2 20 270 M M 5 33 290
28 39 21 30 2 35 0 0.06 M M 10.4 31 280 M M 5 18 44 260
================================================================================
SM 1021 402 1101 0 0.73 M 222.4 M 80
================================================================================
AV 36.5 14.4 7.9 FASTST M M 3 MAX(MPH)
MISC ----> 31 280 44 260
================================================================================
NOTES:
# LAST OF SEVERAL OCCURRENCES
COLUMN 17 PEAK WIND IN M.P.H.
PRELIMINARY LOCAL CLIMATOLOGICAL DATA (WS FORM: F-6) , PAGE 2
STATION: CUSTER COUNTY AIRPORT SD
MONTH: FEBRUARY
YEAR: 2023
LATITUDE: 43 43 N
LONGITUDE: 103 37 W
[TEMPERATURE DATA] [PRECIPITATION DATA] SYMBOLS USED IN COLUMN 16
AVERAGE MONTHLY: 25.4 TOTAL FOR MONTH: 0.73 1 = FOG OR MIST
DPTR FM NORMAL: 0.3 DPTR FM NORMAL: 0.14 2 = FOG REDUCING VISIBILITY
HIGHEST: 51 ON 26 GRTST 24HR 0.43 ON 22-22 TO 1/4 MILE OR LESS
LOWEST: -18 ON 23 3 = THUNDER
SNOW, ICE PELLETS, HAIL 4 = ICE PELLETS
TOTAL MONTH: M 5 = HAIL
GRTST 24HR M ON M 6 = FREEZING RAIN OR DRIZZLE
GRTST DEPTH: M ON M 7 = DUSTSTORM OR SANDSTORM:
VSBY 1/2 MILE OR LESS
8 = SMOKE OR HAZE
[NO. OF DAYS WITH] [WEATHER - DAYS WITH] 9 = BLOWING SNOW
X = TORNADO
MAX 32 OR BELOW: 6 0.01 INCH OR MORE: 5
MAX 90 OR ABOVE: 0 0.10 INCH OR MORE: 3
MIN 32 OR BELOW: 28 0.50 INCH OR MORE: 0
MIN 0 OR BELOW: 4 1.00 INCH OR MORE: 0
[HDD (BASE 65) ]
TOTAL THIS MO. 1101 CLEAR (SCALE 0-3) 16
DPTR FM NORMAL -16 PTCLDY (SCALE 4-7) 9
TOTAL FM JUL 1 5600 CLOUDY (SCALE 8-10) 3
DPTR FM NORMAL -64
[CDD (BASE 65) ]
TOTAL THIS MO. 0
DPTR FM NORMAL 0 [PRESSURE DATA]
TOTAL FM JAN 1 0 HIGHEST SLP 30.53 ON 9
DPTR FM NORMAL 0 LOWEST SLP 29.13 ON 14
[REMARKS]
#FINAL-02-23#