000
CXUS53 KUNR 010930
CF6CUT
PRELIMINARY LOCAL CLIMATOLOGICAL DATA (WS FORM: F-6)
STATION: CUSTER COUNTY AIRPORT SD
MONTH: JULY
YEAR: 2021
LATITUDE: 43 43 N
LONGITUDE: 103 37 W
TEMPERATURE IN F: :PCPN: SNOW: WIND :SUNSHINE: SKY :PK WND
================================================================================
1 2 3 4 5 6A 6B 7 8 9 10 11 12 13 14 15 16 17 18
12Z AVG MX 2MIN
DY MAX MIN AVG DEP HDD CDD WTR SNW DPTH SPD SPD DIR MIN PSBL S-S WX SPD DR
================================================================================
1 77 52 65 1 0 0 0.00 M M 5.6 15 110 M M 2 23 90
2 82 58 70 6 0 5 0.00 M M 6.4 16 130 M M 2 1 26 170
3 87 57 72 7 0 7 0.32 M M 4.9 17 350 M M 2 13 29 340
4 84 61 73 8 0 8 0.02 M M 5.8 15 90 M M 1 3 21 280
5 85 59 72 7 0 7 0.08 M M 5.1 21 260 M M 5 13 35 270
6 75 56 66 1 0 1 0.00 M M 5.8 15 70 M M 6 22 30
7 82 54 68 2 0 3 0.07 M M 6.9 17 120 M M 2 13 26 130
8 84 56 70 4 0 5 T M M 5.7 15 100 M M 1 22 100
9 79 57 68 2 0 3 0.07 M M 7.7 26 60 M M 2 3 38 70
10 75 52 64 -2 1 0 0.00 M M 5.3 13 50 M M 2 23 360
11 79 48 64 -2 1 0 0.00 M M 3.8 13 230 M M 0 21 190
12 82 54 68 2 0 3 0.00 M M 7.6 17 70 M M 0 27 30
13 72 53 63 -4 2 0 0.65 M M 8.7 22 360 M M 3 13 34 350
14 68 52 60 -7 5 0 0.05 M M 4.2 16 50 M M 8 13 25 60
15 80 50 65 -2 0 0 0.00 M M 4.7 12 230 M M 3 1 20 170
16 86 55 71 4 0 6 0.00 M M 6.0 21 50 M M 1 3 30 70
17 83 54 69 2 0 4 T M M 6.0 21 60 M M 0 3 30 50
18 86 56 71 4 0 6 0.05 M M 6.4 20 290 M M 0 3 33 290
19 83 54 69 2 0 4 0.00 M M 6.9 16 70 M M 0 22 60
20 87 58 73 6 0 8 0.00 M M 5.4 14 130 M M 0 23 180
21 87 61 74 7 0 9 0.00 M M 4.7 14 80 M M 2 3 20 90
22 91 58 75 8 0 10 0.04 M M 6.9 16 90 M M 2 3 24 160
23 83 59 71 4 0 6 0.02 M M 4.4 17 310 M M 1 3 29 320
24 81 53 67 0 0 2 0.00 M M 5.4 17 60 M M 1 3 26 40
25 91 62 77 10 0 12 0.00 M M 7.5 15 240 M M 0 25 170
26 92 62 77 10 0 12 0.00 M M 7.7 17 70 M M 0 24 70
27 96 61 79 12 0 14 0.00 M M 6.5 16 210 M M 0 27 200
28 91 65 78 11 0 13 0.00 M M 10.8 22 50 M M 0 34 40
29 78 57 68 1 0 3 0.01 M M 12.6 20 90 M M 2 38 29 50
30 77 53 65 -2 0 0 0.40 M M 5.1 13 80 M M 5 1238 20 10
31 78 54 66 -1 0 1 0.00 M M 7.9 16 60 M M 0 8 24 60
================================================================================
SM 2561 1741 9 152 1.78 M 198.4 M 53
================================================================================
AV 82.6 56.2 6.4 FASTST M M 2 MAX(MPH)
MISC ----> 26 60 38 70
================================================================================
NOTES:
# LAST OF SEVERAL OCCURRENCES
COLUMN 17 PEAK WIND IN M.P.H.
PRELIMINARY LOCAL CLIMATOLOGICAL DATA (WS FORM: F-6) , PAGE 2
STATION: CUSTER COUNTY AIRPORT SD
MONTH: JULY
YEAR: 2021
LATITUDE: 43 43 N
LONGITUDE: 103 37 W
[TEMPERATURE DATA] [PRECIPITATION DATA] SYMBOLS USED IN COLUMN 16
AVERAGE MONTHLY: 69.4 TOTAL FOR MONTH: 1.78 1 = FOG OR MIST
DPTR FM NORMAL: 2.9 DPTR FM NORMAL: -1.51 2 = FOG REDUCING VISIBILITY
HIGHEST: 96 ON 27 GRTST 24HR 0.65 ON 13-13 TO 1/4 MILE OR LESS
LOWEST: 48 ON 11 3 = THUNDER
SNOW, ICE PELLETS, HAIL 4 = ICE PELLETS
TOTAL MONTH: M 5 = HAIL
GRTST 24HR M ON M 6 = FREEZING RAIN OR DRIZZLE
GRTST DEPTH: M ON M 7 = DUSTSTORM OR SANDSTORM:
VSBY 1/2 MILE OR LESS
8 = SMOKE OR HAZE
[NO. OF DAYS WITH] [WEATHER - DAYS WITH] 9 = BLOWING SNOW
X = TORNADO
MAX 32 OR BELOW: 0 0.01 INCH OR MORE: 12
MAX 90 OR ABOVE: 5 0.10 INCH OR MORE: 3
MIN 32 OR BELOW: 0 0.50 INCH OR MORE: 1
MIN 0 OR BELOW: 0 1.00 INCH OR MORE: 0
[HDD (BASE 65) ]
TOTAL THIS MO. 9 CLEAR (SCALE 0-3) 26
DPTR FM NORMAL -41 PTCLDY (SCALE 4-7) 5
TOTAL FM JUL 1 9 CLOUDY (SCALE 8-10) 0
DPTR FM NORMAL -37
[CDD (BASE 65) ]
TOTAL THIS MO. 152
DPTR FM NORMAL 57 [PRESSURE DATA]
TOTAL FM JAN 1 234 HIGHEST SLP 30.28 ON 31
DPTR FM NORMAL 112 LOWEST SLP 29.77 ON 8
[REMARKS]
#FINAL-07-21#