000
CXUS53 KUNR 011616
CLMCUT
CLIMATE REPORT
NATIONAL WEATHER SERVICE RAPID CITY SD
1016 AM MDT TUE AUG 01 2023
...................................
...THE CUSTER COUNTY AIRPORT SD CLIMATE SUMMARY FOR THE MONTH OF JULY 2023...
CLIMATE NORMAL PERIOD 1991 TO 2020
CLIMATE RECORD PERIOD 9999 TO 9999
WEATHER OBSERVED NORMAL DEPART LAST YEAR`S
VALUE DATE(S) VALUE FROM VALUE DATE(S)
NORMAL
................................................................
TEMPERATURE (F)
HIGHEST 91 07/23 96 07/18
LOWEST 41 07/05 47 07/12
07/28
07/29
AVG. MAXIMUM 78.0 79.2 -1.2 83.1
AVG. MINIMUM 51.7 53.7 -2.0 53.9
MEAN 64.9 66.5 -1.6 68.5
DAYS MAX >= 90 1 6
DAYS MAX <= 32 0 0
DAYS MIN <= 32 0 0
DAYS MIN <= 0 0 0
PRECIPITATION (INCHES)
TOTALS 2.10 3.29 -1.19 2.88
DAILY AVG. 0.07 0.11 -0.04 0.09
DAYS >= .01 17 11
DAYS >= .10 9 6
DAYS >= .50 0 2
DAYS >= 1.00 0 1
GREATEST
24 HR. TOTAL 1.32 06/30 TO 06/30 1.27
DEGREE DAYS
HEATING TOTAL 71 50 21 16
SINCE 7/1 71 46 25 MM
COOLING TOTAL 75 95 -20 126
SINCE 1/1 80 122 -42 MM
................................................................
WIND (MPH)
AVERAGE WIND SPEED 5.7
HIGHEST WIND SPEED/DIRECTION 29/050 DATE 07/28
HIGHEST GUST SPEED/DIRECTION 48/230 DATE 07/03
AVERAGE RH (PERCENT) 62
WEATHER CONDITIONS. NUMBER OF DAYS WITH
THUNDERSTORM 23 MIXED PRECIP 0
HEAVY RAIN 6 RAIN 5
LIGHT RAIN 17 FREEZING RAIN 0
LT FREEZING RAIN 0 HAIL 0
HEAVY SNOW 0 SNOW 0
LIGHT SNOW 0 SLEET 0
FOG 14 FOG W/VIS <= 1/4 MILE 1
HAZE 3
- INDICATES NEGATIVE NUMBERS.
R INDICATES RECORD WAS SET OR TIED.
MM INDICATES DATA IS MISSING.
T INDICATES TRACE AMOUNT.
$$