000
CXUS51 KILN 010756 CCA
CF6CVG
PRELIMINARY LOCAL CLIMATOLOGICAL DATA (WS FORM: F-6)
STATION: CINCINNATI OH
MONTH: FEBRUARY
YEAR: 2023
LATITUDE: 39 2 N
LONGITUDE: 84 40 W
TEMPERATURE IN F: :PCPN: SNOW: WIND :SUNSHINE: SKY :PK WND
================================================================================
1 2 3 4 5 6A 6B 7 8 9 10 11 12 13 14 15 16 17 18
12Z AVG MX 2MIN
DY MAX MIN AVG DEP HDD CDD WTR SNW DPTH SPD SPD DIR MIN PSBL S-S WX SPD DR
================================================================================
1 31 16 24 -8 41 0 0.00 0.0 T 3.7 10 10 M M 8 15 360
2 35 18 27 -5 38 0 0.00 0.0 0 6.7 14 220 M M 6 18 19 220
3 31 17 24 -8 41 0 0.00 0.0 0 11.3 25 340 M M 2 30 340
4 47 16 32 0 33 0 0.00 0.0 0 13.1 21 210 M M 5 30 200
5 52 36 44 12 21 0 0.00 0.0 0 13.0 23 220 M M 8 32 220
6 47 29 38 5 27 0 0.00 0.0 0 8.0 15 130 M M 6 18 19 150
7 57 35 46 13 19 0 0.03 0.0 0 10.4 20 230 M M 9 1 29 230
8 53 33 43 10 22 0 0.10 0.0 0 7.2 15 350 M M 7 1 18 340
9 67 40 54 21 11 0 0.10 0.0 0 21.1 39 220 M M 9 1 56 230
10 45 27 36 2 29 0 0.00 0.0 0 9.1 23 290 M M 8 18 27 280
11 44 23 34 0 31 0 0.00 0.0 0 5.3 14 70 M M 3 1 15 70
12 54 27 41 7 24 0 0.00 0.0 0 9.2 21 10 M M 2 24 10
13 59 26 43 9 22 0 0.00 0.0 0 8.6 22 290 M M 1 26 280
14 59 32 46 12 19 0 0.02 0.0 0 10.2 25 190 M M 9 34 200
15 71 52 62 27 3 0 0.00 0.0 0 14.7 29 230 M M 5 40 240
16 60 42 51 16 14 0 1.87 0.0 0 11.1 36 100 M M 9 13 43 100
17 42 25 34 -1 31 0 T T 0 15.6 22 310 M M 9 32 330
18 45 20 33 -3 32 0 0.00 0.0 0 8.7 15 190 M M 4 22 200
19 59 37 48 12 17 0 0.00 0.0 0 11.9 25 200 M M 6 36 200
20 62 38 50 14 15 0 0.01 0.0 0 7.6 21 350 M M 8 13 26 250
21 54 38 46 10 19 0 0.00 0.0 0 10.8 28 290 M M 5 1 35 290
22 73 41 57 20 8 0 0.32 0.0 0 13.8 29 220 M M 10 1 40 210
23 71 37 54 17 11 0 0.00 0.0 0 14.5 28 320 M M 5 35 210
24 43 26 35 -2 30 0 0.00 0.0 0 9.1 23 310 M M 6 28 310
25 51 32 42 4 23 0 0.08 0.0 0 6.7 17 120 M M 6 16 23 120
26 60 31 46 8 19 0 0.00 0.0 0 6.0 15 220 M M 5 1 19 230
27 68 47 58 20 7 0 0.22 0.0 0 17.7 32 230 M M 10 1 47 260
28 54 41 48 10 17 0 0.00 0.0 0 11.1 31 280 M M 7 37 290
================================================================================
SM 1494 882 624 0 2.75 T 296.2 M 178
================================================================================
AV 53.4 31.5 10.6 FASTST M M 6 MAX(MPH)
MISC ----> 39 220 56 230
================================================================================
NOTES:
# LAST OF SEVERAL OCCURRENCES
COLUMN 17 PEAK WIND IN M.P.H.
PRELIMINARY LOCAL CLIMATOLOGICAL DATA (WS FORM: F-6) , PAGE 2
STATION: CINCINNATI OH
MONTH: FEBRUARY
YEAR: 2023
LATITUDE: 39 2 N
LONGITUDE: 84 40 W
[TEMPERATURE DATA] [PRECIPITATION DATA] SYMBOLS USED IN COLUMN 16
AVERAGE MONTHLY: 42.4 TOTAL FOR MONTH: 2.75 1 = FOG OR MIST
DPTR FM NORMAL: 7.7 DPTR FM NORMAL: -0.42 2 = FOG REDUCING VISIBILITY
HIGHEST: 73 ON 22 GRTST 24HR 1.87 ON 16-16 TO 1/4 MILE OR LESS
LOWEST: 16 ON 4, 1 3 = THUNDER
SNOW, ICE PELLETS, HAIL 4 = ICE PELLETS
TOTAL MONTH: T 5 = HAIL
GRTST 24HR T ON 17-17 6 = FREEZING RAIN OR DRIZZLE
GRTST DEPTH: T ON 1 7 = DUSTSTORM OR SANDSTORM:
VSBY 1/2 MILE OR LESS
8 = SMOKE OR HAZE
[NO. OF DAYS WITH] [WEATHER - DAYS WITH] 9 = BLOWING SNOW
X = TORNADO
MAX 32 OR BELOW: 2 0.01 INCH OR MORE: 9
MAX 90 OR ABOVE: 0 0.10 INCH OR MORE: 5
MIN 32 OR BELOW: 15 0.50 INCH OR MORE: 1
MIN 0 OR BELOW: 0 1.00 INCH OR MORE: 1
[HDD (BASE 65) ]
TOTAL THIS MO. 624 CLEAR (SCALE 0-3) 4
DPTR FM NORMAL -223 PTCLDY (SCALE 4-7) 16
TOTAL FM JUL 1 3276 CLOUDY (SCALE 8-10) 8
DPTR FM NORMAL -496
[CDD (BASE 65) ]
TOTAL THIS MO. 0
DPTR FM NORMAL 0 [PRESSURE DATA]
TOTAL FM JAN 1 0 HIGHEST SLP 30.59 ON 24
DPTR FM NORMAL 0 LOWEST SLP 29.13 ON 27
[REMARKS]
#FINAL-02-23#