000
CXUS52 KCHS 012216
CF6CXM
PRELIMINARY LOCAL CLIMATOLOGICAL DATA (WS FORM: F-6)
STATION: DOWNTOWN CHARLESTON SC
MONTH: JULY
YEAR: 2023
LATITUDE: 32 46 N
LONGITUDE: 79 56 W
TEMPERATURE IN F: :PCPN: SNOW: WIND :SUNSHINE: SKY :PK WND
================================================================================
1 2 3 4 5 6A 6B 7 8 9 10 11 12 13 14 15 16 17 18
12Z AVG MX 2MIN
DY MAX MIN AVG DEP HDD CDD WTR SNW DPTH SPD SPD DIR MIN PSBL S-S WX SPD DR
================================================================================
1 88 79 84 2 0 19 0.00 M M M M M M M M M M
2 89 79 84 2 0 19 0.00 M M M M M M M M M M
3 89 80 85 3 0 20 0.00 M M M M M M M M M M
4 92 77 85 3 0 20 0.10 M M M M M M M M M M
5 88 76 82 0 0 17 0.22 M M M M M M M M M M
6 92 77 85 3 0 20 0.01 M M M M M M M M M M
7 91 77 84 2 0 19 0.31 M M M M M M M M M M
8 87 74 81 -1 0 16 0.50 M M M M M M M M M M
9 93 79 86 4 0 21 0.00 M M M M M M M M M M
10 84 75 80 -2 0 15 1.21 M M M M M M M M M M
11 88 73 81 -1 0 16 0.00 M M M M M M M M M M
12 89 79 84 2 0 19 0.00 M M M M M M M M M M
13 90 81 86 4 0 21 0.00 M M M M M M M M M M
14 88 82 85 3 0 20 0.00 M M M M M M M M M M
15 88 82 85 3 0 20 0.00 M M M M M M M M M M
16 93 80 87 5 0 22 0.00 M M M M M M M M M M
17 91 80 86 4 0 21 0.32 M M M M M M M M M M
18 91 80 86 4 0 21 0.00 M M M M M M M M M M
19 91 81 86 3 0 21 0.07 M M M M M M M M M M
20 93 80 87 4 0 22 0.01 M M M M M M M M M M
21 94 78 86 3 0 21 0.00 M M M M M M M M M M
22 93 79 86 3 0 21 0.00 M M M M M M M M M M
23 86 74 80 -3 0 15 0.74 M M M M M M M M M M
24 87 76 82 -1 0 17 0.00 M M M M M M M M M M
25 90 79 85 2 0 20 0.00 M M M M M M M M M M
26 92 82 87 5 0 22 0.00 M M M M M M M M M M
27 88 81 85 3 0 20 0.00 M M M M M M M M M M
28 85 77 81 -1 0 16 0.63 M M M M M M M M M M
29 86 75 81 -1 0 16 1.17 M M M M M M M M M M
30 90 76 83 1 0 18 0.56 M M M M M M M M M M
31 85 74 80 -2 0 15 0.38 M M M M M M M M M M
================================================================================
SM 2771 2422 0 590 6.23 M M M M
================================================================================
AV 89.4 78.1 M FASTST M M M MAX(MPH)
MISC ----> M M M M
================================================================================
NOTES:
# LAST OF SEVERAL OCCURRENCES
COLUMN 17 PEAK WIND IN M.P.H.
PRELIMINARY LOCAL CLIMATOLOGICAL DATA (WS FORM: F-6) , PAGE 2
STATION: DOWNTOWN CHARLESTON SC
MONTH: JULY
YEAR: 2023
LATITUDE: 32 46 N
LONGITUDE: 79 56 W
[TEMPERATURE DATA] [PRECIPITATION DATA] SYMBOLS USED IN COLUMN 16
AVERAGE MONTHLY: 83.8 TOTAL FOR MONTH: 6.23 1 = FOG OR MIST
DPTR FM NORMAL: 1.5 DPTR FM NORMAL: 1.15 2 = FOG REDUCING VISIBILITY
HIGHEST: 94 ON 21 GRTST 24HR 1.21 ON 10-10 TO 1/4 MILE OR LESS
LOWEST: 73 ON 11 3 = THUNDER
SNOW, ICE PELLETS, HAIL 4 = ICE PELLETS
TOTAL MONTH: M 5 = HAIL
GRTST 24HR M ON M 6 = FREEZING RAIN OR DRIZZLE
GRTST DEPTH: M ON M 7 = DUSTSTORM OR SANDSTORM:
VSBY 1/2 MILE OR LESS
8 = SMOKE OR HAZE
[NO. OF DAYS WITH] [WEATHER - DAYS WITH] 9 = BLOWING SNOW
X = TORNADO
MAX 32 OR BELOW: 0 0.01 INCH OR MORE: 14
MAX 90 OR ABOVE: 15 0.10 INCH OR MORE: 11
MIN 32 OR BELOW: 0 0.50 INCH OR MORE: 6
MIN 0 OR BELOW: 0 1.00 INCH OR MORE: 2
[HDD (BASE 65) ]
TOTAL THIS MO. 0 CLEAR (SCALE 0-3) 0
DPTR FM NORMAL 0 PTCLDY (SCALE 4-7) 0
TOTAL FM JUL 1 0 CLOUDY (SCALE 8-10) 31
DPTR FM NORMAL 0
[CDD (BASE 65) ]
TOTAL THIS MO. 590
DPTR FM NORMAL 54 [PRESSURE DATA]
TOTAL FM JAN 1 1375 HIGHEST SLP M ON M
DPTR FM NORMAL 24 LOWEST SLP 29.64 ON 9
[REMARKS]
#FINAL-07-23#