000
CXUS53 KUNR 010930
CF6D07
PRELIMINARY LOCAL CLIMATOLOGICAL DATA (WS FORM: F-6)
STATION: FAITH SD
MONTH: SEPTEMBER
YEAR: 2022
LATITUDE: 45 1 N
LONGITUDE: 102 1 W
TEMPERATURE IN F: :PCPN: SNOW: WIND :SUNSHINE: SKY :PK WND
================================================================================
1 2 3 4 5 6A 6B 7 8 9 10 11 12 13 14 15 16 17 18
12Z AVG MX 2MIN
DY MAX MIN AVG DEP HDD CDD WTR SNW DPTH SPD SPD DIR MIN PSBL S-S WX SPD DR
================================================================================
1 99 60 80 12 0 15 0.00 M M 10.5 18 290 M M M 24 310
2 85 60 73 5 0 8 0.00 M M 12.6 24 30 M M M 31 40
3 84 52 68 1 0 3 0.00 M M 16.1 22 140 M M M 30 130
4 95 58 77 10 0 12 0.00 M M 20.6 29 150 M M M 39 160
5 98 59 79 13 0 14 0.00 M M 5.6 20 160 M M M 24 160
6 92 60 76 10 0 11 0.00 M M 10.7 20 50 M M M 28 50
7 96 61 79 13 0 14 0.00 M M 13.5 21 180 M M M 25 180
8 89 53 71 6 0 6 0.22 M M 16.3 33 20 M M M 43 340
9 61 48 55 -10 10 0 0.01 M M 9.4 16 310 M M M 20 320
10 70 42 56 -9 9 0 0.00 M M 7.3 15 280 M M M 23 310
11 77 46 62 -2 3 0 0.00 M M 9.8 17 190 M M M 24 210
12 87 49 68 4 0 3 0.00 M M 8.4 15 160 M M M 20 220
13 81 50 66 3 0 1 0.00 M M 11.3 17 360 M M M 25 120
14 60 55 58 -5 7 0 0.00 M M 12.0 15 120 M M M M M
15 73 55 64 2 1 0 0.00 M M 14.0 24 320 M M M 35 320
16 74 53 64 2 1 0 0.42 M M 6.4 25 240 M M M 35 230
17 72 54 63 1 2 0 0.03 M M 7.2 13 170 M M M 17 80
18 81 54 68 7 0 3 0.00 M M 11.6 18 140 M M M 25 140
19 94 60 77 16 0 12 0.00 M M 10.6 24 200 M M M 29 200
20 75 51 63 3 2 0 0.00 M M 14.5 23 360 M M M 30 350
21 65 46 56 -4 9 0 0.07 M M 10.5 20 10 M M M 28 10
22 65 42 54 -5 11 0 0.01 M M 20.1 33 180 M M M 44 160
23 70 45 58 -1 7 0 0.00 M M 13.6 32 290 M M M 44 290
24 76 50 63 5 2 0 0.00 M M 14.1 32 320 M M M 43 320
25 74 44 59 1 6 0 0.00 M M 11.7 25 350 M M M 34 350
26 81 42 62 5 3 0 0.00 M M 10.1 20 330 M M M 27 330
27 76 45 61 5 4 0 0.00 M M 8.4 23 130 M M M 30 130
28 85 47 66 10 0 1 0.00 M M 20.7 31 170 M M M 41 150
29 91 52 72 17 0 7 0.00 M M 9.2 21 160 M M M 27 160
30 82 51 67 12 0 2 0.00 M M 6.5 12 70 M M M 16 70
================================================================================
SM 2408 1544 77 112 0.76 M 353.3 M M
================================================================================
AV 80.3 51.5 11.8 FASTST M M M MAX(MPH)
MISC ----> # 33 20 # 44 160
================================================================================
NOTES:
# LAST OF SEVERAL OCCURRENCES
COLUMN 17 PEAK WIND IN M.P.H.
PRELIMINARY LOCAL CLIMATOLOGICAL DATA (WS FORM: F-6) , PAGE 2
STATION: FAITH SD
MONTH: SEPTEMBER
YEAR: 2022
LATITUDE: 45 1 N
LONGITUDE: 102 1 W
[TEMPERATURE DATA] [PRECIPITATION DATA] SYMBOLS USED IN COLUMN 16
AVERAGE MONTHLY: 65.9 TOTAL FOR MONTH: 0.76 1 = FOG OR MIST
DPTR FM NORMAL: 4.0 DPTR FM NORMAL: -0.42 2 = FOG REDUCING VISIBILITY
HIGHEST: 99 ON 1 GRTST 24HR 0.45 ON 16-17 TO 1/4 MILE OR LESS
LOWEST: 42 ON 26,22 3 = THUNDER
SNOW, ICE PELLETS, HAIL 4 = ICE PELLETS
TOTAL MONTH: M 5 = HAIL
GRTST 24HR M ON M 6 = FREEZING RAIN OR DRIZZLE
GRTST DEPTH: M ON M 7 = DUSTSTORM OR SANDSTORM:
VSBY 1/2 MILE OR LESS
8 = SMOKE OR HAZE
[NO. OF DAYS WITH] [WEATHER - DAYS WITH] 9 = BLOWING SNOW
X = TORNADO
MAX 32 OR BELOW: 0 0.01 INCH OR MORE: 6
MAX 90 OR ABOVE: 7 0.10 INCH OR MORE: 2
MIN 32 OR BELOW: 0 0.50 INCH OR MORE: 0
MIN 0 OR BELOW: 0 1.00 INCH OR MORE: 0
[HDD (BASE 65) ]
TOTAL THIS MO. 77 CLEAR (SCALE 0-3) 0
DPTR FM NORMAL -88 PTCLDY (SCALE 4-7) 0
TOTAL FM JUL 1 77 CLOUDY (SCALE 8-10) 30
DPTR FM NORMAL -119
[CDD (BASE 65) ]
TOTAL THIS MO. 112
DPTR FM NORMAL 40 [PRESSURE DATA]
TOTAL FM JAN 1 874 HIGHEST SLP 30.37 ON 21
DPTR FM NORMAL 222 LOWEST SLP 29.64 ON 8
[REMARKS]
#FINAL-09-22#