000
CXUS53 KUNR 011030
CF6D07
PRELIMINARY LOCAL CLIMATOLOGICAL DATA (WS FORM: F-6)
STATION: FAITH SD
MONTH: FEBRUARY
YEAR: 2021
LATITUDE: 45 1 N
LONGITUDE: 102 1 W
TEMPERATURE IN F: :PCPN: SNOW: WIND :SUNSHINE: SKY :PK WND
================================================================================
1 2 3 4 5 6A 6B 7 8 9 10 11 12 13 14 15 16 17 18
12Z AVG MX 2MIN
DY MAX MIN AVG DEP HDD CDD WTR SNW DPTH SPD SPD DIR MIN PSBL S-S WX SPD DR
================================================================================
1 36 12 24 3 41 0 0.00 M M 7.9 16 170 M M M 19 160
2 35 21 28 7 37 0 0.00 M M 10.4 21 180 M M M 25 180
3 46 16 31 10 34 0 0.00 M M 17.8 32 340 M M M 40 330
4 31 10 21 0 44 0 0.00 M M 19.4 33 320 M M M 43 330
5 22 4 13 -9 52 0 0.00 M M 13.9 23 10 M M M 31 300
6 5 -7 -1 -23 66 0 0.01 M M 10.1 21 340 M M M 28 350
7 0 -14 -7 -29 72 0 0.03 M M 10.5 18 90 M M M 23 70
8 6 -15 -4 -26 69 0 0.01 M M 7.2 16 330 M M M 20 330
9 5 -14 -4 -26 69 0 0.00 M M 11.4 18 300 M M M 25 300
10 8 -8 0 -22 65 0 0.00 M M 8.1 14 320 M M M 18 320
11 -2 -24 -13 -35 78 0 0.01 M M 11.5 18 320 M M M 23 320
12 -1 -25 -13 -36 78 0 0.00 M M 9.5 18 310 M M M 24 310
13 -1 -21 -11 -34 76 0 0.00 M M 9.0 22 350 M M M 29 340
14 1 -25 -12 -35 77 0 0.00 M M 5.7 13 160 M M M 14 170
15 7 -17 -5 -28 70 0 0.00 M M 18.0 28 140 M M M 38 130
16 6 -10 -2 -26 67 0 0.00 M M 10.2 21 140 M M M 28 140
17 20 4 12 -12 53 0 0.00 M M 7.3 16 360 M M M 29 310
18 23 4 14 -10 51 0 0.00 M M 12.8 23 310 M M M 32 310
19 31 0 16 -8 49 0 0.00 M M 11.8 18 180 M M M 22 200
20 45 11 28 3 37 0 0.00 M M 6.5 16 180 M M M 19 170
21 46 19 33 8 32 0 0.00 M M 15.6 30 300 M M M 39 320
22 59 33 46 21 19 0 0.00 M M 22.6 52 320 M M M 69 300
23 49 22 36 10 29 0 0.00 M M 18.5 44 290 M M M 57 310
24 36 16 26 0 39 0 0.06 M M 10.1 23 340 M M M 31 340
25 47 13 30 4 35 0 0.00 M M 15.0 26 200 M M M 34 190
26 49 23 36 10 29 0 0.00 M M 13.7 30 290 M M M 40 300
27 42 16 29 2 36 0 0.08 M M 14.1 25 20 M M M 34 20
28 34 7 21 -6 44 0 0.00 M M 12.5 24 220 M M M 31 220
================================================================================
SM 685 51 1448 0 0.20 M 341.1 M M
================================================================================
AV 24.5 1.8 12.2 FASTST M M M MAX(MPH)
MISC ----> 52 320 69 300
================================================================================
NOTES:
# LAST OF SEVERAL OCCURRENCES
COLUMN 17 PEAK WIND IN M.P.H.
PRELIMINARY LOCAL CLIMATOLOGICAL DATA (WS FORM: F-6) , PAGE 2
STATION: FAITH SD
MONTH: FEBRUARY
YEAR: 2021
LATITUDE: 45 1 N
LONGITUDE: 102 1 W
[TEMPERATURE DATA] [PRECIPITATION DATA] SYMBOLS USED IN COLUMN 16
AVERAGE MONTHLY: 13.1 TOTAL FOR MONTH: 0.20 1 = FOG OR MIST
DPTR FM NORMAL: -10.5 DPTR FM NORMAL: -0.22 2 = FOG REDUCING VISIBILITY
HIGHEST: 59 ON 22 GRTST 24HR 0.08 ON 27-27 TO 1/4 MILE OR LESS
LOWEST: -25 ON 14,12 3 = THUNDER
SNOW, ICE PELLETS, HAIL 4 = ICE PELLETS
TOTAL MONTH: M 5 = HAIL
GRTST 24HR M ON M 6 = FREEZING RAIN OR DRIZZLE
GRTST DEPTH: M ON M 7 = DUSTSTORM OR SANDSTORM:
VSBY 1/2 MILE OR LESS
8 = SMOKE OR HAZE
[NO. OF DAYS WITH] [WEATHER - DAYS WITH] 9 = BLOWING SNOW
X = TORNADO
MAX 32 OR BELOW: 16 0.01 INCH OR MORE: 6
MAX 90 OR ABOVE: 0 0.10 INCH OR MORE: 0
MIN 32 OR BELOW: 27 0.50 INCH OR MORE: 0
MIN 0 OR BELOW: 12 1.00 INCH OR MORE: 0
[HDD (BASE 65) ]
TOTAL THIS MO. 1448 CLEAR (SCALE 0-3) 0
DPTR FM NORMAL 289 PTCLDY (SCALE 4-7) 0
TOTAL FM JUL 1 5388 CLOUDY (SCALE 8-10) 28
DPTR FM NORMAL -301
[CDD (BASE 65) ]
TOTAL THIS MO. 0
DPTR FM NORMAL 0 [PRESSURE DATA]
TOTAL FM JAN 1 0 HIGHEST SLP 30.83 ON 14
DPTR FM NORMAL 0 LOWEST SLP 29.60 ON 26
[REMARKS]
#FINAL-02-21#