000
CXUS55 KVEF 020111
CF6DAG
PRELIMINARY LOCAL CLIMATOLOGICAL DATA (WS FORM: F-6)
STATION: BARSTOW-DAGGETT CA
MONTH: FEBRUARY
YEAR: 2022
LATITUDE: 34 51 N
LONGITUDE: 116 47 W
TEMPERATURE IN F: :PCPN: SNOW: WIND :SUNSHINE: SKY :PK WND
================================================================================
1 2 3 4 5 6A 6B 7 8 9 10 11 12 13 14 15 16 17 18
12Z AVG MX 2MIN
DY MAX MIN AVG DEP HDD CDD WTR SNW DPTH SPD SPD DIR MIN PSBL S-S WX SPD DR
================================================================================
1 63 44 54 3 11 0 0.00 0.0 0 8.3 16 20 M M 0 20 30
2 52 35 44 -7 21 0 0.00 0.0 0 10.2 29 20 M M 1 8 36 10
3 56 26 41 -10 24 0 0.00 0.0 0 5.0 12 120 M M 0 16 70
4 57 26 42 -9 23 0 0.00 0.0 0 5.4 14 60 M M 0 18 60
5 64 30 47 -4 18 0 0.00 0.0 0 6.8 15 280 M M 0 18 280
6 69 36 53 2 12 0 0.00 0.0 0 7.9 18 270 M M 0 21 50
7 67 33 50 -1 15 0 0.00 0.0 0 5.6 12 60 M M 0 15 50
8 74 35 55 3 10 0 0.00 0.0 0 5.5 16 280 M M 0 18 280
9 76 41 59 7 6 0 0.00 0.0 0 6.5 14 30 M M 0 20 20
10 77 50 64 12 1 0 0.00 0.0 0 4.9 15 280 M M 0 18 10
11 80 47 64 12 1 0 0.00 0.0 0 8.9 20 280 M M 0 22 280
12 77 41 59 7 6 0 0.00 0.0 0 5.6 15 60 M M 0 19 70
13 76 41 59 7 6 0 0.00 0.0 0 5.7 14 280 M M 0 15 280
14 80 43 62 10 3 0 0.00 0.0 0 11.3 22 220 M M 0 26 220
15 62 41 52 -1 13 0 T 0.0 0 21.1 38 270 M M 4 8 44 260
16 66 37 52 -1 13 0 0.00 0.0 0 12.0 23 10 M M 1 29 20
17 62 39 51 -2 14 0 0.00 0.0 0 8.9 23 40 M M 0 28 20
18 67 36 52 -1 13 0 0.00 0.0 0 6.7 16 270 M M 0 18 270
19 72 38 55 1 10 0 0.00 0.0 0 6.6 14 90 M M 0 17 50
20 77 42 60 6 5 0 0.00 0.0 0 14.3 29 220 M M 0 35 220
21 65 47 56 2 9 0 0.00 0.0 0 30.7 46 250 M M 0 8 54 270
22 59 39 49 -5 16 0 T 0.0 0 24.7 40 230 M M 5 48 210
23 49 32 41 -13 24 0 T 0.0 0 14.4 29 260 M M 5 34 330
24 53 27 40 -15 25 0 0.00 0.0 0 5.6 13 280 M M 0 14 60
25 58 30 44 -11 21 0 0.00 0.0 0 6.5 15 280 M M 0 16 280
26 59 27 43 -12 22 0 0.00 0.0 0 5.7 14 80 M M 0 18 120
27 67 28 48 -7 17 0 0.00 0.0 0 6.0 17 270 M M 0 20 280
28 74 38 56 0 9 0 0.00 0.0 0 8.3 20 280 M M 0 25 280
================================================================================
SM 1858 1029 368 0 T 0.0 269.1 M 16
================================================================================
AV 66.4 36.8 9.6 FASTST M M 1 MAX(MPH)
MISC ----> 46 250 54 270
================================================================================
NOTES:
# LAST OF SEVERAL OCCURRENCES
COLUMN 17 PEAK WIND IN M.P.H.
PRELIMINARY LOCAL CLIMATOLOGICAL DATA (WS FORM: F-6) , PAGE 2
STATION: BARSTOW-DAGGETT CA
MONTH: FEBRUARY
YEAR: 2022
LATITUDE: 34 51 N
LONGITUDE: 116 47 W
[TEMPERATURE DATA] [PRECIPITATION DATA] SYMBOLS USED IN COLUMN 16
AVERAGE MONTHLY: 51.6 TOTAL FOR MONTH: T 1 = FOG OR MIST
DPTR FM NORMAL: -1.2 DPTR FM NORMAL: -0.70 2 = FOG REDUCING VISIBILITY
HIGHEST: 80 ON 11,14 GRTST 24HR T ON 15-15 TO 1/4 MILE OR LESS
LOWEST: 26 ON 3, 4 3 = THUNDER
SNOW, ICE PELLETS, HAIL 4 = ICE PELLETS
TOTAL MONTH: 0.0 INCH 5 = HAIL
GRTST 24HR 0.0 6 = FREEZING RAIN OR DRIZZLE
GRTST DEPTH: 0 7 = DUSTSTORM OR SANDSTORM:
VSBY 1/2 MILE OR LESS
8 = SMOKE OR HAZE
[NO. OF DAYS WITH] [WEATHER - DAYS WITH] 9 = BLOWING SNOW
X = TORNADO
MAX 32 OR BELOW: 0 0.01 INCH OR MORE: 0
MAX 90 OR ABOVE: 0 0.10 INCH OR MORE: 0
MIN 32 OR BELOW: 8 0.50 INCH OR MORE: 0
MIN 0 OR BELOW: 0 1.00 INCH OR MORE: 0
[HDD (BASE 65) ]
TOTAL THIS MO. 368 CLEAR (SCALE 0-3) 25
DPTR FM NORMAL 25 PTCLDY (SCALE 4-7) 3
TOTAL FM JUL 1 1528 CLOUDY (SCALE 8-10) 0
DPTR FM NORMAL -185
[CDD (BASE 65) ]
TOTAL THIS MO. 0
DPTR FM NORMAL -1 [PRESSURE DATA]
TOTAL FM JAN 1 0 HIGHEST SLP 30.55 ON 4
DPTR FM NORMAL 0 LOWEST SLP 29.64 ON 15
[REMARKS]
#FINAL-02-22#