000
CXUS51 KILN 011123
CF6DAY
PRELIMINARY LOCAL CLIMATOLOGICAL DATA (WS FORM: F-6)
STATION: DAYTON OH
MONTH: MARCH
YEAR: 2022
LATITUDE: 39 54 N
LONGITUDE: 84 12 W
TEMPERATURE IN F: :PCPN: SNOW: WIND :SUNSHINE: SKY :PK WND
================================================================================
1 2 3 4 5 6A 6B 7 8 9 10 11 12 13 14 15 16 17 18
12Z AVG MX 2MIN
DY MAX MIN AVG DEP HDD CDD WTR SNW DPTH SPD SPD DIR MIN PSBL S-S WX SPD DR
================================================================================
1 63 39 51 14 14 0 0.00 0.0 0 12.2 22 270 M M 8 27 240
2 63 32 48 11 17 0 T 0.0 0 7.7 23 270 M M 7 28 270
3 54 27 41 3 24 0 0.00 0.0 0 11.4 24 20 M M 9 29 20
4 49 25 37 -1 28 0 0.00 0.0 0 8.8 16 110 M M 8 19 100
5 76 41 59 21 6 0 0.00 0.0 0 16.7 30 200 M M 7 39 190
6 74 48 61 22 4 0 0.05 0.0 0 16.5 36 250 M M 7 8 43 250
7 57 35 46 7 19 0 2.48 0.0 0 15.0 33 270 M M 10 138 46 260
8 40 33 37 -2 28 0 T T 0 6.2 14 310 M M 9 16 330
9 48 33 41 1 24 0 0.02 0.2 T 5.2 15 300 M M 6 18 24 280
10 50 29 40 0 25 0 0.00 0.0 0 5.1 13 350 M M 3 17 360
11 43 27 35 -5 30 0 0.10 1.0 0 10.1 26 320 M M 9 18 35 320
12 27 16 22 -19 43 0 T T 1 17.6 29 280 M M 8 8 36 290
13 49 14 32 -9 33 0 0.00 0.0 T 15.4 30 210 M M 4 39 250
14 64 36 50 9 15 0 0.00 0.0 0 12.9 23 210 M M 2 29 210
15 67 43 55 13 10 0 T 0.0 0 9.0 23 250 M M 6 8 27 250
16 70 39 55 13 10 0 0.00 0.0 0 6.6 18 170 M M 3 22 150
17 74 42 58 16 7 0 0.00 0.0 0 4.8 15 240 M M 4 19 250
18 69 50 60 17 5 0 0.53 0.0 0 10.3 23 160 M M 7 13 29 150
19 56 39 48 5 17 0 0.43 0.0 0 17.6 33 230 M M 10 1 41 230
20 59 38 49 6 16 0 0.01 0.0 0 9.4 20 280 M M 4 1 24 280
21 71 40 56 12 9 0 0.00 0.0 0 7.3 17 230 M M 4 21 230
22 59 49 54 10 11 0 0.44 0.0 0 11.1 24 150 M M 10 1 34 180
23 68 48 58 14 7 0 0.17 0.0 0 15.4 32 220 M M 8 38 39 250
24 55 40 48 3 17 0 T 0.0 0 15.8 31 220 M M 8 42 220
25 44 38 41 -4 24 0 0.08 0.0 0 16.1 37 280 M M 9 18 47 290
26 38 29 34 -12 31 0 0.07 0.3 0 16.4 25 260 M M 10 1 35 270
27 36 24 30 -16 35 0 T T T 14.6 24 290 M M 8 30 320
28 38 18 28 -18 37 0 0.00 0.0 0 8.8 21 330 M M 4 27 330
29 43 25 34 -13 31 0 T 0.0 0 12.5 20 110 M M 9 24 130
30 80 40 60 13 5 0 T 0.0 0 20.4 39 200 M M 9 57 220
31 71 37 54 6 11 0 0.12 T 0 20.1 44 230 M M 10 18 55 220
================================================================================
SM 1755 1074 593 0 4.50 1.5 377.0 M 220
================================================================================
AV 56.6 34.6 12.2 FASTST M M 7 MAX(MPH)
MISC ----> 44 230 57 220
================================================================================
NOTES:
# LAST OF SEVERAL OCCURRENCES
COLUMN 17 PEAK WIND IN M.P.H.
PRELIMINARY LOCAL CLIMATOLOGICAL DATA (WS FORM: F-6) , PAGE 2
STATION: DAYTON OH
MONTH: MARCH
YEAR: 2022
LATITUDE: 39 54 N
LONGITUDE: 84 12 W
[TEMPERATURE DATA] [PRECIPITATION DATA] SYMBOLS USED IN COLUMN 16
AVERAGE MONTHLY: 45.6 TOTAL FOR MONTH: 4.50 1 = FOG OR MIST
DPTR FM NORMAL: 3.5 DPTR FM NORMAL: 1.00 2 = FOG REDUCING VISIBILITY
HIGHEST: 80 ON 30 GRTST 24HR 2.48 ON 7- 7 TO 1/4 MILE OR LESS
LOWEST: 14 ON 13 3 = THUNDER
SNOW, ICE PELLETS, HAIL 4 = ICE PELLETS
TOTAL MONTH: 1.5 INCHES 5 = HAIL
GRTST 24HR 1.0 ON 11-11 6 = FREEZING RAIN OR DRIZZLE
GRTST DEPTH: 1 ON 12 7 = DUSTSTORM OR SANDSTORM:
VSBY 1/2 MILE OR LESS
8 = SMOKE OR HAZE
[NO. OF DAYS WITH] [WEATHER - DAYS WITH] 9 = BLOWING SNOW
X = TORNADO
MAX 32 OR BELOW: 1 0.01 INCH OR MORE: 12
MAX 90 OR ABOVE: 0 0.10 INCH OR MORE: 7
MIN 32 OR BELOW: 11 0.50 INCH OR MORE: 2
MIN 0 OR BELOW: 0 1.00 INCH OR MORE: 1
[HDD (BASE 65) ]
TOTAL THIS MO. 593 CLEAR (SCALE 0-3) 1
DPTR FM NORMAL -119 PTCLDY (SCALE 4-7) 17
TOTAL FM JUL 1 4311 CLOUDY (SCALE 8-10) 13
DPTR FM NORMAL -345
[CDD (BASE 65) ]
TOTAL THIS MO. 0
DPTR FM NORMAL -2 [PRESSURE DATA]
TOTAL FM JAN 1 0 HIGHEST SLP 30.49 ON 4
DPTR FM NORMAL -2 LOWEST SLP 29.28 ON 31
[REMARKS]
#FINAL-03-22#