000
CXUS51 KILN 011647
CF6DAY
PRELIMINARY LOCAL CLIMATOLOGICAL DATA (WS FORM: F-6)
STATION: DAYTON OH
MONTH: AUGUST
YEAR: 2023
LATITUDE: 39 54 N
LONGITUDE: 84 12 W
TEMPERATURE IN F: :PCPN: SNOW: WIND :SUNSHINE: SKY :PK WND
================================================================================
1 2 3 4 5 6A 6B 7 8 9 10 11 12 13 14 15 16 17 18
12Z AVG MX 2MIN
DY MAX MIN AVG DEP HDD CDD WTR SNW DPTH SPD SPD DIR MIN PSBL S-S WX SPD DR
================================================================================
1 83 59 71 -5 0 6 0.00 0.0 0 3.2 10 80 M M 2 13 20
2 83 60 72 -4 0 7 0.00 0.0 0 5.1 14 120 M M 3 8 18 110
3 89 63 76 0 0 11 0.00 0.0 0 3.7 12 110 M M 5 18 13 100
4 90 64 77 2 0 12 0.00 0.0 0 3.9 12 40 M M 2 18 15 50
5 86 69 78 3 0 13 0.00 0.0 0 11.6 20 120 M M 6 24 120
6 83 69 76 1 0 11 0.00 0.0 0 11.8 24 250 M M 8 31 250
7 78 64 71 -4 0 6 1.53 0.0 0 10.2 23 340 M M 9 13 27 340
8 82 63 73 -2 0 8 T 0.0 0 8.2 18 250 M M 6 23 260
9 82 63 73 -2 0 8 1.09 0.0 0 7.1 21 190 M M 6 13 25 190
10 82 66 74 -1 0 9 0.02 0.0 0 8.1 18 290 M M 7 1 21 300
11 85 67 76 1 0 11 0.00 0.0 0 10.0 16 220 M M 6 22 220
12 89 69 79 4 0 14 T 0.0 0 12.0 29 260 M M 6 33 240
13 87 62 75 0 0 10 0.00 0.0 0 6.3 17 280 M M 4 20 290
14 77 69 73 -2 0 8 0.68 0.0 0 5.8 16 210 M M 10 13 23 200
15 71 63 67 -8 0 2 0.03 0.0 0 12.0 23 250 M M 7 1 28 250
16 79 61 70 -5 0 5 0.00 0.0 0 5.4 9 190 M M 5 1 13 310
17 81 64 73 -2 0 8 0.21 0.0 0 11.8 24 240 M M 6 13 30 240
18 77 57 67 -7 0 2 0.00 0.0 0 7.9 15 330 M M 2 21 330
19 81 56 69 -5 0 4 0.00 0.0 0 3.7 10 230 M M 2 18 14 240
20 86 65 76 2 0 11 0.00 0.0 0 6.0 12 240 M M 4 15 190
21 91 73 82 8 0 17 0.00 0.0 0 4.4 18 30 M M 7 27 20
22 84 67 76 2 0 11 0.00 0.0 0 6.3 12 30 M M 2 14 30
23 90 67 79 5 0 14 0.00 0.0 0 9.4 16 260 M M 3 21 230
24 88 69 79 5 0 14 0.91 0.0 0 15.3 38 60 M M 6 13 48 60
25 89 74 82 8 0 17 0.00 0.0 0 8.8 15 340 M M 6 1 18 330
26 84 69 77 4 0 12 0.00 0.0 0 7.4 15 50 M M 7 18 10
27 79 63 71 -2 0 6 0.00 0.0 0 8.7 18 50 M M 7 23 50
28 78 57 68 -5 0 3 0.00 0.0 0 7.4 13 30 M M 1 20 30
29 80 52 66 -7 0 1 T 0.0 0 4.1 13 320 M M 4 1 15 320
30 71 55 63 -10 2 0 T 0.0 0 9.8 17 40 M M 6 20 20
31 76 52 64 -8 1 0 0.00 0.0 0 7.9 15 40 M M 2 19 30
================================================================================
SM 2561 1971 3 261 4.47 0.0 243.3 M 157
================================================================================
AV 82.6 63.6 7.8 FASTST M M 5 MAX(MPH)
MISC ----> 38 60 48 60
================================================================================
NOTES:
# LAST OF SEVERAL OCCURRENCES
COLUMN 17 PEAK WIND IN M.P.H.
PRELIMINARY LOCAL CLIMATOLOGICAL DATA (WS FORM: F-6) , PAGE 2
STATION: DAYTON OH
MONTH: AUGUST
YEAR: 2023
LATITUDE: 39 54 N
LONGITUDE: 84 12 W
[TEMPERATURE DATA] [PRECIPITATION DATA] SYMBOLS USED IN COLUMN 16
AVERAGE MONTHLY: 73.1 TOTAL FOR MONTH: 4.47 1 = FOG OR MIST
DPTR FM NORMAL: -1.4 DPTR FM NORMAL: 1.51 2 = FOG REDUCING VISIBILITY
HIGHEST: 91 ON 21 GRTST 24HR 1.53 ON 7- 7 TO 1/4 MILE OR LESS
LOWEST: 52 ON 31,29 3 = THUNDER
SNOW, ICE PELLETS, HAIL 4 = ICE PELLETS
TOTAL MONTH: 0.0 INCH 5 = HAIL
GRTST 24HR 0.0 6 = FREEZING RAIN OR DRIZZLE
GRTST DEPTH: 0 7 = DUSTSTORM OR SANDSTORM:
VSBY 1/2 MILE OR LESS
8 = SMOKE OR HAZE
[NO. OF DAYS WITH] [WEATHER - DAYS WITH] 9 = BLOWING SNOW
X = TORNADO
MAX 32 OR BELOW: 0 0.01 INCH OR MORE: 7
MAX 90 OR ABOVE: 3 0.10 INCH OR MORE: 5
MIN 32 OR BELOW: 0 0.50 INCH OR MORE: 4
MIN 0 OR BELOW: 0 1.00 INCH OR MORE: 2
[HDD (BASE 65) ]
TOTAL THIS MO. 3 CLEAR (SCALE 0-3) 8
DPTR FM NORMAL 0 PTCLDY (SCALE 4-7) 20
TOTAL FM JUL 1 3 CLOUDY (SCALE 8-10) 3
DPTR FM NORMAL 3
[CDD (BASE 65) ]
TOTAL THIS MO. 261
DPTR FM NORMAL -35 [PRESSURE DATA]
TOTAL FM JAN 1 841 HIGHEST SLP 30.24 ON 1
DPTR FM NORMAL -149 LOWEST SLP 29.70 ON 10
[REMARKS]
#FINAL-08-23#