000
CXUS55 KDVN 011000
CF6DBQ
PRELIMINARY LOCAL CLIMATOLOGICAL DATA (WS FORM: F-6)
STATION: DUBUQUE IA
MONTH: APRIL
YEAR: 2023
LATITUDE: 42 24 N
LONGITUDE: 90 42 W
TEMPERATURE IN F: :PCPN: SNOW: WIND :SUNSHINE: SKY :PK WND
================================================================================
1 2 3 4 5 6A 6B 7 8 9 10 11 12 13 14 15 16 17 18
12Z AVG MX 2MIN
DY MAX MIN AVG DEP HDD CDD WTR SNW DPTH SPD SPD DIR MIN PSBL S-S WX SPD DR
================================================================================
1 46 28 37 -5 28 0 T T T 14.0 33 340 M M 6 1 42 330
2 63 30 47 5 18 0 0.00 0.0 0 15.9 32 170 M M 1 43 170
3 54 35 45 2 20 0 0.05 0.0 0 8.0 17 30 M M 8 25 40
4 67 44 56 13 9 0 0.00 0.0 0 15.3 29 320 M M 9 1 41 80
5 62 30 46 2 19 0 0.37 0.0 0 17.9 30 260 M M 6 13 40 260
6 49 25 37 -7 28 0 0.00 0.0 0 12.3 24 290 M M 0 30 310
7 58 32 45 1 20 0 0.00 0.0 0 12.5 20 170 M M 1 27 160
8 66 33 50 5 15 0 0.00 0.0 0 11.4 18 160 M M 0 24 200
9 68 39 54 9 11 0 0.00 0.0 0 11.4 28 170 M M 0 35 190
10 73 41 57 12 8 0 0.00 0.0 0 6.7 15 250 M M 0 21 200
11 78 44 61 15 4 0 0.00 0.0 0 12.2 26 250 M M 0 34 240
12 82 55 69 23 0 4 0.00 0.0 0 16.0 29 220 M M 0 37 220
13 80 48 64 18 1 0 0.00 0.0 0 13.1 25 200 M M 0 32 200
14 81 50 66 19 0 1 0.00 0.0 0 10.8 24 170 M M 0 32 170
15 72 46 59 12 6 0 0.38 0.0 0 12.8 24 160 M M 4 1 31 150
16 46 29 38 -10 27 0 0.54 1.8 0 15.9 29 310 M M 10 1 46 290
17 49 29 39 -9 26 0 0.06 0.6 2 16.2 30 320 M M 7 1 42 310
18 56 26 41 -7 24 0 0.00 0.0 0 5.2 14 350 M M 0 18 340
19 49 44 47 -2 18 0 0.13 0.0 0 15.3 31 110 M M 8 3 40 120
20 68 37 53 4 12 0 0.40 T 0 17.2 33 210 M M 7 135 44 220
21 51 32 42 -8 23 0 T 0.0 0 13.9 32 250 M M 4 43 250
22 42 31 37 -13 28 0 0.04 T 0 14.3 25 310 M M 8 1 33 300
23 44 29 37 -13 28 0 0.00 0.0 0 8.3 17 300 M M 9 27 300
24 54 26 40 -11 25 0 0.00 0.0 0 6.5 18 50 M M 6 25 40
25 51 34 43 -8 22 0 0.00 0.0 0 9.3 16 60 M M 6 24 50
26 56 27 42 -9 23 0 0.00 0.0 0 4.1 12 160 M M 1 15 100
27 67 35 51 -1 14 0 0.00 0.0 0 11.7 23 170 M M 0 29 170
28 71 44 58 6 7 0 0.00 0.0 0 6.1 14 330 M M 0 18 360
29 55 40 48 -4 17 0 0.10 0.0 0 13.2 26 330 M M 7 1 34 340
30 46 38 42 -11 23 0 0.01 0.0 0 20.1 31 310 M M 9 1 43 310
================================================================================
SM 1804 1081 504 5 2.08 2.4 367.6 M 117
================================================================================
AV 60.1 36.0 12.3 FASTST M M 4 MAX(MPH)
MISC ----> # 33 340 46 290
================================================================================
NOTES:
# LAST OF SEVERAL OCCURRENCES
COLUMN 17 PEAK WIND IN M.P.H.
PRELIMINARY LOCAL CLIMATOLOGICAL DATA (WS FORM: F-6) , PAGE 2
STATION: DUBUQUE IA
MONTH: APRIL
YEAR: 2023
LATITUDE: 42 24 N
LONGITUDE: 90 42 W
[TEMPERATURE DATA] [PRECIPITATION DATA] SYMBOLS USED IN COLUMN 16
AVERAGE MONTHLY: 48.1 TOTAL FOR MONTH: 2.08 1 = FOG OR MIST
DPTR FM NORMAL: 0.7 DPTR FM NORMAL: -1.98 2 = FOG REDUCING VISIBILITY
HIGHEST: 82 ON 12 GRTST 24HR 0.54 ON 16-16 TO 1/4 MILE OR LESS
LOWEST: 25 ON 6 3 = THUNDER
SNOW, ICE PELLETS, HAIL 4 = ICE PELLETS
TOTAL MONTH: 2.4 INCHES 5 = HAIL
GRTST 24HR 1.8 ON 16-16 6 = FREEZING RAIN OR DRIZZLE
GRTST DEPTH: 2 ON 17 7 = DUSTSTORM OR SANDSTORM:
VSBY 1/2 MILE OR LESS
8 = SMOKE OR HAZE
[NO. OF DAYS WITH] [WEATHER - DAYS WITH] 9 = BLOWING SNOW
X = TORNADO
MAX 32 OR BELOW: 0 0.01 INCH OR MORE: 10
MAX 90 OR ABOVE: 0 0.10 INCH OR MORE: 6
MIN 32 OR BELOW: 13 0.50 INCH OR MORE: 1
MIN 0 OR BELOW: 0 1.00 INCH OR MORE: 0
[HDD (BASE 65) ]
TOTAL THIS MO. 504 CLEAR (SCALE 0-3) 14
DPTR FM NORMAL -25 PTCLDY (SCALE 4-7) 12
TOTAL FM JUL 1 6389 CLOUDY (SCALE 8-10) 4
DPTR FM NORMAL -427
[CDD (BASE 65) ]
TOTAL THIS MO. 5
DPTR FM NORMAL 2 [PRESSURE DATA]
TOTAL FM JAN 1 5 HIGHEST SLP 30.55 ON 7
DPTR FM NORMAL 2 LOWEST SLP 29.33 ON 1
[REMARKS]
#FINAL-04-23#