000
CXUS54 KHUN 031622
CF6DCU
PRELIMINARY LOCAL CLIMATOLOGICAL DATA (WS FORM: F-6)
STATION: DECATUR
MONTH: DECEMBER
YEAR: 2021
LATITUDE: 34 39 N
LONGITUDE: 86 56 W
TEMPERATURE IN F: :PCPN: SNOW: WIND :SUNSHINE: SKY :PK WND
================================================================================
1 2 3 4 5 6A 6B 7 8 9 10 11 12 13 14 15 16 17 18
12Z AVG MX 2MIN
DY MAX MIN AVG DEP HDD CDD WTR SNW DPTH SPD SPD DIR MIN PSBL S-S WX SPD DR
================================================================================
1 67 35 51 4 14 0 T 0.0 0 5.7 20 190 M M 1 1 24 190
2 72 38 55 9 10 0 0.00 0.0 0 2.7 9 280 M M 0 13 250
3 74 35 55 9 10 0 0.00 0.0 0 2.9 9 200 M M 0 1 15 210
4 62 45 54 8 11 0 0.02 0.0 0 1.5 8 40 M M 7 1 12 50
5 72 56 64 18 1 0 0.00 0.0 0 7.7 25 170 M M 7 12 32 160
6 66 34 50 4 15 0 1.10 0.0 0 12.4 28 180 M M 5 13 34 180
7 44 30 37 -9 28 0 0.00 0.0 0 5.1 14 30 M M 6 17 20
8 54 31 43 -2 22 0 0.00 0.0 0 4.0 10 350 M M 3 14 360
9 58 29 44 -1 21 0 0.02 0.0 0 8.4 20 190 M M 4 31 120
10 72 54 63 18 2 0 T 0.0 0 12.0 25 180 M M 9 18 34 180
11 71 38 55 10 10 0 1.26 0.0 0 13.5 36 260 M M 5 13 55 250
12 53 28 41 -4 24 0 0.00 0.0 0 2.3 13 30 M M 0 18 40
13 61 28 45 1 20 0 0.00 0.0 0 2.7 10 160 M M 0 13 150
14 66 31 49 5 16 0 0.00 0.0 0 3.4 12 130 M M 0 16 130
15 66 48 57 13 8 0 0.00 0.0 0 11.1 20 160 M M 2 24 150
16 71 48 60 16 5 0 0.03 0.0 0 9.4 20 180 M M 5 24 190
17 66 57 62 18 3 0 0.01 0.0 0 8.0 21 180 M M 9 1 25 180
18 71 47 59 15 6 0 0.42 0.0 0 9.7 21 360 M M 9 13 24 10
19 47 28 38 -6 27 0 0.06 0.0 0 9.5 18 350 M M 7 1 23 360
20 47 28 38 -5 27 0 0.00 0.0 0 4.0 16 130 M M 5 19 130
21 51 35 43 0 22 0 0.00 0.0 0 3.6 12 290 M M 6 18 270
22 50 27 39 -4 26 0 0.00 0.0 0 5.1 17 360 M M 0 1 21 360
23 61 24 43 0 22 0 0.00 0.0 0 5.9 18 180 M M 0 21 180
24 67 44 56 13 9 0 0.00 0.0 0 13.7 23 190 M M 4 31 200
25 69 59 64 21 1 0 0.00 0.0 0 11.4 21 220 M M 9 31 190
26 71 50 61 19 4 0 0.00 0.0 0 4.6 10 180 M M 5 12 13 160
27 68 57 63 21 2 0 T 0.0 0 9.9 18 210 M M 10 1 23 200
28 73 63 68 26 0 3 1.02 0.0 0 12.3 22 170 M M 10 13 29 170
29 66 60 63 21 2 0 1.25 0.0 0 5.2 20 320 M M 9 123 26 330
30 67 49 58 16 7 0 0.00 0.0 0 2.5 9 350 M M 8 12 11 360
31 72 54 63 21 2 0 0.01 0.0 0 7.0 21 190 M M 7 1 26 190
================================================================================
SM 1975 1290 377 3 5.20 0.0 217.2 M 152
================================================================================
AV 63.7 41.6 7.0 FASTST M M 5 MAX(MPH)
MISC ----> 36 260 55 250
================================================================================
NOTES:
# LAST OF SEVERAL OCCURRENCES
COLUMN 17 PEAK WIND IN M.P.H.
PRELIMINARY LOCAL CLIMATOLOGICAL DATA (WS FORM: F-6) , PAGE 2
STATION: DECATUR
MONTH: DECEMBER
YEAR: 2021
LATITUDE: 34 39 N
LONGITUDE: 86 56 W
[TEMPERATURE DATA] [PRECIPITATION DATA] SYMBOLS USED IN COLUMN 16
AVERAGE MONTHLY: 52.7 TOTAL FOR MONTH: 5.20 1 = FOG OR MIST
DPTR FM NORMAL: 8.6 DPTR FM NORMAL: 0.00 2 = FOG REDUCING VISIBILITY
HIGHEST: 74 ON 3 GRTST 24HR 2.07 ON 28-29 TO 1/4 MILE OR LESS
LOWEST: 24 ON 23 3 = THUNDER
SNOW, ICE PELLETS, HAIL 4 = ICE PELLETS
TOTAL MONTH: 0.0 INCH 5 = HAIL
GRTST 24HR 0.0 6 = FREEZING RAIN OR DRIZZLE
GRTST DEPTH: 0 7 = DUSTSTORM OR SANDSTORM:
VSBY 1/2 MILE OR LESS
8 = SMOKE OR HAZE
[NO. OF DAYS WITH] [WEATHER - DAYS WITH] 9 = BLOWING SNOW
X = TORNADO
MAX 32 OR BELOW: 0 0.01 INCH OR MORE: 11
MAX 90 OR ABOVE: 0 0.10 INCH OR MORE: 5
MIN 32 OR BELOW: 10 0.50 INCH OR MORE: 4
MIN 0 OR BELOW: 0 1.00 INCH OR MORE: 4
[HDD (BASE 65) ]
TOTAL THIS MO. 377 CLEAR (SCALE 0-3) 10
DPTR FM NORMAL -272 PTCLDY (SCALE 4-7) 14
TOTAL FM JUL 1 1013 CLOUDY (SCALE 8-10) 7
DPTR FM NORMAL -238
[CDD (BASE 65) ]
TOTAL THIS MO. 3
DPTR FM NORMAL 2 [PRESSURE DATA]
TOTAL FM JAN 1 1690 HIGHEST SLP 30.46 ON 14
DPTR FM NORMAL -138 LOWEST SLP 29.73 ON 28
[REMARKS]
#FINAL-12-21#