000
CXUS53 KDDC 011757
CF6DDC
PRELIMINARY LOCAL CLIMATOLOGICAL DATA (WS FORM: F-6)
STATION: DODGE CITY KS
MONTH: MARCH
YEAR: 2020
LATITUDE: 37 46 N
LONGITUDE: 99 58 W
TEMPERATURE IN F: :PCPN: SNOW: WIND :SUNSHINE: SKY :PK WND
================================================================================
1 2 3 4 5 6A 6B 7 8 9 10 11 12 13 14 15 16 17 18
12Z AVG MX 2MIN
DY MAX MIN AVG DEP HDD CDD WTR SNW DPTH SPD SPD DIR MIN PSBL S-S WX SPD DR
================================================================================
1 65 29 47 7 18 0 0.00 0.0 0 11.6 22 20 M M 0 30 360
2 54 26 40 0 25 0 0.00 0.0 0 8.4 25 40 M M 0 34 30
3 62 28 45 5 20 0 0.00 0.0 0 7.0 20 310 M M 0 8 26 310
4 60 26 43 2 22 0 0.00 0.0 0 9.4 22 220 M M 0 31 210
5 59 32 46 5 19 0 0.00 0.0 0 14.5 28 360 M M 0 41 20
6 69 28 49 8 16 0 0.00 0.0 0 16.3 31 190 M M 0 8 41 210
7 71 41 56 14 9 0 0.00 0.0 0 23.8 38 180 M M 0 8 49 200
8 66 44 55 13 10 0 0.09 0.0 0 20.8 32 170 M M 3 1 39 170
9 56 36 46 4 19 0 0.00 0.0 0 14.9 29 360 M M 6 44 360
10 73 34 54 11 11 0 0.00 0.0 0 14.6 28 190 M M 2 128 36 200
11 71 36 54 11 11 0 0.00 0.0 0 11.6 22 180 M M 1 12 28 180
12 64 40 52 9 13 0 0.00 0.0 0 15.9 28 360 M M 0 36 350
13 43 33 38 -6 27 0 0.44 T 0 14.5 28 100 M M 9 1 37 100
14 39 33 36 -8 29 0 0.01 0.0 0 10.0 16 80 M M 10 1 21 80
15 42 32 37 -7 28 0 0.01 T 0 11.5 20 160 M M 10 1 25 160
16 50 37 44 0 21 0 0.01 0.0 0 8.5 20 170 M M 10 12 25 170
17 50 38 44 -1 21 0 0.02 0.0 0 13.8 26 140 M M 10 12 37 150
18 73 48 61 16 4 0 T 0.0 0 11.0 26 140 M M 5 128 33 150
19 71 32 52 7 13 0 0.03 T 0 23.6 44 350 M M 4 13 61 350
20 44 24 34 -12 31 0 0.00 0.0 0 17.3 37 350 M M 4 52 340
21 50 22 36 -10 29 0 T 0.0 0 15.3 25 170 M M 2 1 33 160
22 59 38 49 3 16 0 0.01 0.0 0 9.4 21 170 M M 7 12 27 180
23 57 38 48 2 17 0 0.19 0.0 0 9.2 18 130 M M 10 1238 29 150
24 70 40 55 8 10 0 0.09 0.0 0 8.5 24 310 M M 2 123 31 300
25 81 48 65 18 0 0 0.00 0.0 0 12.3 23 190 M M 0 8 33 190
26 69 43 56 9 9 0 0.00 0.0 0 10.1 17 130 M M 3 18 22 80
27 55 45 50 2 15 0 T 0.0 0 9.0 24 360 M M 6 128 29 350
28 54 37 46 -2 19 0 T 0.0 0 22.5 49 300 M M 4 128 66 300
29 66 34 50 2 15 0 0.00 0.0 0 13.7 22 280 M M 0 28 200
30 60 40 50 2 15 0 0.03 0.0 0 15.8 30 160 M M 6 1 40 160
31 67 40 54 5 11 0 T 0.0 0 11.3 20 170 M M 3 12 28 190
================================================================================
SM 1870 1102 523 0 0.93 T 416.1 M 117
================================================================================
AV 60.3 35.5 13.4 FASTST M M 4 MAX(MPH)
MISC ----> 49 300 66 300
================================================================================
NOTES:
# LAST OF SEVERAL OCCURRENCES
COLUMN 17 PEAK WIND IN M.P.H.
PRELIMINARY LOCAL CLIMATOLOGICAL DATA (WS FORM: F-6) , PAGE 2
STATION: DODGE CITY KS
MONTH: MARCH
YEAR: 2020
LATITUDE: 37 46 N
LONGITUDE: 99 58 W
[TEMPERATURE DATA] [PRECIPITATION DATA] SYMBOLS USED IN COLUMN 16
AVERAGE MONTHLY: 47.9 TOTAL FOR MONTH: 0.93 1 = FOG OR MIST
DPTR FM NORMAL: 3.5 DPTR FM NORMAL: -0.66 2 = FOG REDUCING VISIBILITY
HIGHEST: 81 ON 25 GRTST 24HR 0.44 ON 13-13 TO 1/4 MILE OR LESS
LOWEST: 22 ON 21 3 = THUNDER
SNOW, ICE PELLETS, HAIL 4 = ICE PELLETS
TOTAL MONTH: T 5 = HAIL
GRTST 24HR T ON 19-19 6 = FREEZING RAIN OR DRIZZLE
GRTST DEPTH: 0 7 = DUSTSTORM OR SANDSTORM:
VSBY 1/2 MILE OR LESS
8 = SMOKE OR HAZE
[NO. OF DAYS WITH] [WEATHER - DAYS WITH] 9 = BLOWING SNOW
X = TORNADO
MAX 32 OR BELOW: 0 0.01 INCH OR MORE: 11
MAX 90 OR ABOVE: 0 0.10 INCH OR MORE: 2
MIN 32 OR BELOW: 10 0.50 INCH OR MORE: 0
MIN 0 OR BELOW: 0 1.00 INCH OR MORE: 0
[HDD (BASE 65) ]
TOTAL THIS MO. 523 CLEAR (SCALE 0-3) 16
DPTR FM NORMAL -117 PTCLDY (SCALE 4-7) 9
TOTAL FM JUL 1 4206 CLOUDY (SCALE 8-10) 6
DPTR FM NORMAL -281
[CDD (BASE 65) ]
TOTAL THIS MO. 0
DPTR FM NORMAL -1 [PRESSURE DATA]
TOTAL FM JAN 1 0 HIGHEST SLP 30.59 ON 20
DPTR FM NORMAL -1 LOWEST SLP 29.46 ON 28
[REMARKS]
#FINAL-03-20#