000
CXUS55 KALY 010810
CF6DDH
PRELIMINARY LOCAL CLIMATOLOGICAL DATA (WS FORM: F-6)
STATION: BENNINGTON VT
MONTH: JANUARY
YEAR: 2023
LATITUDE: 42 53 N
LONGITUDE: 73 15 W
TEMPERATURE IN F: :PCPN: SNOW: WIND :SUNSHINE: SKY :PK WND
================================================================================
1 2 3 4 5 6A 6B 7 8 9 10 11 12 13 14 15 16 17 18
12Z AVG MX 2MIN
DY MAX MIN AVG DEP HDD CDD WTR SNW DPTH SPD SPD DIR MIN PSBL S-S WX SPD DR
================================================================================
1 54 37 46 22 19 0 T M M 6.7 17 240 M M 9 8 25 290
2 45 28 37 13 28 0 0.01 M M 2.2 12 280 M M 8 8 16 270
3 42 27 35 11 30 0 0.07 M M 0.7 5 360 M M 8 8 6 10
4 50 40 45 21 20 0 0.08 M M 1.3 10 360 M M 10 8 15 20
5 48 39 44 20 21 0 0.02 M M 8.1 18 120 M M 9 27 100
6 41 35 38 14 27 0 0.19 M M 1.3 9 230 M M 10 8 14 230
7 42 26 34 11 31 0 0.00 M M 6.7 16 280 M M 8 22 260
8 33 17 25 2 40 0 0.00 M M 1.9 12 340 M M 3 16 340
9 32 17 25 2 40 0 0.00 M M 3.8 15 250 M M 9 21 250
10 36 19 28 5 37 0 T M M 4.9 14 260 M M 7 21 280
11 33 14 24 1 41 0 0.00 M M 3.5 15 120 M M 4 19 140
12 47 30 39 16 26 0 0.08 M M 12.8 28 150 M M 10 37 140
13 54 28 41 19 24 0 0.38 M M 7.5 18 200 M M 10 8 27 150
14 28 22 25 3 40 0 0.00 M M 9.5 16 340 M M 10 23 360
15 29 17 23 1 42 0 0.00 M M 6.4 15 330 M M 6 20 340
16 31 19 25 3 40 0 T M M 8.0 24 330 M M 8 34 330
17 39 17 28 6 37 0 0.02 M M 1.8 7 190 M M 6 10 310
18 41 32 37 15 28 0 0.13 M M 6.0 14 240 M M 10 8 20 240
19 37 32 35 13 30 0 0.03 M M 4.4 13 100 M M 7 8 19 90
20 37 31 34 12 31 0 M M M 5.8 15 110 M M 10 8 22 110
21 31 28 30 8 35 0 T M M 3.9 12 320 M M 10 8 17 340
22 34 28 31 9 34 0 M M M 3.8 12 200 M M 10 16 150
23 33 28 31 9 34 0 M M M 5.4 13 360 M M 10 20 340
24 33 28 31 9 34 0 T M M 7.3 14 270 M M 10 8 26 250
25 43 24 34 12 31 0 0.03 M M 9.0 37 150 M M 9 8 50 160
26 42 26 34 12 31 0 0.01 M M 8.4 21 270 M M 10 8 33 150
27 35 22 29 7 36 0 T M M 3.2 10 160 M M 8 8 13 270
28 43 19 31 9 34 0 0.00 M M 5.6 16 290 M M 3 24 300
29 47 20 34 12 31 0 T M M 6.9 24 180 M M 7 8 37 230
30 43 28 36 14 29 0 0.03 M M 4.0 14 280 M M 9 17 280
31 28 14 21 -1 44 0 0.01 M M 4.7 14 350 M M M 19 350
================================================================================
SM 1211 792 1005 0 1.09 M 165.5 M 248
================================================================================
AV 39.1 25.5 5.3 FASTST M M 8 MAX(MPH)
MISC ----> 37 150 50 160
================================================================================
NOTES:
# LAST OF SEVERAL OCCURRENCES
COLUMN 17 PEAK WIND IN M.P.H.
PRELIMINARY LOCAL CLIMATOLOGICAL DATA (WS FORM: F-6) , PAGE 2
STATION: BENNINGTON VT
MONTH: JANUARY
YEAR: 2023
LATITUDE: 42 53 N
LONGITUDE: 73 15 W
[TEMPERATURE DATA] [PRECIPITATION DATA] SYMBOLS USED IN COLUMN 16
AVERAGE MONTHLY: 32.3 TOTAL FOR MONTH: 1.09 1 = FOG OR MIST
DPTR FM NORMAL: 9.7 DPTR FM NORMAL: -1.28 2 = FOG REDUCING VISIBILITY
HIGHEST: 54 ON 13, 1 GRTST 24HR 0.78 ON 22-23 TO 1/4 MILE OR LESS
LOWEST: 14 ON 31,11 3 = THUNDER
SNOW, ICE PELLETS, HAIL 4 = ICE PELLETS
TOTAL MONTH: M 5 = HAIL
GRTST 24HR M ON M 6 = FREEZING RAIN OR DRIZZLE
GRTST DEPTH: M ON M 7 = DUSTSTORM OR SANDSTORM:
VSBY 1/2 MILE OR LESS
8 = SMOKE OR HAZE
[NO. OF DAYS WITH] [WEATHER - DAYS WITH] 9 = BLOWING SNOW
X = TORNADO
MAX 32 OR BELOW: 6 0.01 INCH OR MORE: 14
MAX 90 OR ABOVE: 0 0.10 INCH OR MORE: 3
MIN 32 OR BELOW: 27 0.50 INCH OR MORE: 0
MIN 0 OR BELOW: 0 1.00 INCH OR MORE: 0
[HDD (BASE 65) ]
TOTAL THIS MO. 1005 CLEAR (SCALE 0-3) 0
DPTR FM NORMAL -309 PTCLDY (SCALE 4-7) 10
TOTAL FM JUL 1 3402 CLOUDY (SCALE 8-10) 21
DPTR FM NORMAL -551
[CDD (BASE 65) ]
TOTAL THIS MO. 0
DPTR FM NORMAL 0 [PRESSURE DATA]
TOTAL FM JAN 1 0 HIGHEST SLP M ON M
DPTR FM NORMAL 0 LOWEST SLP 29.36 ON 26
[REMARKS]
#FINAL-01-23#