000
CXUS53 KARX 012113
CF6DEH
PRELIMINARY LOCAL CLIMATOLOGICAL DATA (WS FORM: F-6)
STATION: DECORAH IA
MONTH: JUNE
YEAR: 2023
LATITUDE: 43 16 N
LONGITUDE: 91 44 W
TEMPERATURE IN F: :PCPN: SNOW: WIND :SUNSHINE: SKY :PK WND
================================================================================
1 2 3 4 5 6A 6B 7 8 9 10 11 12 13 14 15 16 17 18
12Z AVG MX 2MIN
DY MAX MIN AVG DEP HDD CDD WTR SNW DPTH SPD SPD DIR MIN PSBL S-S WX SPD DR
================================================================================
1 84 66 75 M 0 10 0.00 0.0 0 4.6 12 220 M M 4 22 220
2 86 66 76 M 0 11 0.40 0.0 0 3.7 14 60 M M 4 16 0
3 86 63 75 M 0 10 0.00 0.0 0 4.1 9 60 M M 3 15 40
4 84 64 74 M 0 9 0.00 0.0 0 5.0 10 70 M M 3 8 15 99
5 84 57 71 M 0 6 0.00 0.0 0 1.4 6 40 M M 3 1 M M
6 82 64 73 M 0 8 0.13 0.0 0 1.7 12 80 M M 6 18 17 0
7 75 55 65 M 0 0 0.00 0.0 0 5.1 9 100 M M 5 1 16 40
8 75 52 64 M 1 0 0.00 0.0 0 3.4 9 80 M M 3 14 0
9 79 48 64 M 1 0 0.00 0.0 0 2.6 8 240 M M 3 15 240
10 75 57 66 M 0 1 M 0.0 0 2.5 7 70 M M 7 12 220
11 64 50 57 M 8 0 0.00 0.0 0 8.4 15 340 M M 7 21 40
12 72 41 57 M 8 0 0.02 0.0 0 2.8 13 320 M M 5 20 320
13 81 52 67 M 0 2 T 0.0 0 5.2 20 330 M M 4 27 330
14 84 55 70 M 0 5 0.00 0.0 0 2.1 10 10 M M 4 13 99
15 73 54 64 M 1 0 0.00 0.0 0 6.1 9 70 M M 4 18 17 20
16 75 46 61 M 4 0 0.00 0.0 0 3.9 9 90 M M 4 15 90
17 79 52 66 M 0 1 0.00 0.0 0 4.8 9 170 M M 3 1 20 180
18 73 63 68 M 0 3 1.19 0.0 0 5.1 12 130 M M 7 1 18 130
19 84 63 74 M 0 9 0.00 0.0 0 3.9 8 130 M M 4 1 13 170
20 84 63 74 M 0 9 0.00 0.0 0 6.7 14 110 M M 3 23 110
21 86 61 74 M 0 9 0.00 0.0 0 5.9 10 160 M M 2 15 140
22 86 63 75 M 0 10 0.00 0.0 0 2.2 7 70 M M 1 12 0
23 88 59 74 M 0 9 0.00 0.0 0 1.7 6 60 M M 2 13 60
24 84 64 74 M 0 9 0.55 0.0 0 7.5 13 150 M M 4 23 150
25 75 61 68 M 0 3 0.10 0.0 0 7.9 14 320 M M 8 1 23 310
26 75 63 69 M 0 4 0.00 0.0 0 11.1 20 350 M M 8 30 350
27 81 57 69 M 0 4 0.00 0.0 0 3.0 6 99 M M 4 18 M M
28 81 63 72 M 0 7 0.08 0.0 0 7.3 13 170 M M 5 18 22 180
29 86 64 75 M 0 10 0.00 0.0 0 2.4 8 340 M M 3 18 14 300
30 81 66 74 M 0 9 0.00 0.0 0 1.6 6 240 M M 5 14 0
================================================================================
SM 2402 1752 23 158 2.47 0.0 133.7 M 128
================================================================================
AV 80.1 58.4 4.5 FASTST M M 4 MAX(MPH)
MISC ----> # 20 330 30 350
================================================================================
NOTES:
# LAST OF SEVERAL OCCURRENCES
COLUMN 17 PEAK WIND IN M.P.H.
PRELIMINARY LOCAL CLIMATOLOGICAL DATA (WS FORM: F-6) , PAGE 2
STATION: DECORAH IA
MONTH: JUNE
YEAR: 2023
LATITUDE: 43 16 N
LONGITUDE: 91 44 W
[TEMPERATURE DATA] [PRECIPITATION DATA] SYMBOLS USED IN COLUMN 16
AVERAGE MONTHLY: 69.2 TOTAL FOR MONTH: 2.47 1 = FOG OR MIST
DPTR FM NORMAL: 0.0 DPTR FM NORMAL: M 2 = FOG REDUCING VISIBILITY
HIGHEST: 88 ON 23 GRTST 24HR 1.19 ON 18-18 TO 1/4 MILE OR LESS
LOWEST: 41 ON 12 3 = THUNDER
SNOW, ICE PELLETS, HAIL 4 = ICE PELLETS
TOTAL MONTH: 0.0 INCH 5 = HAIL
GRTST 24HR 0.0 6 = FREEZING RAIN OR DRIZZLE
GRTST DEPTH: 0 7 = DUSTSTORM OR SANDSTORM:
VSBY 1/2 MILE OR LESS
8 = SMOKE OR HAZE
[NO. OF DAYS WITH] [WEATHER - DAYS WITH] 9 = BLOWING SNOW
X = TORNADO
MAX 32 OR BELOW: 0 0.01 INCH OR MORE: 7
MAX 90 OR ABOVE: 0 0.10 INCH OR MORE: 4
MIN 32 OR BELOW: 0 0.50 INCH OR MORE: 2
MIN 0 OR BELOW: 0 1.00 INCH OR MORE: 1
[HDD (BASE 65) ]
TOTAL THIS MO. 23 CLEAR (SCALE 0-3) 8
DPTR FM NORMAL M PTCLDY (SCALE 4-7) 21
TOTAL FM JUL 1 6903 CLOUDY (SCALE 8-10) 1
DPTR FM NORMAL M
[CDD (BASE 65) ]
TOTAL THIS MO. 158
DPTR FM NORMAL M [PRESSURE DATA]
TOTAL FM JAN 1 211 HIGHEST SLP M ON M
DPTR FM NORMAL M LOWEST SLP M ON M
[REMARKS]
#FINAL-06-23#