000
CXUS53 KARX 120117
CF6DEH
PRELIMINARY LOCAL CLIMATOLOGICAL DATA (WS FORM: F-6)
STATION: DECORAH IA
MONTH: OCTOBER
YEAR: 2020
LATITUDE: 43 16 N
LONGITUDE: 91 44 W
TEMPERATURE IN F: :PCPN: SNOW: WIND :SUNSHINE: SKY :PK WND
================================================================================
1 2 3 4 5 6A 6B 7 8 9 10 11 12 13 14 15 16 17 18
12Z AVG MX 2MIN
DY MAX MIN AVG DEP HDD CDD WTR SNW DPTH SPD SPD DIR MIN PSBL S-S WX SPD DR
================================================================================
1 55 39 47 M 18 0 T 0.0 0 8.0 16 330 M M 7 1 24 330
2 50 32 41 M 24 0 0.00 0.0 0 2.3 7 320 M M 5 1 M M
3 48 36 42 M 23 0 0.00 0.0 0 1.8 7 20 M M 7 M M
4 54 34 44 M 21 0 0.00 0.0 0 3.4 9 330 M M 2 13 340
5 66 41 54 M 11 0 0.00 0.0 0 11.0 18 200 M M 0 35 200
6 75 48 62 M 3 0 0.00 0.0 0 6.5 10 220 M M 0 21 240
7 72 48 60 M 5 0 0.00 0.0 0 5.4 13 340 M M 0 22 310
8 66 39 53 M 12 0 0.00 0.0 0 4.6 10 150 M M 1 15 140
9 82 54 68 M 0 3 0.00 0.0 0 10.0 16 220 M M 2 28 220
10 70 52 61 M 4 0 0.00 0.0 0 6.8 12 360 M M 0 18 20
11 72 46 59 M 6 0 0.00 0.0 0 8.9 14 140 M M 3 23 140
12 66 48 57 M 8 0 0.24 0.0 0 9.0 16 180 M M 3 28 310
13 61 45 53 M 12 0 0.00 0.0 0 8.0 16 300 M M 3 27 210
14 64 45 55 M 10 0 0.00 0.0 0 11.0 22 160 M M 3 39 160
15 48 34 41 M 24 0 0.00 0.0 0 9.7 18 310 M M 2 30 310
16 50 32 41 M 24 0 0.01 0.0 0 6.0 17 250 M M 3 28 290
17 63 39 51 M 14 0 0.00 0.0 0 11.6 17 330 M M 7 31 230
18 41 30 36 M 29 0 0.00 0.0 0 9.5 20 330 M M 3 22 340
19 34 27 31 M 34 0 M M 0 1.2 7 99 M M 8 M M
20 41 32 37 M 28 0 M M 0 5.1 13 110 M M 10 1 18 130
21 43 36 40 M 25 0 0.00 0.0 0 5.8 14 330 M M 6 17 270
22 39 36 38 M 27 0 M M 0 10.2 16 90 M M 9 1 23 60
23 37 32 35 M 30 0 0.00 0.0 0 14.0 21 330 M M 9 1 29 330
24 36 25 31 M 34 0 0.00 0.0 0 5.5 9 320 M M 6 14 30
25 32 25 29 M 36 0 M M M 6.8 10 20 M M 9 15 350
26 32 21 27 M 38 0 M M M 7.2 13 320 M M 4 15 350
27 36 19 28 M 37 0 0.00 0.0 M 4.0 10 210 M M 1 16 210
28 52 28 40 M 25 0 0.00 0.0 0 6.9 12 210 M M 0 18 220
29 39 32 36 M 29 0 0.00 0.0 0 8.1 13 10 M M 9 18 10
30 45 28 37 M 28 0 0.00 0.0 0 3.4 10 140 M M 5 18 140
31 63 32 48 M 17 0 0.00 0.0 0 14.6 24 300 M M 2 36 300
================================================================================
SM 1632 1115 636 3 0.25 0.0 226.3 M 129
================================================================================
AV 52.7 36.0 7.3 FASTST M M 4 MAX(MPH)
MISC ----> # 24 300 # 39 160
================================================================================
NOTES:
# LAST OF SEVERAL OCCURRENCES
COLUMN 17 PEAK WIND IN M.P.H.
PRELIMINARY LOCAL CLIMATOLOGICAL DATA (WS FORM: F-6) , PAGE 2
STATION: DECORAH IA
MONTH: OCTOBER
YEAR: 2020
LATITUDE: 43 16 N
LONGITUDE: 91 44 W
[TEMPERATURE DATA] [PRECIPITATION DATA] SYMBOLS USED IN COLUMN 16
AVERAGE MONTHLY: 44.3 TOTAL FOR MONTH: 0.25 1 = FOG OR MIST
DPTR FM NORMAL: M DPTR FM NORMAL: M 2 = FOG REDUCING VISIBILITY
HIGHEST: 82 ON 9 GRTST 24HR 0.24 ON 12-12 TO 1/4 MILE OR LESS
LOWEST: 19 ON 27 3 = THUNDER
SNOW, ICE PELLETS, HAIL 4 = ICE PELLETS
TOTAL MONTH: 0.0 INCH 5 = HAIL
GRTST 24HR 0.0 6 = FREEZING RAIN OR DRIZZLE
GRTST DEPTH: 0 7 = DUSTSTORM OR SANDSTORM:
VSBY 1/2 MILE OR LESS
8 = SMOKE OR HAZE
[NO. OF DAYS WITH] [WEATHER - DAYS WITH] 9 = BLOWING SNOW
X = TORNADO
MAX 32 OR BELOW: 2 0.01 INCH OR MORE: 2
MAX 90 OR ABOVE: 0 0.10 INCH OR MORE: 1
MIN 32 OR BELOW: 14 0.50 INCH OR MORE: 0
MIN 0 OR BELOW: 0 1.00 INCH OR MORE: 0
[HDD (BASE 65) ]
TOTAL THIS MO. 636 CLEAR (SCALE 0-3) 16
DPTR FM NORMAL M PTCLDY (SCALE 4-7) 10
TOTAL FM JUL 1 831 CLOUDY (SCALE 8-10) 5
DPTR FM NORMAL M
[CDD (BASE 65) ]
TOTAL THIS MO. 3
DPTR FM NORMAL M [PRESSURE DATA]
TOTAL FM JAN 1 676 HIGHEST SLP M ON M
DPTR FM NORMAL M LOWEST SLP M ON M
[REMARKS]
#FINAL-10-20#