000
CXUS55 KBOU 011559
CF6DEN
PRELIMINARY LOCAL CLIMATOLOGICAL DATA (WS FORM: F-6)
STATION: DENVER CO
MONTH: APRIL
YEAR: 2023
LATITUDE: 39 52 N
LONGITUDE: 104 40 W
TEMPERATURE IN F: :PCPN: SNOW: WIND :SUNSHINE: SKY :PK WND
================================================================================
1 2 3 4 5 6A 6B 7 8 9 10 11 12 13 14 15 16 17 18
12Z AVG MX 2MIN
DY MAX MIN AVG DEP HDD CDD WTR SNW DPTH SPD SPD DIR MIN PSBL S-S WX SPD DR
================================================================================
1 67 26 47 1 18 0 0.00 0.0 0 8.4 18 220 M M 3 23 210
2 70 31 51 5 14 0 0.00 0.0 0 10.1 30 300 M M 3 41 320
3 66 28 47 1 18 0 0.00 0.0 0 14.0 29 300 M M 5 37 290
4 37 16 27 -19 38 0 0.09 0.2 0 15.1 29 330 M M 9 1 38 330
5 43 11 27 -19 38 0 T T 0 8.9 21 310 M M 5 27 310
6 51 21 36 -10 29 0 0.00 0.0 0 8.4 16 190 M M 2 19 200
7 68 27 48 2 17 0 0.00 0.0 0 7.8 15 210 M M 3 16 210
8 71 39 55 9 10 0 T 0.0 0 11.3 30 270 M M 6 37 270
9 69 32 51 4 14 0 0.00 0.0 0 7.7 15 70 M M 3 22 330
10 76 31 54 7 11 0 0.00 0.0 0 7.3 16 200 M M 1 20 200
11 85 44 65 18 0 0 0.00 0.0 0 11.1 25 190 M M 1 32 190
12 85 50 68 21 0 3 0.00 0.0 0 11.8 21 220 M M 4 28 220
13 80 55 68 21 0 3 0.00 0.0 0 15.2 32 190 M M 7 45 200
14 55 32 44 -3 21 0 0.07 T T 11.6 25 20 M M 9 1 33 20
15 51 25 38 -9 27 0 T 0.0 T 8.2 31 350 M M 7 1 42 360
16 62 23 43 -5 22 0 0.00 0.0 0 9.2 21 200 M M 1 26 200
17 73 40 57 9 8 0 0.00 0.0 0 10.3 18 180 M M 3 26 200
18 78 42 60 12 5 0 0.00 0.0 0 16.8 36 240 M M 5 50 260
19 61 31 46 -2 19 0 0.05 T 0 16.5 43 320 M M 6 178 57 320
20 49 26 38 -10 27 0 0.00 0.0 0 12.2 26 280 M M 4 46 270
21 52 28 40 -8 25 0 0.06 0.7 0 9.9 24 40 M M 7 1 30 40
22 40 24 32 -17 33 0 0.06 1.3 2 6.8 18 30 M M 9 1 23 30
23 57 25 41 -8 24 0 0.00 0.0 0 6.5 15 170 M M 4 1 18 110
24 65 34 50 1 15 0 0.00 0.0 0 6.9 20 190 M M 6 27 170
25 64 38 51 1 14 0 0.31 0.0 0 11.5 31 200 M M 8 13X 39 200
26 56 39 48 -2 17 0 T 0.0 0 7.9 15 190 M M 8 1 19 200
27 68 39 54 4 11 0 0.16 0.0 0 16.3 39 30 M M 7 13 47 30
28 58 34 46 -4 19 0 T T 0 14.6 32 360 M M 7 39 360
29 73 41 57 6 8 0 0.00 0.0 0 9.8 21 30 M M 5 30 10
30 68 35 52 1 13 0 0.00 0.0 0 6.9 15 90 M M 2 18 80
================================================================================
SM 1898 967 515 6 0.80 2.2 319.0 M 150
================================================================================
AV 63.3 32.2 10.6 FASTST M M 5 MAX(MPH)
MISC ----> 43 320 57 320
================================================================================
NOTES:
# LAST OF SEVERAL OCCURRENCES
COLUMN 17 PEAK WIND IN M.P.H.
PRELIMINARY LOCAL CLIMATOLOGICAL DATA (WS FORM: F-6) , PAGE 2
STATION: DENVER CO
MONTH: APRIL
YEAR: 2023
LATITUDE: 39 52 N
LONGITUDE: 104 40 W
[TEMPERATURE DATA] [PRECIPITATION DATA] SYMBOLS USED IN COLUMN 16
AVERAGE MONTHLY: 47.8 TOTAL FOR MONTH: 0.80 1 = FOG OR MIST
DPTR FM NORMAL: 0.0 DPTR FM NORMAL: -0.88 2 = FOG REDUCING VISIBILITY
HIGHEST: 85 ON 11,12 GRTST 24HR 0.31 ON 25-25 TO 1/4 MILE OR LESS
LOWEST: 11 ON 5 3 = THUNDER
SNOW, ICE PELLETS, HAIL 4 = ICE PELLETS
TOTAL MONTH: 2.2 INCHES 5 = HAIL
GRTST 24HR 1.3 ON 22-22 6 = FREEZING RAIN OR DRIZZLE
GRTST DEPTH: 2 ON 22 7 = DUSTSTORM OR SANDSTORM:
VSBY 1/2 MILE OR LESS
8 = SMOKE OR HAZE
[NO. OF DAYS WITH] [WEATHER - DAYS WITH] 9 = BLOWING SNOW
X = TORNADO
MAX 32 OR BELOW: 0 0.01 INCH OR MORE: 7
MAX 90 OR ABOVE: 0 0.10 INCH OR MORE: 2
MIN 32 OR BELOW: 17 0.50 INCH OR MORE: 0
MIN 0 OR BELOW: 0 1.00 INCH OR MORE: 0
[HDD (BASE 65) ]
TOTAL THIS MO. 515 CLEAR (SCALE 0-3) 10
DPTR FM NORMAL -2 PTCLDY (SCALE 4-7) 15
TOTAL FM JUL 1 5947 CLOUDY (SCALE 8-10) 5
DPTR FM NORMAL 397
[CDD (BASE 65) ]
TOTAL THIS MO. 6
DPTR FM NORMAL 5 [PRESSURE DATA]
TOTAL FM JAN 1 6 HIGHEST SLP M ON M
DPTR FM NORMAL 5 LOWEST SLP 29.19 ON 13
[REMARKS]
#FINAL-04-23#