000
CXUS56 KOTX 010900
CF6DEW
PRELIMINARY LOCAL CLIMATOLOGICAL DATA (WS FORM: F-6)
STATION: DEER_PARK WA AIRPORT
MONTH: APRIL
YEAR: 2020
LATITUDE: 47 58 N
LONGITUDE: 117 25 W
TEMPERATURE IN F: :PCPN: SNOW: WIND :SUNSHINE: SKY :PK WND
================================================================================
1 2 3 4 5 6A 6B 7 8 9 10 11 12 13 14 15 16 17 18
12Z AVG MX 2MIN
DY MAX MIN AVG DEP HDD CDD WTR SNW DPTH SPD SPD DIR MIN PSBL S-S WX SPD DR
================================================================================
1 42 23 33 -9 32 0 0.10 M M 3.8 14 250 M M 6 12 16 270
2 47 20 34 -8 31 0 0.00 M M 6.3 20 240 M M 6 12 24 230
3 45 25 35 -8 30 0 0.04 M M 10.5 26 220 M M 7 18 32 200
4 47 19 33 -10 32 0 0.00 M M 6.8 14 40 M M 2 18 50
5 48 27 38 -5 27 0 0.01 M M 3.4 10 40 M M 8 1 13 50
6 57 26 42 -1 23 0 0.00 M M 5.3 17 240 M M 4 24 230
7 61 29 45 2 20 0 0.00 M M 7.5 17 230 M M 0 23 230
8 64 25 45 1 20 0 0.00 M M 4.3 14 340 M M 0 8 17 340
9 69 26 48 4 17 0 0.00 M M 3.3 14 230 M M 0 17 240
10 69 29 49 5 16 0 0.00 M M 3.3 12 240 M M 2 18 230
11 55 22 39 -5 26 0 0.00 M M 10.5 26 40 M M 3 8 33 40
12 49 21 35 -9 30 0 0.00 M M 4.2 16 70 M M 4 27 60
13 55 15 35 -9 30 0 0.00 M M 3.9 16 320 M M 1 23 290
14 58 38 48 4 17 0 T M M 5.8 16 260 M M 8 22 280
15 58 33 46 1 19 0 0.01 M M 9.0 22 40 M M 7 28 40
16 57 23 40 -5 25 0 0.00 M M 3.8 14 200 M M 1 19 250
17 63 23 43 -2 22 0 0.00 M M 5.9 17 220 M M 2 24 190
18 63 34 49 4 16 0 0.00 M M 5.5 15 360 M M 7 17 40
19 61 29 45 0 20 0 0.00 M M 3.0 14 180 M M 6 12 16 180
20 67 30 49 3 16 0 0.00 M M 2.8 13 250 M M 4 18 16 260
21 68 31 50 4 15 0 0.00 M M 9.8 22 240 M M 1 32 240
22 56 37 47 1 18 0 0.23 M M 6.2 18 210 M M 6 18 23 170
23 61 34 48 2 17 0 0.01 M M 4.9 18 230 M M 5 12 25 250
24 61 30 46 0 19 0 0.00 M M 3.4 12 160 M M 3 16 210
25 62 34 48 1 17 0 0.09 M M 8.1 28 230 M M 5 1 34 240
26 62 31 47 0 18 0 0.00 M M 7.2 20 240 M M 1 28 220
27 67 34 51 4 14 0 0.03 M M 13.6 33 250 M M 5 3 43 240
28 66 27 47 0 18 0 0.00 M M 5.1 14 220 M M 1 19 220
29 74 40 57 9 8 0 0.00 M M 7.2 17 20 M M 4 21 30
30 65 44 55 7 10 0 0.00 M M 13.4 25 230 M M 3 31 240
================================================================================
SM 1777 859 623 0 0.52 M 187.8 M 112
================================================================================
AV 59.2 28.6 6.3 FASTST M M 4 MAX(MPH)
MISC ----> # 33 250 # 43 240
================================================================================
NOTES:
# LAST OF SEVERAL OCCURRENCES
COLUMN 17 PEAK WIND IN M.P.H.
PRELIMINARY LOCAL CLIMATOLOGICAL DATA (WS FORM: F-6) , PAGE 2
STATION: DEER_PARK WA AIRPORT
MONTH: APRIL
YEAR: 2020
LATITUDE: 47 58 N
LONGITUDE: 117 25 W
[TEMPERATURE DATA] [PRECIPITATION DATA] SYMBOLS USED IN COLUMN 16
AVERAGE MONTHLY: 43.9 TOTAL FOR MONTH: 0.52 1 = FOG OR MIST
DPTR FM NORMAL: -1.0 DPTR FM NORMAL: -1.06 2 = FOG REDUCING VISIBILITY
HIGHEST: 74 ON 29 GRTST 24HR 0.23 ON 22-22 TO 1/4 MILE OR LESS
LOWEST: 15 ON 13 3 = THUNDER
SNOW, ICE PELLETS, HAIL 4 = ICE PELLETS
TOTAL MONTH: M 5 = HAIL
GRTST 24HR M ON M 6 = FREEZING RAIN OR DRIZZLE
GRTST DEPTH: M ON M 7 = DUSTSTORM OR SANDSTORM:
VSBY 1/2 MILE OR LESS
8 = SMOKE OR HAZE
[NO. OF DAYS WITH] [WEATHER - DAYS WITH] 9 = BLOWING SNOW
X = TORNADO
MAX 32 OR BELOW: 0 0.01 INCH OR MORE: 8
MAX 90 OR ABOVE: 0 0.10 INCH OR MORE: 2
MIN 32 OR BELOW: 21 0.50 INCH OR MORE: 0
MIN 0 OR BELOW: 0 1.00 INCH OR MORE: 0
[HDD (BASE 65) ]
TOTAL THIS MO. 623 CLEAR (SCALE 0-3) 12
DPTR FM NORMAL 19 PTCLDY (SCALE 4-7) 16
TOTAL FM JUL 1 6579 CLOUDY (SCALE 8-10) 2
DPTR FM NORMAL -232
[CDD (BASE 65) ]
TOTAL THIS MO. 0
DPTR FM NORMAL 0 [PRESSURE DATA]
TOTAL FM JAN 1 0 HIGHEST SLP 0.00 ON 28
DPTR FM NORMAL 0 LOWEST SLP 29.57 ON M
[REMARKS]
#FINAL-04-20#