000
CXUS56 KOTX 011316
CLMDEW
CLIMATE REPORT
NATIONAL WEATHER SERVICE SPOKANE WA
516 AM PST FRI MAR 01 2024
...................................
...THE DEER_PARK WA AIRPORT CLIMATE SUMMARY FOR THE MONTH OF FEBRUARY 2024...
CLIMATE NORMAL PERIOD 1991 TO 2020
CLIMATE RECORD PERIOD 9999 TO 9999
WEATHER OBSERVED NORMAL DEPART LAST YEAR`S
VALUE DATE(S) VALUE FROM VALUE DATE(S)
NORMAL
................................................................
TEMPERATURE (F)
RECORD
HIGH 60 02/28/2020
LOW -14 02/21/2018
HIGHEST 51 02/24 MM MM 48 02/20
LOWEST 16 02/16 MM MM 2 02/25
AVG. MAXIMUM 41.9 38.8 3.1 37.0
AVG. MINIMUM 29.5 21.6 7.9 19.8
MEAN 35.7 30.2 5.5 28.4
DAYS MAX >= 90 0 0.0 0.0 0
DAYS MAX <= 32 1 4.6 -3.6 4
DAYS MIN <= 32 16 25.1 -9.1 23
DAYS MIN <= 0 0 0.6 -0.6 0
PRECIPITATION (INCHES)
RECORD
MAXIMUM 5.96 1999
MINIMUM 0.11 2005
TOTALS 2.10 1.63 0.47 1.14
DAILY AVG. 0.07 NAN NAN 0.04
DAYS >= .01 17 11.4 5.6 8
DAYS >= .10 8 5.6 2.4 4
DAYS >= .50 0 0.6 -0.6 0
DAYS >= 1.00 0 0.1 -0.1 0
GREATEST
24 HR. TOTAL 0.46 02/27 TO 02/28 0.34
DEGREE DAYS
HEATING TOTAL 842 974 -132 1018
SINCE 7/1 4723 5310 -587 MM
COOLING TOTAL 0 0 0 0
SINCE 1/1 0 0 0 MM
................................................................
WIND (MPH)
AVERAGE WIND SPEED 6.1
HIGHEST WIND SPEED/DIRECTION 28/220 DATE 02/25
HIGHEST GUST SPEED/DIRECTION 43/230 DATE 02/25
SKY COVER
POSSIBLE SUNSHINE (PERCENT) MM
AVERAGE SKY COVER 0.78
NUMBER OF DAYS FAIR 4
NUMBER OF DAYS PC 5
NUMBER OF DAYS CLOUDY 20
AVERAGE RH (PERCENT) 76
WEATHER CONDITIONS. NUMBER OF DAYS WITH
THUNDERSTORM 0 MIXED PRECIP 1
HEAVY RAIN 0 RAIN 2
LIGHT RAIN 16 FREEZING RAIN 0
LT FREEZING RAIN 0 HAIL 0
HEAVY SNOW 0 SNOW 1
LIGHT SNOW 8 SLEET 0
FOG 23 FOG W/VIS <= 1/4 MILE 7
HAZE 2
- INDICATES NEGATIVE NUMBERS.
R INDICATES RECORD WAS SET OR TIED.
MM INDICATES DATA IS MISSING.
T INDICATES TRACE AMOUNT.
$$