000
CXUS53 KIWX 010910
CF6DFI
PRELIMINARY LOCAL CLIMATOLOGICAL DATA (WS FORM: F-6)
STATION: DEFIANCE MEMORIAL
MONTH: JANUARY
YEAR: 2023
LATITUDE: 41 20 N
LONGITUDE: 84 26 W
TEMPERATURE IN F: :PCPN: SNOW: WIND :SUNSHINE: SKY :PK WND
================================================================================
1 2 3 4 5 6A 6B 7 8 9 10 11 12 13 14 15 16 17 18
12Z AVG MX 2MIN
DY MAX MIN AVG DEP HDD CDD WTR SNW DPTH SPD SPD DIR MIN PSBL S-S WX SPD DR
================================================================================
1 49 37 43 16 22 0 0.00 M M 4.8 10 240 M M 9 12 18 240
2 48 43 46 20 19 0 0.00 M M 4.5 12 90 M M 10 12 16 100
3 56 42 49 23 16 0 0.37 M M 5.4 12 180 M M 10 12 18 190
4 56 37 47 21 18 0 0.00 M M 8.5 18 230 M M 9 1 29 230
5 40 33 37 11 28 0 0.02 M M 8.8 17 200 M M 10 1 25 220
6 34 30 32 6 33 0 T M M 7.8 14 230 M M 10 1 20 230
7 34 29 32 6 33 0 0.00 M M 2.8 13 300 M M 10 15 300
8 37 24 31 5 34 0 0.00 M M 1.9 7 30 M M 6 1 10 110
9 39 28 34 8 31 0 0.00 M M 6.6 14 220 M M 5 18 20 260
10 41 26 34 9 31 0 0.01 M M 3.6 9 220 M M 5 12 12 220
11 49 28 39 14 26 0 0.00 M M 4.1 12 190 M M 6 1 16 180
12 47 37 42 17 23 0 0.01 M M 10.4 22 340 M M 10 128 35 360
13 37 28 33 8 32 0 T M M 11.2 18 350 M M 10 1 27 10
14 34 20 27 2 38 0 0.00 M M 4.8 14 330 M M 4 19 340
15 38 16 27 2 38 0 0.00 M M 4.6 12 170 M M 0 18 160
16 43 23 33 8 32 0 0.25 M M 6.6 14 170 M M 4 1 22 170
17 49 39 44 19 21 0 0.01 M M 10.7 21 230 M M 8 1 36 230
18 41 37 39 14 26 0 0.14 M M 7.7 17 80 M M 10 1 29 270
19 53 36 45 20 20 0 0.49 M M 11.4 23 260 M M 10 13 40 250
20 37 30 34 9 31 0 T M M 9.3 16 250 M M 10 1 31 230
21 33 31 32 7 33 0 0.00 M M 5.7 13 220 M M 10 1 17 210
22 34 30 32 7 33 0 0.05 M M 4.2 9 100 M M 10 18 13 80
23 33 28 31 6 34 0 0.01 M M 8.5 16 230 M M 10 1 28 240
24 34 28 31 6 34 0 T M M 4.4 15 220 M M 9 18 23 220
25 34 32 33 8 32 0 0.33 M M 8.6 14 350 M M 10 12 23 40
26 33 22 28 3 37 0 0.01 M M 8.8 18 230 M M 10 18 32 240
27 38 15 27 2 38 0 T M M 13.3 26 200 M M 7 1 36 200
28 36 24 30 5 35 0 0.00 M M 5.8 15 250 M M 3 26 260
29 39 28 34 9 31 0 0.05 M M 6.7 15 330 M M 10 168 21 340
30 29 16 23 -2 42 0 0.01 M M 9.8 17 310 M M 10 18 23 300
31 19 8 14 -11 51 0 T M M 3.2 14 320 M M 4 18 320
================================================================================
SM 1224 885 952 0 1.76 M 214.5 M 249
================================================================================
AV 39.5 28.5 6.9 FASTST M M 8 MAX(MPH)
MISC ----> 26 200 40 250
================================================================================
NOTES:
# LAST OF SEVERAL OCCURRENCES
COLUMN 17 PEAK WIND IN M.P.H.
PRELIMINARY LOCAL CLIMATOLOGICAL DATA (WS FORM: F-6) , PAGE 2
STATION: DEFIANCE MEMORIAL
MONTH: JANUARY
YEAR: 2023
LATITUDE: 41 20 N
LONGITUDE: 84 26 W
[TEMPERATURE DATA] [PRECIPITATION DATA] SYMBOLS USED IN COLUMN 16
AVERAGE MONTHLY: 34.0 TOTAL FOR MONTH: 1.76 1 = FOG OR MIST
DPTR FM NORMAL: 8.8 DPTR FM NORMAL: -0.18 2 = FOG REDUCING VISIBILITY
HIGHEST: 56 ON 4, 3 GRTST 24HR 1.07 ON 18-19 TO 1/4 MILE OR LESS
LOWEST: 8 ON 31 3 = THUNDER
SNOW, ICE PELLETS, HAIL 4 = ICE PELLETS
TOTAL MONTH: M 5 = HAIL
GRTST 24HR M ON M 6 = FREEZING RAIN OR DRIZZLE
GRTST DEPTH: M ON M 7 = DUSTSTORM OR SANDSTORM:
VSBY 1/2 MILE OR LESS
8 = SMOKE OR HAZE
[NO. OF DAYS WITH] [WEATHER - DAYS WITH] 9 = BLOWING SNOW
X = TORNADO
MAX 32 OR BELOW: 2 0.01 INCH OR MORE: 14
MAX 90 OR ABOVE: 0 0.10 INCH OR MORE: 5
MIN 32 OR BELOW: 22 0.50 INCH OR MORE: 0
MIN 0 OR BELOW: 0 1.00 INCH OR MORE: 0
[HDD (BASE 65) ]
TOTAL THIS MO. 952 CLEAR (SCALE 0-3) 2
DPTR FM NORMAL -282 PTCLDY (SCALE 4-7) 9
TOTAL FM JUL 1 3096 CLOUDY (SCALE 8-10) 20
DPTR FM NORMAL -469
[CDD (BASE 65) ]
TOTAL THIS MO. 0
DPTR FM NORMAL 0 [PRESSURE DATA]
TOTAL FM JAN 1 0 HIGHEST SLP 30.47 ON 31
DPTR FM NORMAL 0 LOWEST SLP 29.44 ON 19
[REMARKS]
#FINAL-01-23#