000
CXUS54 KFWD 010730
CF6DFW
PRELIMINARY LOCAL CLIMATOLOGICAL DATA (WS FORM: F-6)
STATION: DALLAS/FORT WORTH
MONTH: JUNE
YEAR: 2021
LATITUDE: 32 54 N
LONGITUDE: 97 2 W
TEMPERATURE IN F: :PCPN: SNOW: WIND :SUNSHINE: SKY :PK WND
================================================================================
1 2 3 4 5 6A 6B 7 8 9 10 11 12 13 14 15 16 17 18
12Z AVG MX 2MIN
DY MAX MIN AVG DEP HDD CDD WTR SNW DPTH SPD SPD DIR MIN PSBL S-S WX SPD DR
================================================================================
1 72 64 68 -11 0 3 0.05 0.0 0 8.3 18 310 M M 9 1 24 300
2 83 60 72 -7 0 7 T 0.0 0 5.1 12 30 M M 7 16 290
3 81 65 73 -7 0 8 0.00 0.0 0 4.5 13 190 M M 7 17 200
4 81 67 74 -6 0 9 0.00 0.0 0 6.3 14 150 M M 8 20 110
5 87 68 78 -2 0 13 0.37 0.0 0 6.9 18 200 M M 9 13 23 330
6 88 67 78 -2 0 13 0.00 0.0 0 9.5 17 190 M M 8 25 180
7 82 68 75 -5 0 10 0.81 0.0 0 9.0 20 340 M M 8 13 29 150
8 89 73 81 0 0 16 T 0.0 0 10.8 20 190 M M 8 13 24 180
9 93 77 85 4 0 20 0.00 0.0 0 12.3 20 190 M M 5 25 200
10 92 77 85 4 0 20 0.00 0.0 0 12.1 18 180 M M 4 30 200
11 94 77 86 5 0 21 0.00 0.0 0 14.1 23 180 M M 3 31 200
12 92 72 82 0 0 17 T 0.0 0 7.8 31 10 M M 5 3 42 20
13 99 76 88 6 0 23 0.00 0.0 0 4.1 13 220 M M 6 20 220
14 99 81 90 8 0 25 0.00 0.0 0 6.4 16 30 M M 6 20 50
15 97 77 87 5 0 22 0.00 0.0 0 3.7 14 40 M M 2 19 40
16 98 76 87 5 0 22 0.00 0.0 0 3.7 10 180 M M 1 15 160
17 99 75 87 5 0 22 0.00 0.0 0 5.8 13 180 M M 3 17 170
18 95 78 87 5 0 22 0.00 0.0 0 8.2 14 150 M M 4 22 90
19 94 71 83 0 0 18 0.00 0.0 0 7.7 16 170 M M 1 22 180
20 96 77 87 4 0 22 0.00 0.0 0 14.6 22 170 M M 1 28 180
21 93 69 81 -2 0 16 0.14 0.0 0 14.0 30 20 M M 7 13 40 10
22 86 66 76 -7 0 11 0.00 0.0 0 9.0 15 150 M M 4 20 70
23 95 75 85 2 0 20 0.00 0.0 0 12.7 20 170 M M 5 29 180
24 95 78 87 4 0 22 0.00 0.0 0 15.8 22 170 M M 3 29 160
25 96 79 88 5 0 23 0.00 0.0 0 16.4 25 160 M M 3 35 180
26 95 78 87 3 0 22 0.00 0.0 0 16.4 25 180 M M 6 35 180
27 95 78 87 3 0 22 0.00 0.0 M 11.0 22 130 M M 7 28 130
28 89 74 82 -2 0 17 0.63 0.0 M 6.8 31 120 M M 8 123 37 120
29 90 74 82 -2 0 17 0.15 0.0 M 9.1 18 160 M M 8 1 26 180
30 91 74 83 -1 0 18 0.00 0.0 M 5.4 9 150 M M 6 15 160
================================================================================
SM 2736 2191 0 521 2.15 0.0 277.5 M 162
================================================================================
AV 91.2 73.0 9.2 FASTST M M 5 MAX(MPH)
MISC ----> # 31 10 42 20
================================================================================
NOTES:
# LAST OF SEVERAL OCCURRENCES
COLUMN 17 PEAK WIND IN M.P.H.
PRELIMINARY LOCAL CLIMATOLOGICAL DATA (WS FORM: F-6) , PAGE 2
STATION: DALLAS/FORT WORTH
MONTH: JUNE
YEAR: 2021
LATITUDE: 32 54 N
LONGITUDE: 97 2 W
[TEMPERATURE DATA] [PRECIPITATION DATA] SYMBOLS USED IN COLUMN 16
AVERAGE MONTHLY: 82.1 TOTAL FOR MONTH: 2.15 1 = FOG OR MIST
DPTR FM NORMAL: 0.2 DPTR FM NORMAL: -1.55 2 = FOG REDUCING VISIBILITY
HIGHEST: 99 ON 17,14 GRTST 24HR 1.14 ON 31- 1 TO 1/4 MILE OR LESS
LOWEST: 60 ON 2 3 = THUNDER
SNOW, ICE PELLETS, HAIL 4 = ICE PELLETS
TOTAL MONTH: 0.0 INCH 5 = HAIL
GRTST 24HR 0.0 6 = FREEZING RAIN OR DRIZZLE
GRTST DEPTH: 0 7 = DUSTSTORM OR SANDSTORM:
VSBY 1/2 MILE OR LESS
8 = SMOKE OR HAZE
[NO. OF DAYS WITH] [WEATHER - DAYS WITH] 9 = BLOWING SNOW
X = TORNADO
MAX 32 OR BELOW: 0 0.01 INCH OR MORE: 6
MAX 90 OR ABOVE: 20 0.10 INCH OR MORE: 5
MIN 32 OR BELOW: 0 0.50 INCH OR MORE: 2
MIN 0 OR BELOW: 0 1.00 INCH OR MORE: 0
[HDD (BASE 65) ]
TOTAL THIS MO. 0 CLEAR (SCALE 0-3) 8
DPTR FM NORMAL 0 PTCLDY (SCALE 4-7) 16
TOTAL FM JUL 1 2239 CLOUDY (SCALE 8-10) 6
DPTR FM NORMAL 21
[CDD (BASE 65) ]
TOTAL THIS MO. 521
DPTR FM NORMAL 15 [PRESSURE DATA]
TOTAL FM JAN 1 884 HIGHEST SLP M ON M
DPTR FM NORMAL -59 LOWEST SLP 29.67 ON 20
[REMARKS]
#FINAL-06-21#