000
CXUS55 KCYS 011710
CF6DGW
PRELIMINARY LOCAL CLIMATOLOGICAL DATA (WS FORM: F-6)
STATION: CONVERSE CO (DOUGLAS) WY ARPT
MONTH: FEBRUARY
YEAR: 2024
LATITUDE: 42 46 N
LONGITUDE: 105 22 W
TEMPERATURE IN F: :PCPN: SNOW: WIND :SUNSHINE: SKY :PK WND
================================================================================
1 2 3 4 5 6A 6B 7 8 9 10 11 12 13 14 15 16 17 18
12Z AVG MX 2MIN
DY MAX MIN AVG DEP HDD CDD WTR SNW DPTH SPD SPD DIR MIN PSBL S-S WX SPD DR
================================================================================
1 60 20 40 14 25 0 0.00 M M 4.1 12 120 M M 0 14 270
2 51 27 39 13 26 0 0.00 M M 11.2 25 130 M M 2 1 34 140
3 37 32 35 9 30 0 0.28 M M 7.7 22 140 M M 10 12 28 140
4 44 22 33 7 32 0 0.00 M M 7.2 24 250 M M 3 12 31 260
5 56 20 38 12 27 0 0.00 M M 8.2 24 240 M M 1 32 240
6 58 33 46 20 19 0 0.00 M M 7.4 20 150 M M 3 23 150
7 53 31 42 16 23 0 0.01 M M 10.3 26 280 M M 5 1 33 270
8 41 22 32 6 33 0 0.16 M M 11.2 29 280 M M 6 1 37 290
9 41 18 30 4 35 0 0.00 M M 3.0 10 80 M M 5 15 10
10 30 21 26 0 39 0 T M M 6.1 17 20 M M 9 20 20
11 41 16 29 3 36 0 0.00 M M 7.6 23 300 M M 1 29 310
12 45 22 34 8 31 0 0.00 M M 6.5 20 260 M M 6 25 280
13 45 23 34 8 31 0 0.00 M M 8.6 24 280 M M 3 30 290
14 37 24 31 5 34 0 0.00 M M 9.5 17 320 M M 6 23 320
15 31 15 23 -4 42 0 0.01 M M 8.6 17 130 M M 10 18 22 130
16 16 -6 5 -22 60 0 0.09 M M 6.9 13 50 M M 7 12 16 10
17 31 -7 12 -15 53 0 0.00 M M 8.1 17 310 M M 0 23 310
18 43 -1 21 -6 44 0 0.00 M M 6.5 26 290 M M 2 37 270
19 49 24 37 10 28 0 0.00 M M 7.4 22 290 M M 1 26 280
20 55 34 45 17 20 0 0.00 M M 11.3 29 270 M M 0 41 280
21 44 33 39 11 26 0 0.05 M M 5.9 14 310 M M 8 1 22 99
22 49 28 39 11 26 0 0.00 M M 10.0 29 270 M M 2 35 270
23 49 24 37 9 28 0 0.00 M M 12.6 28 290 M M 1 36 290
24 53 24 39 10 26 0 0.00 M M 20.4 37 270 M M 0 47 260
25 56 37 47 18 18 0 0.00 M M 22.4 38 270 M M 0 52 270
26 57 26 42 12 23 0 T M M 27.9 48 280 M M 1 69 300
27 26 4 15 -15 50 0 0.02 M M 9.8 23 320 M M 7 1 29 330
28 47 1 24 -6 41 0 0.00 M M 11.8 29 280 M M 0 38 290
29 58 30 44 14 21 0 0.00 M M 15.3 32 260 M M 0 42 270
================================================================================
SM 1303 597 927 0 0.62 M 293.5 M 99
================================================================================
AV 44.9 20.6 10.1 FASTST M M 3 MAX(MPH)
MISC ----> 48 280 69 300
================================================================================
NOTES:
# LAST OF SEVERAL OCCURRENCES
COLUMN 17 PEAK WIND IN M.P.H.
PRELIMINARY LOCAL CLIMATOLOGICAL DATA (WS FORM: F-6) , PAGE 2
STATION: CONVERSE CO (DOUGLAS) WY ARPT
MONTH: FEBRUARY
YEAR: 2024
LATITUDE: 42 46 N
LONGITUDE: 105 22 W
[TEMPERATURE DATA] [PRECIPITATION DATA] SYMBOLS USED IN COLUMN 16
AVERAGE MONTHLY: 32.8 TOTAL FOR MONTH: 0.62 1 = FOG OR MIST
DPTR FM NORMAL: 5.7 DPTR FM NORMAL: 0.31 2 = FOG REDUCING VISIBILITY
HIGHEST: 60 ON 1 GRTST 24HR 0.28 ON 3- 3 TO 1/4 MILE OR LESS
LOWEST: -7 ON 17 3 = THUNDER
SNOW, ICE PELLETS, HAIL 4 = ICE PELLETS
TOTAL MONTH: M 5 = HAIL
GRTST 24HR M ON M 6 = FREEZING RAIN OR DRIZZLE
GRTST DEPTH: M ON M 7 = DUSTSTORM OR SANDSTORM:
VSBY 1/2 MILE OR LESS
8 = SMOKE OR HAZE
[NO. OF DAYS WITH] [WEATHER - DAYS WITH] 9 = BLOWING SNOW
X = TORNADO
MAX 32 OR BELOW: 5 0.01 INCH OR MORE: 7
MAX 90 OR ABOVE: 0 0.10 INCH OR MORE: 2
MIN 32 OR BELOW: 25 0.50 INCH OR MORE: 0
MIN 0 OR BELOW: 3 1.00 INCH OR MORE: 0
[HDD (BASE 65) ]
TOTAL THIS MO. 927 CLEAR (SCALE 0-3) 17
DPTR FM NORMAL -134 PTCLDY (SCALE 4-7) 8
TOTAL FM JUL 1 4903 CLOUDY (SCALE 8-10) 4
DPTR FM NORMAL -449
[CDD (BASE 65) ]
TOTAL THIS MO. 0
DPTR FM NORMAL 0 [PRESSURE DATA]
TOTAL FM JAN 1 0 HIGHEST SLP 30.64 ON 16
DPTR FM NORMAL 0 LOWEST SLP 29.29 ON 7
[REMARKS]
#FINAL-02-24#