566
CXUS55 KCYS 111702
CF6DGW
PRELIMINARY LOCAL CLIMATOLOGICAL DATA (WS FORM: F-6) ...CORRECTED...
STATION: CONVERSE CO (DOUGLAS) WY ARPT
MONTH: AUGUST
YEAR: 2020
LATITUDE: 42 46 N
LONGITUDE: 105 22 W
TEMPERATURE IN F: :PCPN: SNOW: WIND :SUNSHINE: SKY :PK WND
================================================================================
1 2 3 4 5 6A 6B 7 8 9 10 11 12 13 14 15 16 17 18
12Z AVG MX 2MIN
DY MAX MIN AVG DEP HDD CDD WTR SNW DPTH SPD SPD DIR MIN PSBL S-S WX SPD DR
================================================================================
1 88 54 71 -1 0 6 0.00 M M 6.3 17 110 M M 1 24 90
2 84 58 71 -1 0 6 0.00 M M 12.2 21 130 M M 0 27 150
3 93 58 76 4 0 11 T M M 13.9 28 10 M M 1 3 40 360
4 88 53 71 -1 0 6 0.00 M M 7.4 17 70 M M 1 24 60
5 91 54 73 1 0 8 0.11 M M 9.5 25 130 M M 0 3 32 130
6 95 58 77 5 0 12 0.00 M M 11.0 26 130 M M 0 36 130
7 98 53 76 4 0 11 0.00 M M 8.6 24 290 M M 0 36 280
8 92 53 73 1 0 8 T M M 6.4 16 130 M M 0 3 23 140
9 89 54 72 0 0 7 0.00 M M 11.5 22 340 M M 0 29 10
10 89 53 71 0 0 6 0.00 M M 11.4 22 160 M M 0 29 150
11 98 53 76 5 0 11 0.00 M M 8.6 35 310 M M 0 3 48 300
12 93 53 73 2 0 8 T M M 5.0 35 180 M M 1 50 180
13 97 48 73 2 0 8 0.00 M M 7.5 21 280 0 0 0 39 270
14 M M M M M M M M M M M M 0 0 0 M M
15 M M M M M M M M M M M M 0 0 0 0 0
16 M M M M M M M M M M M M 0 0 0 0 M
17 M M M M M M M M M M M M 0 0 0 0 0
18 M M M M M M M M M M M M 0 0 0 0 0
19 M M M M M M M M M M M M 0 0 0 0 0
20 M M M M M M M M M M M M 0 0 0 0 0
21 M M M M M M M M M M M M 0 0 0 0 0
22 98 M M M M M 0.00 M M 8.1 17 300 M M 0 8 23 110
23 100 63 82 14 0 17 0.00 M M 7.7 24 340 M M 0 8 31 330
24 97 68 83 15 0 18 0.00 M M 6.2 20 10 M M 0 23 200
25 99 62 81 13 0 16 T M M 9.3 26 270 M M 1 37 270
26 94 62 78 10 0 13 0.00 M M 9.2 16 310 M M 0 21 99
27 93 63 78 11 0 13 0.25 M M 8.1 24 10 M M 1 38 34 360
28 80 57 69 2 0 4 0.00 M M 9.8 20 130 M M 0 25 130
29 88 54 71 5 0 6 0.04 M M 11.8 26 80 M M 0 38 32 80
30 84 50 67 1 0 2 0.00 M M 14.4 38 360 M M 2 51 350
31 72 35 54 -12 11 0 T M M 8.2 28 320 M M 5 41 310
================================================================================
SM 2100 1216 11 197 0.40 M 212.1 0 13
================================================================================
AV 91.3 55.3 9.2 FASTST 0 0 0 MAX(MPH)
MISC ----> # 38 360 # 51 350
================================================================================
NOTES:
# LAST OF SEVERAL OCCURRENCES
COLUMN 17 PEAK WIND IN M.P.H.
PRELIMINARY LOCAL CLIMATOLOGICAL DATA (WS FORM: F-6) , PAGE 2
STATION: CONVERSE CO (DOUGLAS) WY ARPT
MONTH: AUGUST
YEAR: 2020
LATITUDE: 42 46 N
LONGITUDE: 105 22 W
[TEMPERATURE DATA] [PRECIPITATION DATA] SYMBOLS USED IN COLUMN 16
AVERAGE MONTHLY: 73.3 TOTAL FOR MONTH: 0.40 1 = FOG OR MIST
DPTR FM NORMAL: 3.5 DPTR FM NORMAL: -0.74 2 = FOG REDUCING VISIBILITY
HIGHEST: 100 ON 23 GRTST 24HR 0.25 ON 27-27 TO 1/4 MILE OR LESS
LOWEST: 35 ON 31 3 = THUNDER
SNOW, ICE PELLETS, HAIL 4 = ICE PELLETS
TOTAL MONTH: M 5 = HAIL
GRTST 24HR M ON M 6 = FREEZING RAIN OR DRIZZLE
GRTST DEPTH: M ON M 7 = DUSTSTORM OR SANDSTORM:
VSBY 1/2 MILE OR LESS
8 = SMOKE OR HAZE
[NO. OF DAYS WITH] [WEATHER - DAYS WITH] 9 = BLOWING SNOW
X = TORNADO
MAX 32 OR BELOW: 0 0.01 INCH OR MORE: 3
MAX 90 OR ABOVE: 14 0.10 INCH OR MORE: 2
MIN 32 OR BELOW: 0 0.50 INCH OR MORE: 0
MIN 0 OR BELOW: 0 1.00 INCH OR MORE: 0
[HDD (BASE 65) ]
TOTAL THIS MO. 11 CLEAR (SCALE 0-3) 30
DPTR FM NORMAL -15 PTCLDY (SCALE 4-7) 1
TOTAL FM JUL 1 11 CLOUDY (SCALE 8-10) 0
DPTR FM NORMAL -30
[CDD (BASE 65) ]
TOTAL THIS MO. 197
DPTR FM NORMAL 21 [PRESSURE DATA]
TOTAL FM JAN 1 603 HIGHEST SLP 30.19 ON 17
DPTR FM NORMAL 145 LOWEST SLP 29.57 ON 30
[REMARKS]
AUGUST 14TH-22ND...MISSING DATA.
#FINAL-08-20#