000
CXUS52 KTAE 010800
CF6DHN
PRELIMINARY LOCAL CLIMATOLOGICAL DATA (WS FORM: F-6)
STATION: DOTHAN
MONTH: AUGUST
YEAR: 2021
LATITUDE: 31 19 N
LONGITUDE: 85 27 W
TEMPERATURE IN F: :PCPN: SNOW: WIND :SUNSHINE: SKY :PK WND
================================================================================
1 2 3 4 5 6A 6B 7 8 9 10 11 12 13 14 15 16 17 18
12Z AVG MX 2MIN
DY MAX MIN AVG DEP HDD CDD WTR SNW DPTH SPD SPD DIR MIN PSBL S-S WX SPD DR
================================================================================
1 94 75 85 2 0 20 0.10 0.0 M 7.6 23 190 M M 2 13 28 180
2 93 73 83 0 0 18 0.10 0.0 0 5.6 24 310 M M 3 13 28 300
3 85 73 79 -4 0 14 0.03 0.0 0 3.5 14 60 M M 6 18 17 70
4 86 71 79 -4 0 14 0.00 0.0 0 5.5 13 70 M M 4 1 16 50
5 89 72 81 -2 0 16 0.00 0.0 0 6.7 15 60 M M 3 20 70
6 86 69 78 -5 0 13 0.00 0.0 0 3.5 10 50 M M 3 1 12 50
7 91 71 81 -2 0 16 0.00 0.0 0 2.2 8 30 M M 2 1 11 60
8 93 74 84 1 0 19 0.00 0.0 0 3.5 13 190 M M 1 15 200
9 94 73 84 1 0 19 0.00 0.0 0 2.5 10 240 M M 1 13 13 250
10 96 74 85 2 0 20 T M M 3.2 18 150 M M 2 138 26 140
11 94 72 83 1 0 18 T M M 4.0 21 210 M M 2 13 26 240
12 94 70 82 0 0 17 1.05 0.0 M 3.7 38 190 M M 2 123 49 190
13 93 69 81 -1 0 16 0.00 0.0 0 1.5 10 140 M M 0 14 140
14 93 74 84 2 0 19 0.01 0.0 0 3.8 14 40 M M 1 3 20 40
15 85 70 78 -4 0 13 0.00 0.0 M 4.2 9 120 M M 0 3 13 130
16 81 72 77 -5 0 12 3.83 0.0 0 13.4 32 30 M M 6 1 45 30
17 90 73 82 0 0 17 T 0.0 0 7.9 17 240 M M 6 1 22 220
18 92 73 83 1 0 18 0.00 0.0 0 3.5 15 190 M M 2 19 150
19 92 73 83 1 0 18 0.00 0.0 0 3.6 9 280 M M 1 12 12 250
20 92 74 83 1 0 18 0.16 0.0 0 5.3 24 310 M M 2 13 28 310
21 90 74 82 0 0 17 0.01 0.0 0 6.2 16 10 M M 2 138 20 10
22 91 74 83 1 0 18 0.25 0.0 0 8.3 21 350 M M 2 138 32 340
23 93 75 84 2 0 19 0.00 0.0 0 4.3 13 340 M M 3 16 290
24 93 74 84 3 0 19 0.00 0.0 0 3.7 18 150 M M 3 12 27 150
25 92 73 83 2 0 18 T 0.0 0 5.4 25 150 M M 3 12 33 150
26 91 72 82 1 0 17 0.00 0.0 0 5.8 16 70 M M 4 1 20 90
27 91 73 82 1 0 17 0.00 0.0 0 6.1 16 80 M M 4 20 80
28 88 73 81 0 0 16 0.70 0.0 0 7.9 17 110 M M 5 13 25 110
29 85 73 79 -2 0 14 0.49 0.0 0 6.4 28 180 M M 6 13 37 200
30 83 74 79 -2 0 14 0.16 0.0 0 9.5 24 190 M M 3 138 30 210
31 84 73 79 -2 0 14 1.75 0.0 M 12.5 22 240 M M 8 13 29 170
================================================================================
SM 2794 2253 0 518 8.64 0.0 170.8 M 92
================================================================================
AV 90.1 72.7 5.5 FASTST M M 3 MAX(MPH)
MISC ----> 38 190 49 190
================================================================================
NOTES:
# LAST OF SEVERAL OCCURRENCES
COLUMN 17 PEAK WIND IN M.P.H.
PRELIMINARY LOCAL CLIMATOLOGICAL DATA (WS FORM: F-6) , PAGE 2
STATION: DOTHAN
MONTH: AUGUST
YEAR: 2021
LATITUDE: 31 19 N
LONGITUDE: 85 27 W
[TEMPERATURE DATA] [PRECIPITATION DATA] SYMBOLS USED IN COLUMN 16
AVERAGE MONTHLY: 81.4 TOTAL FOR MONTH: 8.64 1 = FOG OR MIST
DPTR FM NORMAL: -0.6 DPTR FM NORMAL: 2.47 2 = FOG REDUCING VISIBILITY
HIGHEST: 96 ON 10 GRTST 24HR 3.83 ON 16-16 TO 1/4 MILE OR LESS
LOWEST: 69 ON 13, 6 3 = THUNDER
SNOW, ICE PELLETS, HAIL 4 = ICE PELLETS
TOTAL MONTH: 0.0 INCH 5 = HAIL
GRTST 24HR 0.0 6 = FREEZING RAIN OR DRIZZLE
GRTST DEPTH: 0 7 = DUSTSTORM OR SANDSTORM:
VSBY 1/2 MILE OR LESS
8 = SMOKE OR HAZE
[NO. OF DAYS WITH] [WEATHER - DAYS WITH] 9 = BLOWING SNOW
X = TORNADO
MAX 32 OR BELOW: 0 0.01 INCH OR MORE: 13
MAX 90 OR ABOVE: 21 0.10 INCH OR MORE: 10
MIN 32 OR BELOW: 0 0.50 INCH OR MORE: 4
MIN 0 OR BELOW: 0 1.00 INCH OR MORE: 3
[HDD (BASE 65) ]
TOTAL THIS MO. 0 CLEAR (SCALE 0-3) 19
DPTR FM NORMAL 0 PTCLDY (SCALE 4-7) 12
TOTAL FM JUL 1 0 CLOUDY (SCALE 8-10) 0
DPTR FM NORMAL 0
[CDD (BASE 65) ]
TOTAL THIS MO. 518
DPTR FM NORMAL -9 [PRESSURE DATA]
TOTAL FM JAN 1 1927 HIGHEST SLP M ON M
DPTR FM NORMAL -158 LOWEST SLP 29.66 ON 16
[REMARKS]
#FINAL-08-21#