000
CXUS52 KTAE 010900
CF6DHN
PRELIMINARY LOCAL CLIMATOLOGICAL DATA (WS FORM: F-6)
STATION: DOTHAN
MONTH: JANUARY
YEAR: 2021
LATITUDE: 31 19 N
LONGITUDE: 85 27 W
TEMPERATURE IN F: :PCPN: SNOW: WIND :SUNSHINE: SKY :PK WND
================================================================================
1 2 3 4 5 6A 6B 7 8 9 10 11 12 13 14 15 16 17 18
12Z AVG MX 2MIN
DY MAX MIN AVG DEP HDD CDD WTR SNW DPTH SPD SPD DIR MIN PSBL S-S WX SPD DR
================================================================================
1 72 66 69 20 0 4 1.38 0.0 M 11.7 25 160 M M 10 1 33 130
2 66 54 60 11 5 0 0.02 0.0 M 4.8 12 280 M M 6 12 14 240
3 58 41 50 1 15 0 0.00 0.0 0 8.7 20 330 M M 3 8 22 330
4 63 35 49 0 16 0 0.00 0.0 0 4.0 9 220 M M 0 12 340
5 65 44 55 6 10 0 0.00 0.0 M 9.2 21 320 M M 1 26 320
6 59 35 47 -2 18 0 0.00 0.0 M 5.4 10 80 M M 0 8 13 90
7 52 44 48 0 17 0 0.19 0.0 M 9.1 18 90 M M 7 1 24 80
8 51 41 46 -2 19 0 0.01 0.0 M 13.5 21 330 M M 10 1 26 330
9 42 37 40 -8 25 0 0.00 0.0 M 11.9 20 310 M M 10 24 310
10 47 35 41 -7 24 0 0.00 0.0 M 4.6 13 30 M M 5 15 30
11 49 41 45 -3 20 0 0.06 0.0 M 8.3 16 350 M M 9 18 21 350
12 48 41 45 -3 20 0 0.00 0.0 0 9.2 16 350 M M 10 1 22 350
13 53 36 45 -3 20 0 0.00 0.0 0 5.5 13 50 M M 5 18 15 40
14 62 31 47 -1 18 0 0.00 0.0 M 6.4 16 230 M M 1 20 230
15 62 43 53 5 12 0 T 0.0 M 10.1 20 250 M M 2 24 250
16 53 34 44 -5 21 0 0.00 0.0 M 8.7 22 280 M M 0 27 290
17 57 28 43 -6 22 0 0.00 M M 5.5 15 270 M M 0 20 260
18 61 31 46 -3 19 0 0.00 0.0 M 5.7 17 280 M M 0 22 280
19 69 32 51 2 14 0 0.00 0.0 0 3.4 12 190 M M 0 1 17 220
20 69 43 56 7 9 0 0.00 0.0 0 5.8 14 320 M M 2 18 310
21 66 52 59 10 6 0 0.04 0.0 0 7.4 17 230 M M 8 1 23 230
22 62 54 58 9 7 0 1.11 0.0 0 6.4 13 30 M M 9 1 17 10
23 65 46 56 7 9 0 0.00 0.0 0 6.0 13 20 M M 2 16 10
24 67 47 57 8 8 0 0.00 M M 5.8 12 130 M M 7 15 100
25 78 45 62 13 3 0 0.00 M M 11.0 28 210 M M 7 1 34 200
26 73 62 68 19 0 3 1.07 0.0 M 6.3 16 300 M M 10 13 19 220
27 64 51 58 8 7 0 0.32 0.0 M 8.3 25 320 M M 8 12 34 310
28 56 40 48 -2 17 0 0.00 0.0 M 12.7 23 350 M M 0 29 350
29 62 31 47 -3 18 0 0.00 0.0 M 3.8 12 40 M M 0 8 14 10
30 64 35 50 0 15 0 0.00 0.0 M 6.0 15 140 M M 2 20 140
31 67 54 61 11 4 0 0.71 0.0 M 11.0 25 310 M M 8 1 33 250
================================================================================
SM 1882 1309 418 7 4.91 0.0 236.2 M 142
================================================================================
AV 60.7 42.2 7.6 FASTST M M 5 MAX(MPH)
MISC ----> 28 210 # 34 200
================================================================================
NOTES:
# LAST OF SEVERAL OCCURRENCES
COLUMN 17 PEAK WIND IN M.P.H.
PRELIMINARY LOCAL CLIMATOLOGICAL DATA (WS FORM: F-6) , PAGE 2
STATION: DOTHAN
MONTH: JANUARY
YEAR: 2021
LATITUDE: 31 19 N
LONGITUDE: 85 27 W
[TEMPERATURE DATA] [PRECIPITATION DATA] SYMBOLS USED IN COLUMN 16
AVERAGE MONTHLY: 51.5 TOTAL FOR MONTH: 4.91 1 = FOG OR MIST
DPTR FM NORMAL: 2.6 DPTR FM NORMAL: 0.28 2 = FOG REDUCING VISIBILITY
HIGHEST: 78 ON 25 GRTST 24HR 2.97 ON 26-27 TO 1/4 MILE OR LESS
LOWEST: 28 ON 17 3 = THUNDER
SNOW, ICE PELLETS, HAIL 4 = ICE PELLETS
TOTAL MONTH: 0.0 INCH 5 = HAIL
GRTST 24HR 0.0 6 = FREEZING RAIN OR DRIZZLE
GRTST DEPTH: 0 7 = DUSTSTORM OR SANDSTORM:
VSBY 1/2 MILE OR LESS
8 = SMOKE OR HAZE
[NO. OF DAYS WITH] [WEATHER - DAYS WITH] 9 = BLOWING SNOW
X = TORNADO
MAX 32 OR BELOW: 0 0.01 INCH OR MORE: 10
MAX 90 OR ABOVE: 0 0.10 INCH OR MORE: 6
MIN 32 OR BELOW: 5 0.50 INCH OR MORE: 4
MIN 0 OR BELOW: 0 1.00 INCH OR MORE: 3
[HDD (BASE 65) ]
TOTAL THIS MO. 418 CLEAR (SCALE 0-3) 15
DPTR FM NORMAL -85 PTCLDY (SCALE 4-7) 8
TOTAL FM JUL 1 957 CLOUDY (SCALE 8-10) 8
DPTR FM NORMAL -259
[CDD (BASE 65) ]
TOTAL THIS MO. 7
DPTR FM NORMAL 3 [PRESSURE DATA]
TOTAL FM JAN 1 7 HIGHEST SLP 30.46 ON 28
DPTR FM NORMAL 3 LOWEST SLP 29.76 ON 15
[REMARKS]
#FINAL-01-21#