000
CXUS54 KAMA 010710
CF6DHT
PRELIMINARY LOCAL CLIMATOLOGICAL DATA (WS FORM: F-6)
STATION: DALHART
MONTH: JUNE
YEAR: 2021
LATITUDE: 36 1 N
LONGITUDE: 102 33 W
TEMPERATURE IN F: :PCPN: SNOW: WIND :SUNSHINE: SKY :PK WND
================================================================================
1 2 3 4 5 6A 6B 7 8 9 10 11 12 13 14 15 16 17 18
12Z AVG MX 2MIN
DY MAX MIN AVG DEP HDD CDD WTR SNW DPTH SPD SPD DIR MIN PSBL S-S WX SPD DR
================================================================================
1 71 54 63 -8 2 0 T 0.0 0 6.4 23 10 M M 7 13 28 20
2 78 48 63 -8 2 0 0.00 0.0 0 7.4 15 70 M M 1 3 23 40
3 82 51 67 -5 0 2 0.00 0.0 0 6.1 15 130 M M 0 19 130
4 86 52 69 -3 0 4 0.00 0.0 0 13.0 23 190 M M 1 36 180
5 88 56 72 0 0 7 0.00 0.0 0 16.6 26 180 M M 0 37 160
6 91 58 75 2 0 10 0.00 0.0 0 9.0 23 330 M M 2 1 31 340
7 94 60 77 4 0 12 0.00 0.0 0 7.6 21 130 M M 0 25 130
8 100 61 81 8 0 16 0.00 0.0 0 12.8 25 190 M M 0 1 32 180
9 97 52 75 1 0 10 0.00 0.0 0 8.6 17 50 M M 0 23 20
10 105 61 83 9 0 18 0.00 0.0 0 11.7 25 160 M M 0 128 34 170
11 91 57 74 0 0 9 0.00 0.0 0 16.2 36 10 M M 0 1 45 20
12 90 60 75 1 0 10 1.63 0.0 0 14.1 47 10 M M 7 1238 63 10
13 91 62 77 2 0 12 T 0.0 0 11.2 22 110 M M 1 13 26 110
14 93 64 79 4 0 14 0.00 0.0 0 11.1 22 130 M M 0 28 150
15 95 61 78 3 0 13 0.00 0.0 0 9.7 18 150 M M 0 27 210
16 98 65 82 7 0 17 0.00 0.0 0 12.2 24 200 M M 0 31 200
17 98 61 80 4 0 15 0.00 0.0 0 15.1 24 210 M M 0 36 210
18 99 57 78 2 0 13 0.00 0.0 0 11.8 21 230 M M 0 27 200
19 100 60 80 4 0 15 0.00 0.0 0 11.9 25 180 M M 0 32 180
20 102 63 83 7 0 18 0.00 0.0 0 10.4 35 40 M M 0 44 30
21 78 58 68 -8 0 3 T 0.0 0 16.4 33 30 M M 4 3 43 20
22 95 54 75 -1 0 10 0.00 0.0 0 16.8 31 210 M M 0 42 210
23 107 67 87 10 0 22 0.00 0.0 0 15.0 32 200 M M 0 42 200
24 100 69 85 8 0 20 T 0.0 0 11.7 31 300 M M 1 42 290
25 98 63 81 4 0 16 0.00 0.0 0 11.1 32 30 M M 0 43 10
26 84 63 74 -3 0 9 0.00 0.0 0 14.8 24 10 M M 1 31 20
27 81 60 71 -6 0 6 0.00 0.0 0 9.7 23 20 M M 5 29 10
28 77 61 69 -9 0 4 T 0.0 0 8.8 17 30 M M 7 22 60
29 73 63 68 -10 0 3 M 0.0 0 8.6 17 350 M M 9 1 23 350
30 77 63 70 -8 0 5 0.56 0.0 0 6.2 23 170 M M 7 138 31 170
================================================================================
SM 2719 1784 4 313 2.19 0.0 342.0 M 53
================================================================================
AV 90.6 59.5 11.4 FASTST M M 2 MAX(MPH)
MISC ----> 47 10 63 10
================================================================================
NOTES:
# LAST OF SEVERAL OCCURRENCES
COLUMN 17 PEAK WIND IN M.P.H.
PRELIMINARY LOCAL CLIMATOLOGICAL DATA (WS FORM: F-6) , PAGE 2
STATION: DALHART
MONTH: JUNE
YEAR: 2021
LATITUDE: 36 1 N
LONGITUDE: 102 33 W
[TEMPERATURE DATA] [PRECIPITATION DATA] SYMBOLS USED IN COLUMN 16
AVERAGE MONTHLY: 75.1 TOTAL FOR MONTH: 2.19 1 = FOG OR MIST
DPTR FM NORMAL: 0.2 DPTR FM NORMAL: -0.05 2 = FOG REDUCING VISIBILITY
HIGHEST: 107 ON 23 GRTST 24HR 1.63 ON 12-12 TO 1/4 MILE OR LESS
LOWEST: 48 ON 2 3 = THUNDER
SNOW, ICE PELLETS, HAIL 4 = ICE PELLETS
TOTAL MONTH: 0.0 INCH 5 = HAIL
GRTST 24HR 0.0 6 = FREEZING RAIN OR DRIZZLE
GRTST DEPTH: 0 7 = DUSTSTORM OR SANDSTORM:
VSBY 1/2 MILE OR LESS
8 = SMOKE OR HAZE
[NO. OF DAYS WITH] [WEATHER - DAYS WITH] 9 = BLOWING SNOW
X = TORNADO
MAX 32 OR BELOW: 0 0.01 INCH OR MORE: 2
MAX 90 OR ABOVE: 19 0.10 INCH OR MORE: 2
MIN 32 OR BELOW: 0 0.50 INCH OR MORE: 2
MIN 0 OR BELOW: 0 1.00 INCH OR MORE: 1
[HDD (BASE 65) ]
TOTAL THIS MO. 4 CLEAR (SCALE 0-3) 23
DPTR FM NORMAL -1 PTCLDY (SCALE 4-7) 6
TOTAL FM JUL 1 4642 CLOUDY (SCALE 8-10) 1
DPTR FM NORMAL 281
[CDD (BASE 65) ]
TOTAL THIS MO. 313
DPTR FM NORMAL 11 [PRESSURE DATA]
TOTAL FM JAN 1 403 HIGHEST SLP M ON M
DPTR FM NORMAL -6 LOWEST SLP 29.55 ON 20
[REMARKS]
#FINAL-06-21#