000
CXUS53 KBIS 010830
CF6DIK
PRELIMINARY LOCAL CLIMATOLOGICAL DATA (WS FORM: F-6)
STATION: DICKINSON ND
MONTH: FEBRUARY
YEAR: 2020
LATITUDE: 46 47 N
LONGITUDE: 102 48 W
TEMPERATURE IN F: :PCPN: SNOW: WIND :SUNSHINE: SKY :PK WND
================================================================================
1 2 3 4 5 6A 6B 7 8 9 10 11 12 13 14 15 16 17 18
12Z AVG MX 2MIN
DY MAX MIN AVG DEP HDD CDD WTR SNW DPTH SPD SPD DIR MIN PSBL S-S WX SPD DR
================================================================================
1 52 29 41 23 24 0 0.00 M M 18.3 33 260 M M 2 42 250
2 43 27 35 17 30 0 0.00 M M 15.7 26 290 M M 5 35 290
3 28 15 22 4 43 0 0.00 M M 6.4 17 320 M M 1 23 320
4 32 10 21 3 44 0 0.00 M M 10.3 23 240 M M 1 29 250
5 35 13 24 6 41 0 0.00 M M 12.7 21 270 M M 4 26 200
6 30 9 20 2 45 0 T M M 10.6 15 40 M M 10 18 19 350
7 26 8 17 -2 48 0 T M M 7.6 17 280 M M 10 18 22 280
8 36 15 26 7 39 0 T M M 8.9 17 100 M M 6 12 23 160
9 31 18 25 6 40 0 T M M 13.8 22 250 M M 4 1 28 250
10 28 14 21 2 44 0 T M M 15.0 32 300 M M 7 1 39 300
11 35 12 24 4 41 0 0.02 M M 15.7 28 240 M M 4 1 35 230
12 32 -16 8 -12 57 0 M M M 12.4 29 20 M M 5 18 41 360
13 11 -22 -5 -25 70 0 0.00 M M 10.4 21 180 M M 0 27 180
14 42 8 25 5 40 0 T M M 19.1 33 320 M M 3 1 42 320
15 32 17 25 5 40 0 T M M 8.7 22 280 M M 7 1 28 290
16 35 19 27 6 38 0 0.01 M M 8.0 15 150 M M 8 12 18 160
17 32 15 24 3 41 0 T M M 10.5 24 300 M M 7 1 31 290
18 22 -2 10 -11 55 0 0.01 M M 9.0 17 350 M M 9 18 23 350
19 16 -8 4 -17 61 0 0.00 M M 5.5 14 190 M M 2 16 200
20 37 6 22 0 43 0 0.00 M M 14.4 23 230 M M 0 30 230
21 47 22 35 13 30 0 0.00 M M 14.4 23 270 M M 0 30 250
22 50 27 39 17 26 0 0.00 M M 13.2 21 270 M M 0 27 240
23 40 24 32 10 33 0 0.00 M M 10.5 18 290 M M 4 25 280
24 35 26 31 8 34 0 0.07 M M 12.5 24 110 M M 10 12 30 120
25 30 7 19 -4 46 0 T M M 10.1 20 300 M M 6 1 25 300
26 32 3 18 -5 47 0 T M M 9.5 17 320 M M 6 1 23 320
27 41 24 33 9 32 0 M M M 13.9 26 290 M M 7 18 32 290
28 50 24 37 13 28 0 0.00 M M 10.5 16 290 M M 0 22 270
29 54 32 43 19 22 0 T M M 11.5 30 300 M M 1 38 310
================================================================================
SM 1014 376 1182 0 0.11 M 339.1 M 129
================================================================================
AV 35.0 13.0 11.7 FASTST M M 4 MAX(MPH)
MISC ----> # 33 260 # 42 250
================================================================================
NOTES:
# LAST OF SEVERAL OCCURRENCES
COLUMN 17 PEAK WIND IN M.P.H.
PRELIMINARY LOCAL CLIMATOLOGICAL DATA (WS FORM: F-6) , PAGE 2
STATION: DICKINSON ND
MONTH: FEBRUARY
YEAR: 2020
LATITUDE: 46 47 N
LONGITUDE: 102 48 W
[TEMPERATURE DATA] [PRECIPITATION DATA] SYMBOLS USED IN COLUMN 16
AVERAGE MONTHLY: 24.0 TOTAL FOR MONTH: 0.11 1 = FOG OR MIST
DPTR FM NORMAL: 3.5 DPTR FM NORMAL: -0.22 2 = FOG REDUCING VISIBILITY
HIGHEST: 54 ON 29 GRTST 24HR 0.07 ON 24-24 TO 1/4 MILE OR LESS
LOWEST: -22 ON 13 3 = THUNDER
SNOW, ICE PELLETS, HAIL 4 = ICE PELLETS
TOTAL MONTH: M 5 = HAIL
GRTST 24HR M ON M 6 = FREEZING RAIN OR DRIZZLE
GRTST DEPTH: M ON M 7 = DUSTSTORM OR SANDSTORM:
VSBY 1/2 MILE OR LESS
8 = SMOKE OR HAZE
[NO. OF DAYS WITH] [WEATHER - DAYS WITH] 9 = BLOWING SNOW
X = TORNADO
MAX 32 OR BELOW: 14 0.01 INCH OR MORE: 4
MAX 90 OR ABOVE: 0 0.10 INCH OR MORE: 0
MIN 32 OR BELOW: 29 0.50 INCH OR MORE: 0
MIN 0 OR BELOW: 4 1.00 INCH OR MORE: 0
[HDD (BASE 65) ]
TOTAL THIS MO. 1182 CLEAR (SCALE 0-3) 11
DPTR FM NORMAL -65 PTCLDY (SCALE 4-7) 13
TOTAL FM JUL 1 6187 CLOUDY (SCALE 8-10) 5
DPTR FM NORMAL -148
[CDD (BASE 65) ]
TOTAL THIS MO. 0
DPTR FM NORMAL 0 [PRESSURE DATA]
TOTAL FM JAN 1 0 HIGHEST SLP 30.85 ON 19
DPTR FM NORMAL 0 LOWEST SLP 29.47 ON 1
[REMARKS]
#FINAL-02-20#