000
CXUS53 KDLH 010820
CF6DLH
PRELIMINARY LOCAL CLIMATOLOGICAL DATA (WS FORM: F-6)
STATION: DULUTH
MONTH: AUGUST
YEAR: 2022
LATITUDE: 46 49 N
LONGITUDE: 92 11 W
TEMPERATURE IN F: :PCPN: SNOW: WIND :SUNSHINE: SKY :PK WND
================================================================================
1 2 3 4 5 6A 6B 7 8 9 10 11 12 13 14 15 16 17 18
12Z AVG MX 2MIN
DY MAX MIN AVG DEP HDD CDD WTR SNW DPTH SPD SPD DIR MIN PSBL S-S WX SPD DR
================================================================================
1 74 58 66 -1 0 1 T 0.0 0 9.2 21 310 M M 5 1 32 330
2 72 57 65 -2 0 0 0.11 0.0 0 8.4 17 100 M M 5 3 23 120
3 78 57 68 1 0 3 T 0.0 0 13.0 28 290 M M 3 41 290
4 77 56 67 0 0 2 0.00 0.0 0 5.3 12 180 M M 1 18 190
5 84 60 72 5 0 7 0.02 0.0 0 12.5 22 220 M M 1 3 31 230
6 77 63 70 3 0 5 0.16 0.0 0 8.4 18 270 M M 6 13 25 280
7 66 51 59 -8 6 0 0.13 0.0 0 11.0 23 100 M M 5 30 100
8 74 51 63 -4 2 0 T 0.0 0 4.9 13 280 M M 4 17 250
9 82 55 69 2 0 4 0.00 0.0 0 11.7 20 250 M M 0 26 230
10 78 58 68 1 0 3 0.00 0.0 0 7.0 15 340 M M 2 22 320
11 72 51 62 -4 3 0 0.00 0.0 0 6.4 13 90 M M 1 18 120
12 60 55 58 -8 7 0 0.07 0.0 0 7.8 14 100 M M 8 1 19 110
13 64 50 57 -9 8 0 0.00 0.0 0 7.0 16 60 M M 8 1 22 60
14 76 48 62 -4 3 0 0.00 0.0 0 4.5 12 110 M M 5 12 15 120
15 70 58 64 -2 1 0 T 0.0 0 6.1 14 100 M M 8 12 17 100
16 72 57 65 -1 0 0 1.78 0.0 0 7.1 18 60 M M 8 123 23 60
17 74 59 67 1 0 2 0.44 0.0 0 7.1 18 230 M M 6 13 24 250
18 72 61 67 2 0 2 0.01 0.0 0 6.7 16 240 M M 6 13 20 270
19 75 60 68 3 0 3 T 0.0 0 7.7 13 130 M M 7 1 18 120
20 69 54 62 -3 3 0 T 0.0 0 6.6 15 70 M M 7 12 22 70
21 79 54 67 2 0 2 0.00 0.0 0 3.1 10 290 M M 3 12 16 320
22 82 56 69 4 0 4 0.00 0.0 0 5.4 12 260 M M 2 15 250
23 84 59 72 8 0 7 0.00 0.0 0 4.9 13 10 M M 2 1 19 20
24 68 59 64 0 1 0 0.05 0.0 0 9.4 18 90 M M 8 12 25 70
25 70 54 62 -2 3 0 0.00 0.0 0 5.0 13 120 M M 5 15 160
26 79 53 66 2 0 1 0.00 0.0 0 5.8 16 240 M M 1 21 280
27 74 62 68 4 0 3 0.40 0.0 0 14.2 24 200 M M 7 13 33 210
28 73 65 69 6 0 4 0.52 0.0 0 11.3 23 200 M M 8 13 35 190
29 72 60 66 3 0 1 T 0.0 0 13.8 26 280 M M 5 3 36 290
30 76 56 66 3 0 1 0.00 0.0 0 12.0 25 290 M M 1 39 280
31 81 58 70 7 0 5 0.00 0.0 0 8.1 16 310 M M 2 23 360
================================================================================
SM 2304 1755 37 60 3.69 0.0 251.4 M 140
================================================================================
AV 74.3 56.6 8.1 FASTST M M 5 MAX(MPH)
MISC ----> 28 290 41 290
================================================================================
NOTES:
# LAST OF SEVERAL OCCURRENCES
COLUMN 17 PEAK WIND IN M.P.H.
PRELIMINARY LOCAL CLIMATOLOGICAL DATA (WS FORM: F-6) , PAGE 2
STATION: DULUTH
MONTH: AUGUST
YEAR: 2022
LATITUDE: 46 49 N
LONGITUDE: 92 11 W
[TEMPERATURE DATA] [PRECIPITATION DATA] SYMBOLS USED IN COLUMN 16
AVERAGE MONTHLY: 65.5 TOTAL FOR MONTH: 3.69 1 = FOG OR MIST
DPTR FM NORMAL: 0.0 DPTR FM NORMAL: -0.04 2 = FOG REDUCING VISIBILITY
HIGHEST: 84 ON 23, 5 GRTST 24HR 1.78 ON 16-16 TO 1/4 MILE OR LESS
LOWEST: 48 ON 14 3 = THUNDER
SNOW, ICE PELLETS, HAIL 4 = ICE PELLETS
TOTAL MONTH: 0.0 INCH 5 = HAIL
GRTST 24HR 0.0 6 = FREEZING RAIN OR DRIZZLE
GRTST DEPTH: 0 7 = DUSTSTORM OR SANDSTORM:
VSBY 1/2 MILE OR LESS
8 = SMOKE OR HAZE
[NO. OF DAYS WITH] [WEATHER - DAYS WITH] 9 = BLOWING SNOW
X = TORNADO
MAX 32 OR BELOW: 0 0.01 INCH OR MORE: 11
MAX 90 OR ABOVE: 0 0.10 INCH OR MORE: 7
MIN 32 OR BELOW: 0 0.50 INCH OR MORE: 2
MIN 0 OR BELOW: 0 1.00 INCH OR MORE: 1
[HDD (BASE 65) ]
TOTAL THIS MO. 37 CLEAR (SCALE 0-3) 11
DPTR FM NORMAL -27 PTCLDY (SCALE 4-7) 19
TOTAL FM JUL 1 71 CLOUDY (SCALE 8-10) 1
DPTR FM NORMAL -43
[CDD (BASE 65) ]
TOTAL THIS MO. 60
DPTR FM NORMAL -20 [PRESSURE DATA]
TOTAL FM JAN 1 211 HIGHEST SLP 30.31 ON 11
DPTR FM NORMAL -22 LOWEST SLP 29.51 ON 2
[REMARKS]
#FINAL-08-22#