000
CXUS53 KDLH 032043
CF6DLH
PRELIMINARY LOCAL CLIMATOLOGICAL DATA (WS FORM: F-6)
STATION: DULUTH
MONTH: MAY
YEAR: 2022
LATITUDE: 46 49 N
LONGITUDE: 92 11 W
TEMPERATURE IN F: :PCPN: SNOW: WIND :SUNSHINE: SKY :PK WND
================================================================================
1 2 3 4 5 6A 6B 7 8 9 10 11 12 13 14 15 16 17 18
12Z AVG MX 2MIN
DY MAX MIN AVG DEP HDD CDD WTR SNW DPTH SPD SPD DIR MIN PSBL S-S WX SPD DR
================================================================================
1 45 38 42 -4 23 0 0.37 0.0 0 10.2 21 80 M M 10 1 30 320
2 47 36 42 -5 23 0 0.01 T 0 10.1 17 350 M M 9 1 28 310
3 46 35 41 -6 24 0 0.00 0.0 0 8.6 16 140 M M 4 23 120
4 55 30 43 -5 22 0 0.00 0.0 0 7.2 15 110 M M 0 19 170
5 61 33 47 -1 18 0 0.00 0.0 0 8.1 17 100 M M 0 22 90
6 62 38 50 2 15 0 0.00 0.0 0 11.4 23 90 M M 0 33 100
7 65 36 51 2 14 0 0.00 0.0 0 9.6 17 100 M M 1 22 100
8 54 48 51 2 14 0 0.27 0.0 0 10.5 18 120 M M 9 1 23 110
9 65 50 58 8 7 0 0.21 0.0 0 13.4 40 120 M M 8 13 52 110
10 79 52 66 16 0 1 T 0.0 0 8.1 17 280 M M 2 24 310
11 70 49 60 10 5 0 0.68 0.0 0 14.9 35 90 M M 4 13 44 100
12 67 51 59 8 6 0 0.92 0.0 0 11.8 37 90 M M 8 123 51 100
13 74 47 61 10 4 0 0.12 0.0 0 12.6 29 100 M M 6 123 40 100
14 74 50 62 10 3 0 0.01 0.0 0 11.8 31 260 M M 2 40 270
15 70 45 58 6 7 0 0.00 0.0 0 14.2 32 270 M M 4 44 270
16 62 44 53 1 12 0 0.00 0.0 0 10.8 20 350 M M 3 32 290
17 59 40 50 -3 15 0 0.00 0.0 0 7.7 15 100 M M 2 19 120
18 65 41 53 0 12 0 0.25 T 0 8.0 31 270 M M 6 358 46 260
19 58 45 52 -1 13 0 0.19 0.0 0 10.5 21 80 M M 9 13 29 90
20 62 39 51 -3 14 0 0.17 0.0 0 14.5 25 260 M M 7 123 36 230
21 50 36 43 -11 22 0 T 0.0 0 9.7 16 320 M M 8 27 260
22 56 39 48 -6 17 0 T 0.0 0 8.0 20 290 M M 9 27 290
23 63 44 54 0 11 0 0.00 0.0 0 7.8 16 210 M M 6 24 250
24 69 46 58 3 7 0 0.00 0.0 0 8.2 16 200 M M 2 22 200
25 54 42 48 -7 17 0 0.40 0.0 0 13.2 29 70 M M 8 1 39 60
26 59 42 51 -4 14 0 0.02 0.0 0 6.2 14 10 M M 9 1 20 20
27 75 40 58 2 7 0 0.00 0.0 0 5.3 14 220 M M 1 20 250
28 60 50 55 -1 10 0 0.55 0.0 0 8.5 21 110 M M 8 12 27 100
29 67 47 57 1 8 0 0.01 0.0 0 11.4 18 120 M M 8 12 27 90
30 74 49 62 5 3 0 0.56 0.0 0 11.0 23 160 M M 7 123 32 100
31 63 48 56 -1 9 0 0.05 0.0 0 20.6 36 250 M M 8 138 52 240
================================================================================
SM 1930 1330 376 1 4.79 T 323.9 M 168
================================================================================
AV 62.3 42.9 10.4 FASTST M M 5 MAX(MPH)
MISC ----> 40 120 # 52 110
================================================================================
NOTES:
# LAST OF SEVERAL OCCURRENCES
COLUMN 17 PEAK WIND IN M.P.H.
PRELIMINARY LOCAL CLIMATOLOGICAL DATA (WS FORM: F-6) , PAGE 2
STATION: DULUTH
MONTH: MAY
YEAR: 2022
LATITUDE: 46 49 N
LONGITUDE: 92 11 W
[TEMPERATURE DATA] [PRECIPITATION DATA] SYMBOLS USED IN COLUMN 16
AVERAGE MONTHLY: 52.6 TOTAL FOR MONTH: 4.79 1 = FOG OR MIST
DPTR FM NORMAL: 0.6 DPTR FM NORMAL: 1.42 2 = FOG REDUCING VISIBILITY
HIGHEST: 79 ON 10 GRTST 24HR 1.32 ON 11-12 TO 1/4 MILE OR LESS
LOWEST: 30 ON 4 3 = THUNDER
SNOW, ICE PELLETS, HAIL 4 = ICE PELLETS
TOTAL MONTH: T 5 = HAIL
GRTST 24HR T ON 2- 2 6 = FREEZING RAIN OR DRIZZLE
GRTST DEPTH: 0 7 = DUSTSTORM OR SANDSTORM:
VSBY 1/2 MILE OR LESS
8 = SMOKE OR HAZE
[NO. OF DAYS WITH] [WEATHER - DAYS WITH] 9 = BLOWING SNOW
X = TORNADO
MAX 32 OR BELOW: 0 0.01 INCH OR MORE: 17
MAX 90 OR ABOVE: 0 0.10 INCH OR MORE: 12
MIN 32 OR BELOW: 1 0.50 INCH OR MORE: 4
MIN 0 OR BELOW: 0 1.00 INCH OR MORE: 0
[HDD (BASE 65) ]
TOTAL THIS MO. 376 CLEAR (SCALE 0-3) 9
DPTR FM NORMAL -34 PTCLDY (SCALE 4-7) 13
TOTAL FM JUL 1 9154 CLOUDY (SCALE 8-10) 9
DPTR FM NORMAL 190
[CDD (BASE 65) ]
TOTAL THIS MO. 1
DPTR FM NORMAL -6 [PRESSURE DATA]
TOTAL FM JAN 1 1 HIGHEST SLP 30.37 ON 23
DPTR FM NORMAL -6 LOWEST SLP 29.24 ON 20
[REMARKS]
#FINAL-05-22#
SNOWFALL REPORTED ON MAY 18 WAS DUE TO HAIL.