000
CXUS54 KEPZ 011030
CF6DMN
PRELIMINARY LOCAL CLIMATOLOGICAL DATA (WS FORM: F-6)
STATION: DEMING
MONTH: JUNE
YEAR: 2020
LATITUDE: 32 15 N
LONGITUDE: 107 42 W
TEMPERATURE IN F: :PCPN: SNOW: WIND :SUNSHINE: SKY :PK WND
================================================================================
1 2 3 4 5 6A 6B 7 8 9 10 11 12 13 14 15 16 17 18
12Z AVG MX 2MIN
DY MAX MIN AVG DEP HDD CDD WTR SNW DPTH SPD SPD DIR MIN PSBL S-S WX SPD DR
================================================================================
1 94 63 79 5 0 14 0.00 M M 7.7 18 100 M M 0 26 80
2 99 63 81 7 0 16 0.00 M M 6.7 25 20 M M 0 36 10
3 102 61 82 8 0 17 0.00 M M 6.9 22 260 M M 0 29 260
4 104 59 82 8 0 17 0.00 M M 6.6 17 30 M M 0 24 80
5 106 61 84 9 0 19 0.00 M M 9.3 33 160 M M 0 38 53 150
6 101 68 85 10 0 20 T M M 10.4 29 250 M M 1 3 43 280
7 95 53 74 -1 0 9 0.00 M M 11.2 25 230 M M 0 36 240
8 91 62 77 1 0 12 0.00 M M 17.4 31 270 M M 0 46 240
9 86 46 66 -10 0 1 0.00 M M 6.2 16 340 M M 0 8 23 320
10 93 46 70 -6 0 5 0.00 M M 6.5 23 40 M M 0 31 50
11 100 61 81 5 0 16 0.00 M M 13.5 41 30 M M 0 8 59 40
12 95 63 79 2 0 14 0.07 M M 10.4 32 320 M M 1 38 46 320
13 94 58 76 -1 0 11 T M M 7.7 25 90 M M 1 3 38 70
14 94 61 78 1 0 13 0.00 M M 6.4 21 180 M M 1 3 30 180
15 96 61 79 1 0 14 0.01 M M 6.5 23 130 M M 3 3 30 80
16 96 59 78 0 0 13 0.00 M M 6.8 26 270 M M 0 38 270
17 97 60 79 1 0 14 0.00 M M 10.8 24 250 M M 0 35 290
18 96 57 77 -1 0 12 0.00 M M 9.7 21 280 M M 0 31 250
19 97 57 77 -1 0 12 0.00 M M 9.3 22 270 M M 0 32 270
20 98 56 77 -2 0 12 0.00 M M 8.5 21 260 M M 0 29 260
21 100 58 79 0 0 14 0.00 M M 7.2 18 230 M M 0 26 230
22 102 63 83 4 0 18 0.00 M M 10.7 22 260 M M 0 33 250
23 102 64 83 4 0 18 0.00 M M 7.9 17 250 M M 0 26 250
24 101 68 85 5 0 20 0.00 M M 8.0 28 20 M M 0 38 40
25 100 62 81 1 0 16 0.00 M M 4.9 12 240 M M 0 18 180
26 103 62 83 3 0 18 0.00 M M 6.9 20 270 M M 0 29 280
27 99 65 82 2 0 17 0.00 M M 11.5 33 250 M M 1 8 51 240
28 93 69 81 1 0 16 0.00 M M 14.8 25 250 M M 1 38 240
29 93 68 81 1 0 16 0.00 0.0 M 15.0 30 240 M M 0 41 270
30 93 68 81 1 0 16 0.00 M M 12.2 25 290 M M 0 34 290
================================================================================
SM 2920 1822 0 430 0.08 0.0 277.6 M 9
================================================================================
AV 97.3 60.7 9.3 FASTST M M 0 MAX(MPH)
MISC ----> 41 30 59 40
================================================================================
NOTES:
# LAST OF SEVERAL OCCURRENCES
COLUMN 17 PEAK WIND IN M.P.H.
PRELIMINARY LOCAL CLIMATOLOGICAL DATA (WS FORM: F-6) , PAGE 2
STATION: DEMING
MONTH: JUNE
YEAR: 2020
LATITUDE: 32 15 N
LONGITUDE: 107 42 W
[TEMPERATURE DATA] [PRECIPITATION DATA] SYMBOLS USED IN COLUMN 16
AVERAGE MONTHLY: 79.0 TOTAL FOR MONTH: 0.08 1 = FOG OR MIST
DPTR FM NORMAL: 1.5 DPTR FM NORMAL: -0.62 2 = FOG REDUCING VISIBILITY
HIGHEST: 106 ON 5 GRTST 24HR 0.07 ON 12-12 TO 1/4 MILE OR LESS
LOWEST: 46 ON 10, 9 3 = THUNDER
SNOW, ICE PELLETS, HAIL 4 = ICE PELLETS
TOTAL MONTH: 0.0 INCH 5 = HAIL
GRTST 24HR 0.0 6 = FREEZING RAIN OR DRIZZLE
GRTST DEPTH: M ON M 7 = DUSTSTORM OR SANDSTORM:
VSBY 1/2 MILE OR LESS
8 = SMOKE OR HAZE
[NO. OF DAYS WITH] [WEATHER - DAYS WITH] 9 = BLOWING SNOW
X = TORNADO
MAX 32 OR BELOW: 0 0.01 INCH OR MORE: 2
MAX 90 OR ABOVE: 29 0.10 INCH OR MORE: 0
MIN 32 OR BELOW: 0 0.50 INCH OR MORE: 0
MIN 0 OR BELOW: 0 1.00 INCH OR MORE: 0
[HDD (BASE 65) ]
TOTAL THIS MO. 0 CLEAR (SCALE 0-3) 30
DPTR FM NORMAL 0 PTCLDY (SCALE 4-7) 0
TOTAL FM JUL 1 2943 CLOUDY (SCALE 8-10) 0
DPTR FM NORMAL -225
[CDD (BASE 65) ]
TOTAL THIS MO. 430
DPTR FM NORMAL 57 [PRESSURE DATA]
TOTAL FM JAN 1 685 HIGHEST SLP 30.12 ON 12
DPTR FM NORMAL 141 LOWEST SLP 29.55 ON 6
[REMARKS]
#FINAL-06-20#