000
CXUS54 KFWD 010730
CF6DTO
PRELIMINARY LOCAL CLIMATOLOGICAL DATA (WS FORM: F-6)
STATION: DENTON
MONTH: MAY
YEAR: 2023
LATITUDE: 33 12 N
LONGITUDE: 97 12 W
TEMPERATURE IN F: :PCPN: SNOW: WIND :SUNSHINE: SKY :PK WND
================================================================================
1 2 3 4 5 6A 6B 7 8 9 10 11 12 13 14 15 16 17 18
12Z AVG MX 2MIN
DY MAX MIN AVG DEP HDD CDD WTR SNW DPTH SPD SPD DIR MIN PSBL S-S WX SPD DR
================================================================================
1 77 45 61 -6 4 0 0.00 M M 5.5 13 80 M M 0 23 50
2 81 45 63 -4 2 0 0.00 M M 5.2 12 100 M M 0 18 110
3 80 58 69 1 0 4 0.00 M M 6.8 20 20 M M 4 26 30
4 83 60 72 4 0 7 T M M 10.1 23 160 M M 2 3 31 170
5 97 68 83 15 0 18 0.00 M M 9.9 24 160 M M 3 32 150
6 88 63 76 8 0 11 0.20 M M 13.5 35 130 M M 2 13 48 140
7 86 67 77 8 0 12 T M M 14.0 25 210 M M 4 3 34 260
8 89 69 79 10 0 14 T M M 10.3 26 190 M M 0 3 35 190
9 86 70 78 8 0 13 0.00 M M 10.3 22 150 M M 1 1 29 140
10 76 66 71 1 0 6 T M M 5.3 12 200 M M 3 3 14 170
11 89 65 77 7 0 12 T M M 11.5 29 190 M M 6 1 41 180
12 91 75 83 12 0 18 T M M 15.0 33 170 M M 5 38 44 180
13 86 67 77 6 0 12 0.33 M M 7.1 18 190 M M 3 13 27 170
14 75 67 71 0 0 6 0.36 M M 4.6 20 140 M M 7 13 31 120
15 88 64 76 4 0 11 0.60 M M 4.8 25 250 M M 6 13 34 250
16 77 60 69 -3 0 4 T M M 7.0 16 320 M M 5 22 330
17 82 56 69 -3 0 4 0.00 M M 4.7 10 80 M M 0 1 15 80
18 88 60 74 1 0 9 0.00 M M 5.8 14 130 M M 1 3 18 180
19 90 67 79 6 0 14 T M M 8.6 20 350 M M 4 3 27 330
20 79 57 68 -6 0 3 0.00 M M 10.7 22 360 M M 3 8 28 360
21 74 55 65 -9 0 0 0.00 M M 2.1 7 30 M M 0 10 20
22 83 53 68 -6 0 3 0.00 M M 4.1 12 100 M M 2 1 16 110
23 86 67 77 2 0 12 T M M 8.0 15 150 M M 2 21 120
24 87 65 76 1 0 11 0.02 M M 6.6 28 260 M M 4 3 38 260
25 85 63 74 -1 0 9 0.00 M M 5.4 14 150 M M 2 19 140
26 86 61 74 -2 0 9 0.00 M M 5.1 15 130 M M 1 1 20 90
27 86 64 75 -1 0 10 0.00 M M 5.0 13 130 M M 3 18 140
28 87 63 75 -1 0 10 0.28 M M 7.9 21 20 M M 2 13 27 20
29 88 63 76 -1 0 11 T M M 6.6 17 260 M M 2 13 24 280
30 89 62 76 -1 0 11 0.02 M M 4.7 17 60 M M 1 3 26 70
31 91 62 77 0 0 12 0.00 M M 5.6 16 130 M M 1 1 22 160
================================================================================
SM 2630 1927 6 276 1.81 M 231.8 M 79
================================================================================
AV 84.8 62.2 7.5 FASTST M M 3 MAX(MPH)
MISC ----> 35 130 48 140
================================================================================
NOTES:
# LAST OF SEVERAL OCCURRENCES
COLUMN 17 PEAK WIND IN M.P.H.
PRELIMINARY LOCAL CLIMATOLOGICAL DATA (WS FORM: F-6) , PAGE 2
STATION: DENTON
MONTH: MAY
YEAR: 2023
LATITUDE: 33 12 N
LONGITUDE: 97 12 W
[TEMPERATURE DATA] [PRECIPITATION DATA] SYMBOLS USED IN COLUMN 16
AVERAGE MONTHLY: 73.5 TOTAL FOR MONTH: 1.81 1 = FOG OR MIST
DPTR FM NORMAL: 1.4 DPTR FM NORMAL: -2.71 2 = FOG REDUCING VISIBILITY
HIGHEST: 97 ON 5 GRTST 24HR 0.60 ON 15-15 TO 1/4 MILE OR LESS
LOWEST: 45 ON 2, 1 3 = THUNDER
SNOW, ICE PELLETS, HAIL 4 = ICE PELLETS
TOTAL MONTH: M 5 = HAIL
GRTST 24HR M ON M 6 = FREEZING RAIN OR DRIZZLE
GRTST DEPTH: M ON M 7 = DUSTSTORM OR SANDSTORM:
VSBY 1/2 MILE OR LESS
8 = SMOKE OR HAZE
[NO. OF DAYS WITH] [WEATHER - DAYS WITH] 9 = BLOWING SNOW
X = TORNADO
MAX 32 OR BELOW: 0 0.01 INCH OR MORE: 7
MAX 90 OR ABOVE: 4 0.10 INCH OR MORE: 5
MIN 32 OR BELOW: 0 0.50 INCH OR MORE: 1
MIN 0 OR BELOW: 0 1.00 INCH OR MORE: 0
[HDD (BASE 65) ]
TOTAL THIS MO. 6 CLEAR (SCALE 0-3) 20
DPTR FM NORMAL -14 PTCLDY (SCALE 4-7) 11
TOTAL FM JUL 1 2375 CLOUDY (SCALE 8-10) 0
DPTR FM NORMAL -260
[CDD (BASE 65) ]
TOTAL THIS MO. 276
DPTR FM NORMAL 36 [PRESSURE DATA]
TOTAL FM JAN 1 362 HIGHEST SLP M ON M
DPTR FM NORMAL 17 LOWEST SLP 29.69 ON 11
[REMARKS]
#FINAL-05-23#