000
CXUS54 KFWD 010731
CF6DTO
PRELIMINARY LOCAL CLIMATOLOGICAL DATA (WS FORM: F-6)
STATION: DENTON
MONTH: MARCH
YEAR: 2024
LATITUDE: 33 12 N
LONGITUDE: 97 12 W
TEMPERATURE IN F: :PCPN: SNOW: WIND :SUNSHINE: SKY :PK WND
================================================================================
1 2 3 4 5 6A 6B 7 8 9 10 11 12 13 14 15 16 17 18
12Z AVG MX 2MIN
DY MAX MIN AVG DEP HDD CDD WTR SNW DPTH SPD SPD DIR MIN PSBL S-S WX SPD DR
================================================================================
1 68 30 49 -3 16 0 0.00 M M 7.5 16 170 M M 1 1 20 150
2 83 47 65 13 0 0 0.00 M M 12.8 24 180 M M 0 32 190
3 81 61 71 19 0 6 0.00 M M 14.9 22 160 M M 3 32 180
4 82 59 71 18 0 6 0.00 M M 12.2 22 200 M M 3 29 200
5 76 50 63 10 2 0 0.00 M M 6.9 16 30 M M 1 20 340
6 77 45 61 8 4 0 T M M 6.1 18 200 M M 0 24 200
7 69 58 64 10 1 0 1.33 M M 9.3 25 160 M M 8 13 40 140
8 67 41 54 0 11 0 0.03 M M 12.6 26 340 M M 9 13 35 340
9 59 36 48 -6 17 0 0.00 M M 11.2 20 360 M M 4 26 340
10 64 31 48 -6 17 0 0.00 M M 2.2 9 220 M M 0 12 220
11 70 36 53 -2 12 0 T M M 6.7 17 170 M M 3 26 160
12 76 50 63 8 2 0 0.00 M M 12.7 23 170 M M 2 30 190
13 81 59 70 15 0 5 0.00 M M 14.8 24 160 M M 3 32 180
14 81 67 74 18 0 9 T M M 11.7 25 170 M M 8 1 34 170
15 70 52 61 5 4 0 0.38 M M 10.4 25 10 M M 7 13 31 20
16 60 49 55 -1 10 0 1.49 M M 5.4 15 20 M M 9 1 18 20
17 64 47 56 -1 9 0 0.00 M M 9.4 22 30 M M 6 1 28 30
18 58 36 47 -10 18 0 0.00 M M 7.4 17 20 M M 3 24 40
19 67 32 50 -7 15 0 0.00 M M 6.4 16 200 M M 0 23 180
20 72 47 60 3 5 0 0.00 M M 9.2 17 160 M M 2 23 160
21 67 52 60 2 5 0 0.29 M M 7.6 15 160 M M 7 13 22 150
22 69 52 61 3 4 0 T M M 7.9 16 360 M M 7 12 22 340
23 65 44 55 -3 10 0 0.00 M M 7.2 15 20 M M 0 23 10
24 67 58 63 5 2 0 0.32 M M 19.7 30 160 M M 6 1 40 170
25 72 40 56 -3 9 0 0.07 M M 12.6 31 180 M M 4 13 44 240
26 58 35 47 -12 18 0 0.00 M M 8.6 17 320 M M 0 23 340
27 65 34 50 -9 15 0 T M M 6.2 15 10 M M 1 20 40
28 72 35 54 -5 11 0 0.00 M M 6.9 16 170 M M 0 22 180
29 77 58 68 8 0 3 0.00 M M 18.3 32 160 M M 0 42 200
30 79 62 71 11 0 6 0.00 M M 14.3 22 170 M M 3 28 170
31 77 66 72 12 0 7 0.00 M M 13.7 21 180 M M 6 29 180
================================================================================
SM 2193 1469 217 42 3.91 M 312.8 M 106
================================================================================
AV 70.7 47.4 10.1 FASTST M M 3 MAX(MPH)
MISC ----> 32 160 44 240
================================================================================
NOTES:
# LAST OF SEVERAL OCCURRENCES
COLUMN 17 PEAK WIND IN M.P.H.
PRELIMINARY LOCAL CLIMATOLOGICAL DATA (WS FORM: F-6) , PAGE 2
STATION: DENTON
MONTH: MARCH
YEAR: 2024
LATITUDE: 33 12 N
LONGITUDE: 97 12 W
[TEMPERATURE DATA] [PRECIPITATION DATA] SYMBOLS USED IN COLUMN 16
AVERAGE MONTHLY: 59.1 TOTAL FOR MONTH: 3.91 1 = FOG OR MIST
DPTR FM NORMAL: 3.0 DPTR FM NORMAL: 0.80 2 = FOG REDUCING VISIBILITY
HIGHEST: 83 ON 2 GRTST 24HR 1.49 ON 16-16 TO 1/4 MILE OR LESS
LOWEST: 30 ON 1 3 = THUNDER
SNOW, ICE PELLETS, HAIL 4 = ICE PELLETS
TOTAL MONTH: M 5 = HAIL
GRTST 24HR M ON M 6 = FREEZING RAIN OR DRIZZLE
GRTST DEPTH: M ON M 7 = DUSTSTORM OR SANDSTORM:
VSBY 1/2 MILE OR LESS
8 = SMOKE OR HAZE
[NO. OF DAYS WITH] [WEATHER - DAYS WITH] 9 = BLOWING SNOW
X = TORNADO
MAX 32 OR BELOW: 0 0.01 INCH OR MORE: 7
MAX 90 OR ABOVE: 0 0.10 INCH OR MORE: 5
MIN 32 OR BELOW: 3 0.50 INCH OR MORE: 2
MIN 0 OR BELOW: 0 1.00 INCH OR MORE: 2
[HDD (BASE 65) ]
TOTAL THIS MO. 217 CLEAR (SCALE 0-3) 17
DPTR FM NORMAL -83 PTCLDY (SCALE 4-7) 11
TOTAL FM JUL 1 2231 CLOUDY (SCALE 8-10) 3
DPTR FM NORMAL -260
[CDD (BASE 65) ]
TOTAL THIS MO. 42
DPTR FM NORMAL 16 [PRESSURE DATA]
TOTAL FM JAN 1 53 HIGHEST SLP M ON M
DPTR FM NORMAL 21 LOWEST SLP 29.42 ON 25
[REMARKS]
#FINAL-03-24#