000
CXUS54 KFWD 010730
CF6DTO
PRELIMINARY LOCAL CLIMATOLOGICAL DATA (WS FORM: F-6)
STATION: DENTON
MONTH: OCTOBER
YEAR: 2021
LATITUDE: 33 12 N
LONGITUDE: 97 12 W
TEMPERATURE IN F: :PCPN: SNOW: WIND :SUNSHINE: SKY :PK WND
================================================================================
1 2 3 4 5 6A 6B 7 8 9 10 11 12 13 14 15 16 17 18
12Z AVG MX 2MIN
DY MAX MIN AVG DEP HDD CDD WTR SNW DPTH SPD SPD DIR MIN PSBL S-S WX SPD DR
================================================================================
1 81 66 74 3 0 9 T M M 4.1 12 110 M M 3 1 16 340
2 86 62 74 4 0 9 0.00 M M 4.7 15 290 M M 6 1 20 310
3 87 57 72 2 0 7 0.00 M M 4.3 15 320 M M 0 1 21 320
4 90 52 71 1 0 6 0.00 M M 5.1 20 30 M M 0 32 360
5 87 51 69 0 0 4 0.00 M M 5.9 14 20 M M 0 19 30
6 88 49 69 0 0 4 0.00 M M 2.7 10 10 M M 0 17 30
7 92 52 72 3 0 7 0.00 M M 6.1 17 150 M M 0 24 160
8 94 64 79 11 0 14 0.00 M M 11.7 22 200 M M 0 30 180
9 93 64 79 11 0 14 0.00 M M 13.0 23 180 M M 0 31 180
10 92 64 78 11 0 13 0.33 M M 17.7 39 250 M M 4 13 54 250
11 83 56 70 3 0 5 0.00 M M 4.3 18 290 M M 1 30 270
12 84 54 69 2 0 4 T M M 11.1 23 180 M M 7 32 160
13 80 61 71 5 0 6 1.70 M M 11.5 24 180 M M 9 13 35 300
14 82 67 75 9 0 10 0.00 M M 7.0 16 210 M M 6 1 23 200
15 75 48 62 -4 3 0 0.00 M M 10.3 25 340 M M 3 1 33 340
16 74 41 58 -7 7 0 0.00 M M 5.0 18 350 M M 0 27 20
17 75 40 58 -7 7 0 0.00 M M 2.0 10 170 M M 0 16 220
18 76 40 58 -6 7 0 0.00 M M 6.8 18 160 M M 0 24 170
19 81 59 70 6 0 5 0.00 M M 12.3 23 150 M M 0 30 150
20 85 62 74 10 0 9 0.00 M M 8.1 17 200 M M 6 23 180
21 82 55 69 6 0 4 0.00 M M 6.0 13 40 M M 2 18 50
22 84 52 68 5 0 3 0.00 M M 5.3 14 150 M M 1 19 160
23 87 62 75 13 0 10 0.00 M M 13.4 24 170 M M 1 33 170
24 87 62 75 13 0 10 T M M 14.4 24 190 M M 3 3 33 190
25 85 51 68 6 0 3 0.00 M M 5.5 13 110 M M 0 17 80
26 86 67 77 16 0 12 0.00 M M 15.1 29 160 M M 4 1 38 150
27 78 55 67 6 0 2 0.83 M M 11.6 51 240 M M 6 138 85 240
28 72 55 64 3 1 0 0.00 M M 21.6 36 320 M M 1 54 300
29 72 41 57 -3 8 0 0.00 M M 14.5 30 340 M M 0 42 320
30 76 33 55 -5 10 0 0.00 M M 2.3 9 130 M M 0 8 13 260
31 79 42 61 1 4 0 0.00 M M 5.3 14 100 M M 0 20 90
================================================================================
SM 2573 1684 47 170 2.86 M 268.7 M 63
================================================================================
AV 83.0 54.3 8.7 FASTST M M 2 MAX(MPH)
MISC ----> 51 240 85 240
================================================================================
NOTES:
# LAST OF SEVERAL OCCURRENCES
COLUMN 17 PEAK WIND IN M.P.H.
PRELIMINARY LOCAL CLIMATOLOGICAL DATA (WS FORM: F-6) , PAGE 2
STATION: DENTON
MONTH: OCTOBER
YEAR: 2021
LATITUDE: 33 12 N
LONGITUDE: 97 12 W
[TEMPERATURE DATA] [PRECIPITATION DATA] SYMBOLS USED IN COLUMN 16
AVERAGE MONTHLY: 68.7 TOTAL FOR MONTH: 2.86 1 = FOG OR MIST
DPTR FM NORMAL: 3.5 DPTR FM NORMAL: -1.31 2 = FOG REDUCING VISIBILITY
HIGHEST: 94 ON 8 GRTST 24HR 1.70 ON 13-13 TO 1/4 MILE OR LESS
LOWEST: 33 ON 30 3 = THUNDER
SNOW, ICE PELLETS, HAIL 4 = ICE PELLETS
TOTAL MONTH: M 5 = HAIL
GRTST 24HR M ON M 6 = FREEZING RAIN OR DRIZZLE
GRTST DEPTH: M ON M 7 = DUSTSTORM OR SANDSTORM:
VSBY 1/2 MILE OR LESS
8 = SMOKE OR HAZE
[NO. OF DAYS WITH] [WEATHER - DAYS WITH] 9 = BLOWING SNOW
X = TORNADO
MAX 32 OR BELOW: 0 0.01 INCH OR MORE: 3
MAX 90 OR ABOVE: 5 0.10 INCH OR MORE: 3
MIN 32 OR BELOW: 0 0.50 INCH OR MORE: 2
MIN 0 OR BELOW: 0 1.00 INCH OR MORE: 1
[HDD (BASE 65) ]
TOTAL THIS MO. 47 CLEAR (SCALE 0-3) 21
DPTR FM NORMAL -60 PTCLDY (SCALE 4-7) 9
TOTAL FM JUL 1 47 CLOUDY (SCALE 8-10) 1
DPTR FM NORMAL -67
[CDD (BASE 65) ]
TOTAL THIS MO. 170
DPTR FM NORMAL 58 [PRESSURE DATA]
TOTAL FM JAN 1 2388 HIGHEST SLP M ON M
DPTR FM NORMAL -66 LOWEST SLP 29.47 ON 10
[REMARKS]
#FINAL-10-21#