000
CXUS51 KPBZ 010730
CF6DUJ
PRELIMINARY LOCAL CLIMATOLOGICAL DATA (WS FORM: F-6)
STATION: DUBOIS PA
MONTH: SEPTEMBER
YEAR: 2021
LATITUDE: 41 10 N
LONGITUDE: 78 54 W
TEMPERATURE IN F: :PCPN: SNOW: WIND :SUNSHINE: SKY :PK WND
================================================================================
1 2 3 4 5 6A 6B 7 8 9 10 11 12 13 14 15 16 17 18
12Z AVG MX 2MIN
DY MAX MIN AVG DEP HDD CDD WTR SNW DPTH SPD SPD DIR MIN PSBL S-S WX SPD DR
================================================================================
1 66 55 61 -5 4 0 0.24 M M 9.7 18 30 M M 9 1 23 360
2 72 50 61 -4 4 0 0.00 M M 6.5 16 360 M M 0 27 340
3 71 47 59 -6 6 0 0.00 M M 4.3 12 10 M M 0 15 40
4 77 52 65 0 0 0 0.00 M M 3.9 12 220 M M 3 19 240
5 72 56 64 0 1 0 0.48 M M 4.0 13 250 M M 6 1 16 260
6 74 53 64 0 1 0 0.00 M M 7.6 21 270 M M 0 1 30 250
7 79 48 64 0 1 0 0.00 M M 2.9 17 230 M M 0 23 M
8 71 55 63 -1 2 0 0.15 M M 7.6 25 270 M M 1 32 270
9 72 51 62 -1 3 0 0.00 M M 7.3 18 300 M M M 1 25 280
10 70 51 61 -2 4 0 0.00 M M 5.7 16 260 M M 1 20 290
11 73 46 60 -3 5 0 0.00 M M 1.2 18 230 M M 0 1 25 230
12 79 63 71 9 0 6 0.00 M M 12.7 18 240 M M 5 26 230
13 79 64 72 10 0 7 0.15 M M 7.6 18 240 M M 7 13 25 240
14 81 64 73 11 0 8 0.00 M M 6.7 15 240 M M 3 12 22 230
15 74 59 67 6 0 2 0.06 M M 6.0 16 310 M M 6 13 25 310
16 72 54 63 2 2 0 0.00 M M 6.0 10 120 M M 6 12 14 100
17 80 65 73 12 0 8 0.34 M M 5.5 12 130 M M 7 1 15 130
18 80 61 71 11 0 6 0.04 M M 3.7 12 360 M M 3 1 16 300
19 77 53 65 5 0 0 0.00 M M 4.6 9 70 M M 3 12 12 80
20 78 54 66 6 0 1 0.00 M M 9.1 15 130 M M 3 22 130
21 74 60 67 8 0 2 0.33 M M 8.2 16 130 M M 5 1 21 140
22 72 59 66 7 0 1 1.41 M M 10.6 23 230 M M 10 1 32 230
23 60 50 55 -3 10 0 0.16 M M 8.8 18 230 M M 9 1 27 220
24 69 47 58 0 7 0 0.00 M M 9.4 22 240 M M 2 30 230
25 68 45 57 -1 8 0 0.05 M M 5.8 16 230 M M 3 1 22 210
26 68 43 56 -1 9 0 0.00 M M 9.2 22 260 M M 2 1 29 270
27 75 54 65 8 0 0 0.01 M M 12.1 22 230 M M 1 29 210
28 72 52 62 6 3 0 0.01 M M 8.1 16 310 M M 5 3 21 310
29 67 47 57 1 8 0 0.00 M M 4.8 14 300 M M 2 18 330
30 63 42 53 -3 12 0 0.00 M M 5.2 15 20 M M 3 19 20
================================================================================
SM 2185 1600 90 41 3.43 M 204.8 M 105
================================================================================
AV 72.8 53.3 6.8 FASTST M M 4 MAX(MPH)
MISC ----> 25 270 # 32 270
================================================================================
NOTES:
# LAST OF SEVERAL OCCURRENCES
COLUMN 17 PEAK WIND IN M.P.H.
PRELIMINARY LOCAL CLIMATOLOGICAL DATA (WS FORM: F-6) , PAGE 2
STATION: DUBOIS PA
MONTH: SEPTEMBER
YEAR: 2021
LATITUDE: 41 10 N
LONGITUDE: 78 54 W
[TEMPERATURE DATA] [PRECIPITATION DATA] SYMBOLS USED IN COLUMN 16
AVERAGE MONTHLY: 63.1 TOTAL FOR MONTH: 3.43 1 = FOG OR MIST
DPTR FM NORMAL: 2.1 DPTR FM NORMAL: -0.53 2 = FOG REDUCING VISIBILITY
HIGHEST: 81 ON 14 GRTST 24HR 1.56 ON 22-23 TO 1/4 MILE OR LESS
LOWEST: 42 ON 30 3 = THUNDER
SNOW, ICE PELLETS, HAIL 4 = ICE PELLETS
TOTAL MONTH: M 5 = HAIL
GRTST 24HR M ON M 6 = FREEZING RAIN OR DRIZZLE
GRTST DEPTH: M ON M 7 = DUSTSTORM OR SANDSTORM:
VSBY 1/2 MILE OR LESS
8 = SMOKE OR HAZE
[NO. OF DAYS WITH] [WEATHER - DAYS WITH] 9 = BLOWING SNOW
X = TORNADO
MAX 32 OR BELOW: 0 0.01 INCH OR MORE: 13
MAX 90 OR ABOVE: 0 0.10 INCH OR MORE: 8
MIN 32 OR BELOW: 0 0.50 INCH OR MORE: 1
MIN 0 OR BELOW: 0 1.00 INCH OR MORE: 1
[HDD (BASE 65) ]
TOTAL THIS MO. 90 CLEAR (SCALE 0-3) 17
DPTR FM NORMAL -69 PTCLDY (SCALE 4-7) 9
TOTAL FM JUL 1 102 CLOUDY (SCALE 8-10) 4
DPTR FM NORMAL -109
[CDD (BASE 65) ]
TOTAL THIS MO. 41
DPTR FM NORMAL 2 [PRESSURE DATA]
TOTAL FM JAN 1 658 HIGHEST SLP 30.26 ON 30
DPTR FM NORMAL 248 LOWEST SLP 29.66 ON 22
[REMARKS]
#FINAL-09-21#