000
CXUS53 KFGF 010815
CF6DVL
PRELIMINARY LOCAL CLIMATOLOGICAL DATA (WS FORM: F-6)
STATION: DEVILS LAKE ND
MONTH: JUNE
YEAR: 2022
LATITUDE: 48 7 N
LONGITUDE: 98 54 W
TEMPERATURE IN F: :PCPN: SNOW: WIND :SUNSHINE: SKY :PK WND
================================================================================
1 2 3 4 5 6A 6B 7 8 9 10 11 12 13 14 15 16 17 18
12Z AVG MX 2MIN
DY MAX MIN AVG DEP HDD CDD WTR SNW DPTH SPD SPD DIR MIN PSBL S-S WX SPD DR
================================================================================
1 68 43 56 -4 9 0 0.00 M M 14.7 24 280 M M 0 33 280
2 68 44 56 -5 9 0 0.00 M M 16.4 32 290 M M 1 40 300
3 71 39 55 -6 10 0 0.00 M M 8.4 15 310 M M 0 23 300
4 72 43 58 -3 7 0 0.00 M M 4.5 14 100 M M 0 20 100
5 67 47 57 -5 8 0 0.00 M M 13.5 22 50 M M 2 27 50
6 68 45 57 -5 8 0 0.00 M M 10.5 17 70 M M 1 24 70
7 70 49 60 -2 5 0 T M M 4.9 9 100 M M 6 M M
8 72 52 62 0 3 0 T M M 5.1 14 20 M M 4 M M
9 77 47 62 0 3 0 T M M 5.7 17 10 M M 3 12 21 10
10 74 52 63 0 2 0 0.09 M M 6.2 13 180 M M 5 13 29 180
11 76 59 68 5 0 3 0.12 M M 5.1 12 170 M M 6 M M
12 82 62 72 9 0 7 T M M 10.2 16 270 M M 2 18 21 280
13 82 61 72 9 0 7 0.38 M M 10.2 39 280 M M 6 13 45 280
14 74 57 66 3 0 1 0.51 M M 11.5 24 70 M M 5 13 45 40
15 70 57 64 0 1 0 0.02 M M 20.8 35 210 M M 4 44 210
16 73 55 64 0 1 0 0.02 M M 17.3 23 260 M M 3 32 290
17 79 51 65 1 0 0 0.00 M M 8.9 20 100 M M 0 1 24 100
18 87 65 76 12 0 11 0.00 M M 21.2 28 140 M M 1 40 140
19 96 73 85 21 0 20 T M M 14.1 22 180 M M 0 30 160
20 82 67 75 11 0 10 0.17 M M 9.7 30 250 M M 4 1 41 240
21 73 60 67 3 0 2 0.01 M M 18.8 29 260 M M 4 40 280
22 82 56 69 4 0 4 0.01 M M 9.4 14 220 M M 0 M M
23 91 64 78 13 0 13 0.00 M M 8.7 14 190 M M 0 M M
24 86 63 75 10 0 10 1.63 M M 9.9 23 320 M M 3 13 35 320
25 64 53 59 -6 6 0 T M M 22.2 31 270 M M 8 44 280
26 74 51 63 -2 2 0 T M M 13.5 20 320 M M 2 24 320
27 80 58 69 4 0 4 0.00 M M 10.5 16 260 M M 1 20 230
28 65 55 60 -6 5 0 0.11 M M 6.1 10 60 M M 4 M M
29 79 57 68 2 0 3 0.04 M M 12.6 30 140 M M 2 41 150
30 73 59 66 0 0 1 0.04 M M 14.0 23 300 M M 3 29 300
================================================================================
SM 2275 1644 79 96 3.15 M 344.7 M 80
================================================================================
AV 75.8 54.8 11.5 FASTST M M 3 MAX(MPH)
MISC ----> 39 280 45 280
================================================================================
NOTES:
# LAST OF SEVERAL OCCURRENCES
COLUMN 17 PEAK WIND IN M.P.H.
PRELIMINARY LOCAL CLIMATOLOGICAL DATA (WS FORM: F-6) , PAGE 2
STATION: DEVILS LAKE ND
MONTH: JUNE
YEAR: 2022
LATITUDE: 48 7 N
LONGITUDE: 98 54 W
[TEMPERATURE DATA] [PRECIPITATION DATA] SYMBOLS USED IN COLUMN 16
AVERAGE MONTHLY: 65.3 TOTAL FOR MONTH: 3.15 1 = FOG OR MIST
DPTR FM NORMAL: 1.8 DPTR FM NORMAL: -0.61 2 = FOG REDUCING VISIBILITY
HIGHEST: 96 ON 19 GRTST 24HR 1.63 ON 24-24 TO 1/4 MILE OR LESS
LOWEST: 39 ON 3 3 = THUNDER
SNOW, ICE PELLETS, HAIL 4 = ICE PELLETS
TOTAL MONTH: M 5 = HAIL
GRTST 24HR M ON M 6 = FREEZING RAIN OR DRIZZLE
GRTST DEPTH: M ON M 7 = DUSTSTORM OR SANDSTORM:
VSBY 1/2 MILE OR LESS
8 = SMOKE OR HAZE
[NO. OF DAYS WITH] [WEATHER - DAYS WITH] 9 = BLOWING SNOW
X = TORNADO
MAX 32 OR BELOW: 0 0.01 INCH OR MORE: 13
MAX 90 OR ABOVE: 2 0.10 INCH OR MORE: 6
MIN 32 OR BELOW: 0 0.50 INCH OR MORE: 2
MIN 0 OR BELOW: 0 1.00 INCH OR MORE: 1
[HDD (BASE 65) ]
TOTAL THIS MO. 79 CLEAR (SCALE 0-3) 18
DPTR FM NORMAL 3 PTCLDY (SCALE 4-7) 12
TOTAL FM JUL 1 9684 CLOUDY (SCALE 8-10) 0
DPTR FM NORMAL 93
[CDD (BASE 65) ]
TOTAL THIS MO. 96
DPTR FM NORMAL 67 [PRESSURE DATA]
TOTAL FM JAN 1 101 HIGHEST SLP M ON M
DPTR FM NORMAL 68 LOWEST SLP M ON M
[REMARKS]
#FINAL-06-22#