000
CXUS54 KHGX 011410
CF6DWH
PRELIMINARY LOCAL CLIMATOLOGICAL DATA (WS FORM: F-6)
STATION: HOUSTON/D.W._HOOKS
MONTH: JULY
YEAR: 2022
LATITUDE: 30 4 N
LONGITUDE: 95 33 W
TEMPERATURE IN F: :PCPN: SNOW: WIND :SUNSHINE: SKY :PK WND
================================================================================
1 2 3 4 5 6A 6B 7 8 9 10 11 12 13 14 15 16 17 18
12Z AVG MX 2MIN
DY MAX MIN AVG DEP HDD CDD WTR SNW DPTH SPD SPD DIR MIN PSBL S-S WX SPD DR
================================================================================
1 89 76 83 -1 0 18 0.01 0.0 0 4.4 9 110 M M 6 1 14 70
2 97 76 87 3 0 22 T 0.0 0 6.6 15 190 M M 3 1 25 190
3 100 76 88 4 0 23 0.00 0.0 0 6.3 17 120 M M 2 25 140
4 101 78 90 6 0 25 0.00 0.0 0 5.8 13 220 M M 2 22 130
5 101 78 90 6 0 25 0.00 0.0 0 6.6 15 120 M M 3 25 130
6 99 74 87 3 0 22 0.00 0.0 0 6.1 15 130 M M 1 21 120
7 100 75 88 4 0 23 0.00 0.0 0 4.7 16 130 M M 3 27 150
8 102 75 89 5 0 24 0.00 0.0 0 5.2 13 200 M M 2 18 21 150
9 104 80 92 8 0 27 0.00 0.0 0 6.5 14 200 M M 2 20 250
10 107 81 94 10 0 29 T 0.0 0 7.0 20 130 M M 3 3 33 120
11 105 82 94 10 0 29 0.00 0.0 0 6.4 14 200 M M 2 3 23 130
12 105 81 93 9 0 28 0.02 0.0 0 5.4 16 350 M M 3 3 25 350
13 105 77 91 7 0 26 0.00 0.0 0 4.4 16 130 M M 2 1 23 120
14 98 78 88 4 0 23 T 0.0 0 4.3 20 360 M M 3 3 29 360
15 95 75 85 1 0 20 0.00 0.0 0 4.6 18 200 M M 3 28 160
16 99 74 87 3 0 22 0.00 0.0 0 4.1 14 210 M M 3 22 210
17 103 76 90 6 0 25 0.00 0.0 0 6.6 15 200 M M 1 1 23 170
18 102 79 91 6 0 26 0.00 0.0 M 7.8 17 200 M M 2 28 190
19 103 80 92 7 0 27 0.00 0.0 0 9.3 17 190 M M 2 28 240
20 105 80 93 8 0 28 0.00 0.0 0 9.7 17 200 M M 3 26 210
21 103 77 90 5 0 25 0.00 0.0 0 5.5 16 120 M M 2 1 23 120
22 101 76 89 4 0 24 0.00 0.0 0 5.0 22 110 M M 3 13 32 110
23 100 74 87 2 0 22 0.00 0.0 0 4.9 17 200 M M 1 1 26 130
24 103 75 89 4 0 24 0.19 0.0 0 4.1 18 180 M M 3 13 31 200
25 102 76 89 4 0 24 0.00 0.0 0 4.9 16 140 M M 2 1 27 160
26 103 75 89 4 0 24 0.00 0.0 0 5.1 15 140 M M 2 26 120
27 99 75 87 2 0 22 0.19 0.0 0 5.0 17 190 M M 3 13 27 190
28 100 78 89 4 0 24 0.02 0.0 0 4.8 20 130 M M 2 3 31 120
29 99 74 87 2 0 22 0.00 0.0 0 4.8 14 150 M M 2 1 25 170
30 100 76 88 3 0 23 0.00 0.0 0 5.1 16 150 M M 1 13 25 160
31 102 75 89 4 0 24 0.00 0.0 0 5.3 16 130 M M 1 26 140
================================================================================
SM 3132 2382 0 750 0.43 0.0 176.3 M 73
================================================================================
AV101.0 76.8 5.7 FASTST M M 2 MAX(MPH)
MISC ----> 22 110 33 120
================================================================================
NOTES:
# LAST OF SEVERAL OCCURRENCES
COLUMN 17 PEAK WIND IN M.P.H.
PRELIMINARY LOCAL CLIMATOLOGICAL DATA (WS FORM: F-6) , PAGE 2
STATION: HOUSTON/D.W._HOOKS
MONTH: JULY
YEAR: 2022
LATITUDE: 30 4 N
LONGITUDE: 95 33 W
[TEMPERATURE DATA] [PRECIPITATION DATA] SYMBOLS USED IN COLUMN 16
AVERAGE MONTHLY: 88.9 TOTAL FOR MONTH: 0.43 1 = FOG OR MIST
DPTR FM NORMAL: 4.4 DPTR FM NORMAL: -3.30 2 = FOG REDUCING VISIBILITY
HIGHEST: 107 ON 10 GRTST 24HR 0.19 ON 24-24 TO 1/4 MILE OR LESS
LOWEST: 74 ON 29,23 3 = THUNDER
SNOW, ICE PELLETS, HAIL 4 = ICE PELLETS
TOTAL MONTH: 0.0 INCH 5 = HAIL
GRTST 24HR 0.0 6 = FREEZING RAIN OR DRIZZLE
GRTST DEPTH: 0 7 = DUSTSTORM OR SANDSTORM:
VSBY 1/2 MILE OR LESS
8 = SMOKE OR HAZE
[NO. OF DAYS WITH] [WEATHER - DAYS WITH] 9 = BLOWING SNOW
X = TORNADO
MAX 32 OR BELOW: 0 0.01 INCH OR MORE: 5
MAX 90 OR ABOVE: 30 0.10 INCH OR MORE: 2
MIN 32 OR BELOW: 0 0.50 INCH OR MORE: 0
MIN 0 OR BELOW: 0 1.00 INCH OR MORE: 0
[HDD (BASE 65) ]
TOTAL THIS MO. 0 CLEAR (SCALE 0-3) 29
DPTR FM NORMAL 0 PTCLDY (SCALE 4-7) 2
TOTAL FM JUL 1 0 CLOUDY (SCALE 8-10) 0
DPTR FM NORMAL 0
[CDD (BASE 65) ]
TOTAL THIS MO. 750
DPTR FM NORMAL 147 [PRESSURE DATA]
TOTAL FM JAN 1 2248 HIGHEST SLP 30.12 ON 31
DPTR FM NORMAL 455 LOWEST SLP 29.72 ON 11
[REMARKS]
#FINAL-07-22#