426
CXUS56 KOTX 010910
CF6EAT
PRELIMINARY LOCAL CLIMATOLOGICAL DATA (WS FORM: F-6)
STATION: WENATCHEE WA PANGBORN FIELD
MONTH: MARCH
YEAR: 2021
LATITUDE: 47 23 N
LONGITUDE: 120 12 W
TEMPERATURE IN F: :PCPN: SNOW: WIND :SUNSHINE: SKY :PK WND
================================================================================
1 2 3 4 5 6A 6B 7 8 9 10 11 12 13 14 15 16 17 18
12Z AVG MX 2MIN
DY MAX MIN AVG DEP HDD CDD WTR SNW DPTH SPD SPD DIR MIN PSBL S-S WX SPD DR
================================================================================
1 50 33 42 3 23 0 0.00 M M 1.3 7 350 M M 0 9 190
2 56 33 45 6 20 0 0.00 M M 5.8 21 290 M M 0 27 270
3 54 30 42 2 23 0 0.00 M M 6.9 15 300 M M 0 17 300
4 54 31 43 3 22 0 0.00 M M 5.6 14 140 M M 0 18 120
5 54 35 45 5 20 0 0.00 M M 5.8 29 300 M M 7 33 300
6 53 37 45 4 20 0 0.00 M M 6.2 14 250 M M 4 16 260
7 50 32 41 0 24 0 T M M 8.8 26 300 M M 3 29 310
8 46 27 37 -4 28 0 0.00 M M 6.5 12 290 M M 2 15 270
9 49 28 39 -3 26 0 0.00 M M 3.6 13 310 M M 3 14 300
10 48 29 39 -3 26 0 0.00 M M 5.7 18 280 M M 5 22 280
11 55 28 42 -1 23 0 0.00 M M 5.2 13 320 M M 0 14 280
12 56 29 43 0 22 0 0.00 M M 4.2 10 290 M M 0 12 320
13 57 31 44 1 21 0 0.00 M M 3.9 10 290 M M 0 12 150
14 48 32 40 -4 25 0 0.00 M M 5.4 20 310 M M 4 24 300
15 51 38 45 1 20 0 0.00 M M 14.2 22 310 M M 8 27 300
16 56 29 43 -1 22 0 0.00 M M 7.4 15 330 M M 1 21 330
17 56 31 44 -1 21 0 0.00 M M 4.3 12 150 M M 1 14 160
18 62 34 48 3 17 0 0.04 M M 7.9 32 310 M M 4 1 39 310
19 55 35 45 0 20 0 T M M 5.6 17 280 M M 3 24 280
20 55 34 45 -1 20 0 0.00 M M 6.2 25 300 M M 1 30 300
21 50 35 43 -3 22 0 0.00 M M 9.2 21 270 M M 5 26 270
22 53 30 42 -4 23 0 0.00 M M 11.6 31 310 M M 1 37 310
23 58 35 47 0 18 0 0.00 M M 12.0 24 290 M M 0 27 300
24 55 41 48 1 17 0 0.00 M M 13.8 25 300 M M 3 29 310
25 54 41 48 1 17 0 0.00 M M 10.3 17 280 M M 7 18 300
26 61 37 49 2 16 0 0.00 M M 13.8 28 310 M M 0 35 310
27 64 39 52 4 13 0 0.00 M M 5.8 18 300 M M 0 21 300
28 62 31 47 -1 18 0 0.05 M M 12.7 40 280 M M 3 1 50 270
29 48 30 39 -9 26 0 0.01 M M 15.8 24 310 M M 1 1 38 290
30 55 29 42 -6 23 0 0.00 M M 7.1 17 320 M M 0 19 320
31 59 33 46 -2 19 0 0.00 M M 6.5 15 140 M M 0 19 130
================================================================================
SM 1684 1017 655 0 0.10 M 239.1 M 66
================================================================================
AV 54.3 32.8 7.7 FASTST M M 2 MAX(MPH)
MISC ----> 40 280 50 270
================================================================================
NOTES:
# LAST OF SEVERAL OCCURRENCES
COLUMN 17 PEAK WIND IN M.P.H.
PRELIMINARY LOCAL CLIMATOLOGICAL DATA (WS FORM: F-6) , PAGE 2
STATION: WENATCHEE WA PANGBORN FIELD
MONTH: MARCH
YEAR: 2021
LATITUDE: 47 23 N
LONGITUDE: 120 12 W
[TEMPERATURE DATA] [PRECIPITATION DATA] SYMBOLS USED IN COLUMN 16
AVERAGE MONTHLY: 43.6 TOTAL FOR MONTH: 0.10 1 = FOG OR MIST
DPTR FM NORMAL: -0.5 DPTR FM NORMAL: -0.54 2 = FOG REDUCING VISIBILITY
HIGHEST: 64 ON 27 GRTST 24HR 0.06 ON 28-29 TO 1/4 MILE OR LESS
LOWEST: 27 ON 8 3 = THUNDER
SNOW, ICE PELLETS, HAIL 4 = ICE PELLETS
TOTAL MONTH: M 5 = HAIL
GRTST 24HR M ON M 6 = FREEZING RAIN OR DRIZZLE
GRTST DEPTH: M ON M 7 = DUSTSTORM OR SANDSTORM:
VSBY 1/2 MILE OR LESS
8 = SMOKE OR HAZE
[NO. OF DAYS WITH] [WEATHER - DAYS WITH] 9 = BLOWING SNOW
X = TORNADO
MAX 32 OR BELOW: 0 0.01 INCH OR MORE: 3
MAX 90 OR ABOVE: 0 0.10 INCH OR MORE: 0
MIN 32 OR BELOW: 16 0.50 INCH OR MORE: 0
MIN 0 OR BELOW: 0 1.00 INCH OR MORE: 0
[HDD (BASE 65) ]
TOTAL THIS MO. 655 CLEAR (SCALE 0-3) 20
DPTR FM NORMAL 7 PTCLDY (SCALE 4-7) 11
TOTAL FM JUL 1 4886 CLOUDY (SCALE 8-10) 0
DPTR FM NORMAL -225
[CDD (BASE 65) ]
TOTAL THIS MO. 0
DPTR FM NORMAL -2 [PRESSURE DATA]
TOTAL FM JAN 1 0 HIGHEST SLP M ON M
DPTR FM NORMAL -2 LOWEST SLP 29.61 ON 28
[REMARKS]
#FINAL-03-21#