000
CXUS56 KOTX 010900
CF6EAT
PRELIMINARY LOCAL CLIMATOLOGICAL DATA (WS FORM: F-6)
STATION: WENATCHEE WA PANGBORN FIELD
MONTH: APRIL
YEAR: 2020
LATITUDE: 47 23 N
LONGITUDE: 120 12 W
TEMPERATURE IN F: :PCPN: SNOW: WIND :SUNSHINE: SKY :PK WND
================================================================================
1 2 3 4 5 6A 6B 7 8 9 10 11 12 13 14 15 16 17 18
12Z AVG MX 2MIN
DY MAX MIN AVG DEP HDD CDD WTR SNW DPTH SPD SPD DIR MIN PSBL S-S WX SPD DR
================================================================================
1 49 33 41 -8 24 0 0.00 M M 6.1 17 320 M M 6 21 340
2 49 27 38 -11 27 0 0.00 M M 6.0 15 290 M M 2 17 290
3 49 28 39 -10 26 0 0.00 M M 11.0 30 260 M M 3 38 260
4 50 30 40 -9 25 0 0.00 M M 4.0 15 150 M M 5 18 150
5 53 38 46 -4 19 0 0.00 M M 3.9 12 130 M M 8 15 150
6 64 37 51 1 14 0 0.00 M M 7.0 22 310 M M 0 25 300
7 67 44 56 6 9 0 0.00 M M 14.1 26 300 M M 0 32 300
8 67 36 52 2 13 0 0.00 M M 6.0 15 330 M M 0 20 340
9 73 40 57 7 8 0 0.00 M M 6.5 22 290 M M 0 26 290
10 74 53 64 14 1 0 0.00 M M 14.7 29 310 M M 0 37 320
11 62 42 52 1 13 0 T M M 9.1 28 30 M M 4 36 20
12 56 30 43 -8 22 0 0.00 M M 4.5 12 40 M M 3 16 40
13 63 31 47 -4 18 0 0.00 M M 7.5 20 310 M M 0 26 310
14 73 45 59 8 6 0 0.00 M M 15.1 25 310 M M 2 32 320
15 65 44 55 4 10 0 0.00 M M 9.6 29 70 M M 2 40 10
16 61 34 48 -4 17 0 0.00 M M 5.2 13 140 M M 0 16 130
17 72 34 53 1 12 0 0.00 M M 6.4 17 280 M M 1 22 280
18 68 51 60 8 5 0 0.00 M M 10.1 20 310 M M 6 3 23 300
19 71 46 59 7 6 0 0.00 M M 10.3 21 300 M M 1 24 300
20 74 43 59 7 6 0 0.00 M M 9.0 21 300 M M 0 25 300
21 69 48 59 6 6 0 0.00 M M 18.2 28 290 M M 0 34 290
22 54 47 51 -2 14 0 0.08 M M 5.9 17 330 M M 6 1 22 330
23 66 43 55 2 10 0 0.00 M M 13.8 29 310 M M 1 36 300
24 65 42 54 1 11 0 0.00 M M 5.9 12 310 M M 4 14 330
25 68 48 58 4 7 0 T M M 10.4 32 260 M M 3 44 280
26 65 43 54 0 11 0 0.00 M M 6.3 18 290 M M 1 21 290
27 67 46 57 3 8 0 0.00 M M 12.7 32 300 M M 3 43 300
28 66 42 54 0 11 0 0.00 M M 7.0 15 140 M M 0 8 18 140
29 75 49 62 7 3 0 0.00 M M 6.3 18 270 M M 1 8 29 270
30 64 48 56 1 9 0 0.00 M M 16.1 31 310 M M 0 38 320
================================================================================
SM 1919 1222 371 0 0.08 M 268.7 M 62
================================================================================
AV 64.0 40.7 9.0 FASTST M M 2 MAX(MPH)
MISC ----> # 32 260 # 44 280
================================================================================
NOTES:
# LAST OF SEVERAL OCCURRENCES
COLUMN 17 PEAK WIND IN M.P.H.
PRELIMINARY LOCAL CLIMATOLOGICAL DATA (WS FORM: F-6) , PAGE 2
STATION: WENATCHEE WA PANGBORN FIELD
MONTH: APRIL
YEAR: 2020
LATITUDE: 47 23 N
LONGITUDE: 120 12 W
[TEMPERATURE DATA] [PRECIPITATION DATA] SYMBOLS USED IN COLUMN 16
AVERAGE MONTHLY: 52.4 TOTAL FOR MONTH: 0.08 1 = FOG OR MIST
DPTR FM NORMAL: 0.8 DPTR FM NORMAL: -0.38 2 = FOG REDUCING VISIBILITY
HIGHEST: 75 ON 29 GRTST 24HR 0.08 ON 22-22 TO 1/4 MILE OR LESS
LOWEST: 27 ON 2 3 = THUNDER
SNOW, ICE PELLETS, HAIL 4 = ICE PELLETS
TOTAL MONTH: M 5 = HAIL
GRTST 24HR M ON M 6 = FREEZING RAIN OR DRIZZLE
GRTST DEPTH: M ON M 7 = DUSTSTORM OR SANDSTORM:
VSBY 1/2 MILE OR LESS
8 = SMOKE OR HAZE
[NO. OF DAYS WITH] [WEATHER - DAYS WITH] 9 = BLOWING SNOW
X = TORNADO
MAX 32 OR BELOW: 0 0.01 INCH OR MORE: 1
MAX 90 OR ABOVE: 0 0.10 INCH OR MORE: 0
MIN 32 OR BELOW: 5 0.50 INCH OR MORE: 0
MIN 0 OR BELOW: 0 1.00 INCH OR MORE: 0
[HDD (BASE 65) ]
TOTAL THIS MO. 371 CLEAR (SCALE 0-3) 23
DPTR FM NORMAL -33 PTCLDY (SCALE 4-7) 7
TOTAL FM JUL 1 5476 CLOUDY (SCALE 8-10) 0
DPTR FM NORMAL -40
[CDD (BASE 65) ]
TOTAL THIS MO. 0
DPTR FM NORMAL -36 [PRESSURE DATA]
TOTAL FM JAN 1 0 HIGHEST SLP 0.00 ON 28
DPTR FM NORMAL -38 LOWEST SLP 29.57 ON M
[REMARKS]
#FINAL-04-20#