000
CXUS55 KEAX 010736
CF6EAX
PRELIMINARY LOCAL CLIMATOLOGICAL DATA (WS FORM: F-6)
STATION: PLEASANT HILL NWS MO
MONTH: SEPTEMBER
YEAR: 2020
LATITUDE: 38 48 N
LONGITUDE: 94 16 W
TEMPERATURE IN F: :PCPN: SNOW: WIND :SUNSHINE: SKY :PK WND
================================================================================
1 2 3 4 5 6A 6B 7 8 9 10 11 12 13 14 15 16 17 18
12Z AVG MX 2MIN
DY MAX MIN AVG DEP HDD CDD WTR SNW DPTH SPD SPD DIR MIN PSBL S-S WX SPD DR
================================================================================
1 83 66 75 1 0 10 0.00 0.0 0 M M M M M M M M
2 85 67 76 2 0 11 0.00 0.0 0 M M M M M M M M
3 85 63 74 1 0 9 0.00 0.0 0 M M M M M M M M
4 82 56 69 -4 0 4 0.00 0.0 0 M M M M M M M M
5 89 65 77 5 0 12 0.05 0.0 0 M M M M M M M M
6 90 71 81 9 0 16 0.00 0.0 0 M M M M M M M M
7 91 69 80 8 0 15 0.00 0.0 0 M M M M M M M M
8 76 53 65 -6 0 0 0.13 0.0 0 M M M M M M M M
9 61 50 56 -15 9 0 0.44 0.0 0 M M M M M M M M
10 58 53 56 -15 9 0 1.81 0.0 0 M M M M M M M M
11 63 54 59 -11 6 0 0.19 0.0 0 M M M M M M M M
12 75 60 68 -2 0 3 0.01 0.0 0 M M M M M M M M
13 75 58 67 -2 0 2 0.00 0.0 0 M M M M M M M M
14 79 57 68 -1 0 3 0.00 0.0 0 M M M M M M M M
15 80 58 69 1 0 4 0.00 0.0 0 M M M M M M M M
16 81 61 71 3 0 6 0.00 0.0 0 M M M M M M M M
17 73 57 65 -3 0 0 0.00 0.0 0 M M M M M M M M
18 72 53 63 -4 2 0 0.00 0.0 0 M M M M M M M M
19 71 51 61 -6 4 0 0.00 0.0 0 M M M M M M M M
20 74 49 62 -4 3 0 0.00 0.0 0 M M M M M M M M
21 77 52 65 -1 0 0 0.00 0.0 0 M M M M M M M M
22 75 56 66 0 0 1 0.00 0.0 0 M M M M M M M M
23 76 62 69 4 0 4 0.00 0.0 0 M M M M M M M M
24 79 54 67 2 0 2 0.00 0.0 0 M M M M M M M M
25 84 56 70 6 0 5 0.00 0.0 M M M M M M 0 M M
26 86 62 74 10 0 9 0.00 0.0 0 M M M M M M M M
27 69 51 60 -3 5 0 1.34 0.0 0 M M M M M M M M
28 66 48 57 -6 8 0 0.00 0.0 0 M M M M M M M M
29 70 45 58 -5 7 0 0.00 0.0 0 M M M M M M M M
30 74 53 64 2 1 0 0.00 0.0 0 M M M M M M M M
================================================================================
SM 2299 1710 54 116 3.97 0.0 M M 0
================================================================================
AV 76.6 57.0 M FASTST M M 0 MAX(MPH)
MISC ----> M M M M
================================================================================
NOTES:
# LAST OF SEVERAL OCCURRENCES
COLUMN 17 PEAK WIND IN M.P.H.
PRELIMINARY LOCAL CLIMATOLOGICAL DATA (WS FORM: F-6) , PAGE 2
STATION: PLEASANT HILL NWS MO
MONTH: SEPTEMBER
YEAR: 2020
LATITUDE: 38 48 N
LONGITUDE: 94 16 W
[TEMPERATURE DATA] [PRECIPITATION DATA] SYMBOLS USED IN COLUMN 16
AVERAGE MONTHLY: 66.8 TOTAL FOR MONTH: 3.97 1 = FOG OR MIST
DPTR FM NORMAL: -1.4 DPTR FM NORMAL: -1.01 2 = FOG REDUCING VISIBILITY
HIGHEST: 91 ON 7 GRTST 24HR 1.81 ON 10-10 TO 1/4 MILE OR LESS
LOWEST: 45 ON 29 3 = THUNDER
SNOW, ICE PELLETS, HAIL 4 = ICE PELLETS
TOTAL MONTH: 0.0 INCH 5 = HAIL
GRTST 24HR 0.0 6 = FREEZING RAIN OR DRIZZLE
GRTST DEPTH: 0 7 = DUSTSTORM OR SANDSTORM:
VSBY 1/2 MILE OR LESS
8 = SMOKE OR HAZE
[NO. OF DAYS WITH] [WEATHER - DAYS WITH] 9 = BLOWING SNOW
X = TORNADO
MAX 32 OR BELOW: 0 0.01 INCH OR MORE: 7
MAX 90 OR ABOVE: 2 0.10 INCH OR MORE: 5
MIN 32 OR BELOW: 0 0.50 INCH OR MORE: 2
MIN 0 OR BELOW: 0 1.00 INCH OR MORE: 2
[HDD (BASE 65) ]
TOTAL THIS MO. 54 CLEAR (SCALE 0-3) 1
DPTR FM NORMAL -2 PTCLDY (SCALE 4-7) 0
TOTAL FM JUL 1 54 CLOUDY (SCALE 8-10) 29
DPTR FM NORMAL -4
[CDD (BASE 65) ]
TOTAL THIS MO. 116
DPTR FM NORMAL -36 [PRESSURE DATA]
TOTAL FM JAN 1 1250 HIGHEST SLP M ON M
DPTR FM NORMAL -23 LOWEST SLP M ON M
[REMARKS]
#FINAL-09-20#