000
CXUS55 KVEF 010910
CF6EED
PRELIMINARY LOCAL CLIMATOLOGICAL DATA (WS FORM: F-6)
STATION: NEEDLES CA
MONTH: NOVEMBER
YEAR: 2023
LATITUDE: 34 46 N
LONGITUDE: 114 37 W
TEMPERATURE IN F: :PCPN: SNOW: WIND :SUNSHINE: SKY :PK WND
================================================================================
1 2 3 4 5 6A 6B 7 8 9 10 11 12 13 14 15 16 17 18
12Z AVG MX 2MIN
DY MAX MIN AVG DEP HDD CDD WTR SNW DPTH SPD SPD DIR MIN PSBL S-S WX SPD DR
================================================================================
1 81 48 65 -5 0 0 0.00 M M 3.8 14 10 M M 0 18 20
2 81 47 64 -6 1 0 0.00 M M 4.0 10 240 M M 0 12 330
3 83 48 66 -3 0 1 0.00 M M 5.3 13 350 M M 0 16 330
4 85 49 67 -2 0 2 0.00 M M 4.8 12 340 M M 0 15 340
5 89 53 71 3 0 6 0.00 M M 4.7 13 220 M M 0 14 210
6 90 57 74 6 0 9 0.00 M M 6.6 16 200 M M 0 20 190
7 83 62 73 5 0 8 0.00 M M 9.0 22 280 M M 0 29 270
8 73 59 66 -1 0 1 0.00 M M 20.2 35 350 M M 0 45 360
9 73 58 66 -1 0 1 0.00 M M 17.8 30 360 M M 0 37 350
10 75 53 64 -2 1 0 0.00 M M 10.5 21 10 M M 0 26 360
11 78 48 63 -3 2 0 0.00 M M 8.2 16 10 M M 0 20 360
12 79 51 65 0 0 0 0.00 M M 6.6 15 350 M M 0 20 350
13 79 48 64 -1 1 0 0.00 M M 3.1 8 240 M M 0 10 20
14 81 52 67 3 0 2 0.00 M M 4.3 12 230 M M 0 13 230
15 74 54 64 0 1 0 T M M 4.0 15 190 M M 4 20 170
16 74 58 66 2 0 1 T M M 3.3 8 240 M M 5 10 20
17 76 54 65 2 0 0 0.00 M M 4.6 13 230 M M 1 26 180
18 77 54 66 3 0 1 0.02 M M 5.4 13 240 M M 2 15 240
19 76 56 66 4 0 1 0.00 M M 11.4 32 340 M M 0 43 340
20 68 55 62 0 3 0 0.00 M M 21.5 39 360 M M 0 52 10
21 72 53 63 2 2 0 0.00 M M 14.4 28 350 M M 0 37 340
22 73 50 62 1 3 0 0.00 M M 7.6 15 340 M M 0 19 350
23 71 50 61 1 4 0 0.00 M M 3.2 10 230 M M 0 17 180
24 69 50 60 0 5 0 0.00 M M 7.1 15 320 M M 0 20 330
25 63 47 55 -5 10 0 0.00 M M 14.6 29 350 M M 0 36 330
26 63 48 56 -3 9 0 0.00 M M 14.9 24 360 M M 0 33 10
27 65 50 58 -1 7 0 0.00 M M 13.6 29 360 M M 0 37 360
28 69 50 60 2 5 0 0.00 M M 9.6 18 360 M M 0 23 360
29 67 47 57 -1 8 0 0.00 M M 5.0 10 230 M M 5 14 20
30 65 45 55 -3 10 0 0.00 M M 4.3 12 190 M M 2 20 180
================================================================================
SM 2252 1554 72 33 0.02 M 253.4 M 19
================================================================================
AV 75.1 51.8 8.4 FASTST M M 1 MAX(MPH)
MISC ----> 39 360 52 10
================================================================================
NOTES:
# LAST OF SEVERAL OCCURRENCES
COLUMN 17 PEAK WIND IN M.P.H.
PRELIMINARY LOCAL CLIMATOLOGICAL DATA (WS FORM: F-6) , PAGE 2
STATION: NEEDLES CA
MONTH: NOVEMBER
YEAR: 2023
LATITUDE: 34 46 N
LONGITUDE: 114 37 W
[TEMPERATURE DATA] [PRECIPITATION DATA] SYMBOLS USED IN COLUMN 16
AVERAGE MONTHLY: 63.4 TOTAL FOR MONTH: 0.02 1 = FOG OR MIST
DPTR FM NORMAL: -0.4 DPTR FM NORMAL: -0.32 2 = FOG REDUCING VISIBILITY
HIGHEST: 90 ON 6 GRTST 24HR 0.02 ON 18-18 TO 1/4 MILE OR LESS
LOWEST: 45 ON 30 3 = THUNDER
SNOW, ICE PELLETS, HAIL 4 = ICE PELLETS
TOTAL MONTH: M 5 = HAIL
GRTST 24HR M ON M 6 = FREEZING RAIN OR DRIZZLE
GRTST DEPTH: M ON M 7 = DUSTSTORM OR SANDSTORM:
VSBY 1/2 MILE OR LESS
8 = SMOKE OR HAZE
[NO. OF DAYS WITH] [WEATHER - DAYS WITH] 9 = BLOWING SNOW
X = TORNADO
MAX 32 OR BELOW: 0 0.01 INCH OR MORE: 1
MAX 90 OR ABOVE: 1 0.10 INCH OR MORE: 0
MIN 32 OR BELOW: 0 0.50 INCH OR MORE: 0
MIN 0 OR BELOW: 0 1.00 INCH OR MORE: 0
[HDD (BASE 65) ]
TOTAL THIS MO. 72 CLEAR (SCALE 0-3) 27
DPTR FM NORMAL -33 PTCLDY (SCALE 4-7) 3
TOTAL FM JUL 1 77 CLOUDY (SCALE 8-10) 0
DPTR FM NORMAL -35
[CDD (BASE 65) ]
TOTAL THIS MO. 33
DPTR FM NORMAL -37 [PRESSURE DATA]
TOTAL FM JAN 1 4684 HIGHEST SLP M ON M
DPTR FM NORMAL -363 LOWEST SLP 29.66 ON 23
[REMARKS]
#FINAL-11-23#