000
CXUS55 KGJT 011959
CLMEEO
CLIMATE REPORT
NATIONAL WEATHER SERVICE GRAND JUNCTION CO
159 PM MDT SUN OCT 01 2023
...................................
...THE MEEKER CO CLIMATE SUMMARY FOR THE MONTH OF SEPTEMBER 2023...
CLIMATE NORMAL PERIOD 1991 TO 2020
CLIMATE RECORD PERIOD 9999 TO 9999
WEATHER OBSERVED NORMAL DEPART LAST YEAR`S
VALUE DATE(S) VALUE FROM VALUE DATE(S)
NORMAL
................................................................
TEMPERATURE (F)
HIGHEST 86 09/01 MM MM 95 09/04
LOWEST 26 09/24 MM MM 31 09/11
AVG. MAXIMUM 76.0 76.3 -0.3 78.8
AVG. MINIMUM 37.6 40.7 -3.1 41.4
MEAN 56.8 58.5 -1.7 60.1
DAYS MAX >= 90 0 0.4 -0.4 8
DAYS MAX <= 32 0 0.0 0.0 0
DAYS MIN <= 32 6 4.0 2.0 1
DAYS MIN <= 0 0 0.0 0.0 0
PRECIPITATION (INCHES)
TOTALS 0.57 1.68 -1.11 2.45
DAILY AVG. 0.02 0.06 -0.04 0.08
DAYS >= .01 4 8.3 -4.3 10
DAYS >= .10 2 4.3 -2.3 8
DAYS >= .50 0 1.1 -1.1 1
DAYS >= 1.00 0 0.2 -0.2 0
GREATEST
24 HR. TOTAL 0.28 09/04 TO 09/04 0.60
SNOWFALL (INCHES)
TOTALS MM MM MM MM
SINCE 7/1 MM MM MM MM
SNOWDEPTH AVG. MM MM
DAYS >= 1.0 MM MM MM MM
GREATEST
SNOW DEPTH MM MM MM
24 HR TOTAL MM MM
DEGREE DAYS
HEATING TOTAL 242 204 38 162
SINCE 7/1 258 238 20 174
COOLING TOTAL 3 9 -6 25
SINCE 1/1 187 244 -57 293
................................................................
WIND (MPH)
AVERAGE WIND SPEED 5.4
HIGHEST WIND SPEED/DIRECTION 32/190 DATE 09/30
HIGHEST GUST SPEED/DIRECTION 51/210 DATE 09/30
SKY COVER
POSSIBLE SUNSHINE (PERCENT) MM
AVERAGE SKY COVER 0.15
NUMBER OF DAYS FAIR 25
NUMBER OF DAYS PC 5
NUMBER OF DAYS CLOUDY 0
AVERAGE RH (PERCENT) 49
WEATHER CONDITIONS. NUMBER OF DAYS WITH
THUNDERSTORM 7 MIXED PRECIP 0
HEAVY RAIN 2 RAIN 2
LIGHT RAIN 9 FREEZING RAIN 0
LT FREEZING RAIN 0 HAIL 0
HEAVY SNOW 0 SNOW 0
LIGHT SNOW 0 SLEET 0
FOG 3 FOG W/VIS <= 1/4 MILE 1
HAZE 4
- INDICATES NEGATIVE NUMBERS.
R INDICATES RECORD WAS SET OR TIED.
MM INDICATES DATA IS MISSING.
T INDICATES TRACE AMOUNT.
$$