000
CXUS54 KBMX 281010
CF6EET
PRELIMINARY LOCAL CLIMATOLOGICAL DATA (WS FORM: F-6)
STATION: SHELBY COUNTY AIRPORT
MONTH: MARCH
YEAR: 2024
LATITUDE: 33 10 N
LONGITUDE: 86 47 W
TEMPERATURE IN F: :PCPN: SNOW: WIND :SUNSHINE: SKY :PK WND
================================================================================
1 2 3 4 5 6A 6B 7 8 9 10 11 12 13 14 15 16 17 18
12Z AVG MX 2MIN
DY MAX MIN AVG DEP HDD CDD WTR SNW DPTH SPD SPD DIR MIN PSBL S-S WX SPD DR
================================================================================
1 50 45 48 -5 17 0 0.65 0.0 0 4.4 13 100 M M 10 1 24 80
2 65 47 56 2 9 0 0.01 0.0 0 1.2 6 120 M M 6 1 9 110
3 68 50 59 5 6 0 T 0.0 0 1.2 8 150 M M 8 12 11 150
4 76 57 67 13 0 2 T 0.0 M 4.5 15 170 M M 6 1 20 170
5 67 61 64 10 1 0 0.02 0.0 0 3.7 13 90 M M 10 1 22 80
6 71 50 61 6 4 0 0.03 0.0 0 M M M M M 10 1 M M
7 76 48 62 7 3 0 0.00 0.0 0 1.1 8 140 M M 0 1 12 50
8 65 57 61 6 4 0 2.07 0.0 0 4.6 13 70 M M 7 13 22 50
9 68 49 59 4 6 0 0.01 M M 8.7 18 310 M M 9 1 29 350
10 62 40 51 -5 14 0 0.00 0.0 0 6.0 17 300 M M 1 26 310
11 65 37 51 -5 14 0 0.00 0.0 0 1.2 9 70 M M 0 8 15 70
12 72 39 56 0 9 0 0.00 0.0 0 2.0 9 200 M M 0 14 210
13 76 45 61 5 4 0 0.00 0.0 0 2.2 13 220 M M 1 20 210
14 82 52 67 11 0 2 0.00 0.0 0 4.0 13 170 M M 2 1 19 170
15 74 59 67 10 0 2 0.67 0.0 0 4.0 17 10 M M 8 13 31 10
16 67 54 61 4 4 0 0.00 0.0 0 4.6 9 310 M M 6 15 290
17 61 53 57 0 8 0 0.16 0.0 0 2.6 7 310 M M 7 1 11 260
18 58 38 48 -10 17 0 0.00 0.0 0 8.1 22 310 M M 1 32 350
19 59 30 45 -13 20 0 0.00 0.0 0 2.5 12 270 M M 0 8 17 310
20 72 36 54 -4 11 0 0.00 0.0 0 2.6 10 270 M M 0 8 18 200
21 74 45 60 2 5 0 0.00 0.0 0 1.5 10 150 M M 2 18 15 170
22 64 54 59 1 6 0 0.04 0.0 0 4.8 14 110 M M 7 18 23 150
23 67 50 59 0 6 0 0.12 0.0 0 8.1 16 360 M M 5 1 29 310
24 71 44 58 -1 7 0 0.00 0.0 0 6.4 16 160 M M 0 24 110
25 69 48 59 0 6 0 0.00 0.0 M 10.7 21 140 M M 7 32 130
26 70 53 62 3 3 0 1.16 0.0 M 4.7 18 150 M M 6 138 35 140
27 70 49 60 0 5 0 0.00 0.0 0 6.3 13 310 M M 0 19 310
================================================================================
SM 1839 1290 189 6 4.94 0.0 111.7 M 119
================================================================================
AV 68.1 47.8 4.3 FASTST M M 4 MAX(MPH)
MISC ----> 22 310 35 140
================================================================================
NOTES:
# LAST OF SEVERAL OCCURRENCES
COLUMN 17 PEAK WIND IN M.P.H.
PRELIMINARY LOCAL CLIMATOLOGICAL DATA (WS FORM: F-6) , PAGE 2
STATION: SHELBY COUNTY AIRPORT
MONTH: MARCH
YEAR: 2024
LATITUDE: 33 10 N
LONGITUDE: 86 47 W
[TEMPERATURE DATA] [PRECIPITATION DATA] SYMBOLS USED IN COLUMN 16
AVERAGE MONTHLY: 57.9 TOTAL FOR MONTH: 4.94 1 = FOG OR MIST
DPTR FM NORMAL: 1.4 DPTR FM NORMAL: 0.18 2 = FOG REDUCING VISIBILITY
HIGHEST: 82 ON 14 GRTST 24HR 2.08 ON 8- 9 TO 1/4 MILE OR LESS
LOWEST: 30 ON 19 3 = THUNDER
SNOW, ICE PELLETS, HAIL 4 = ICE PELLETS
TOTAL MONTH: 0.0 INCH 5 = HAIL
GRTST 24HR 0.0 6 = FREEZING RAIN OR DRIZZLE
GRTST DEPTH: 0 7 = DUSTSTORM OR SANDSTORM:
VSBY 1/2 MILE OR LESS
8 = SMOKE OR HAZE
[NO. OF DAYS WITH] [WEATHER - DAYS WITH] 9 = BLOWING SNOW
X = TORNADO
MAX 32 OR BELOW: 0 0.01 INCH OR MORE: 11
MAX 90 OR ABOVE: 0 0.10 INCH OR MORE: 6
MIN 32 OR BELOW: 1 0.50 INCH OR MORE: 4
MIN 0 OR BELOW: 0 1.00 INCH OR MORE: 2
[HDD (BASE 65) ]
TOTAL THIS MO. 189 CLEAR (SCALE 0-3) 12
DPTR FM NORMAL -59 PTCLDY (SCALE 4-7) 11
TOTAL FM JUL 1 2100 CLOUDY (SCALE 8-10) 4
DPTR FM NORMAL -134
[CDD (BASE 65) ]
TOTAL THIS MO. 6
DPTR FM NORMAL -9 [PRESSURE DATA]
TOTAL FM JAN 1 11 HIGHEST SLP M ON M
DPTR FM NORMAL -11 LOWEST SLP 29.69 ON 9
[REMARKS]